 {"version":"1.0","provider_name":"Arxius Oberts","provider_url":"https:\/\/arxiusoberts.gir.cat\/ca\/","title":"Grup de dues figures femenines - Arxius Oberts","type":"rich","width":600,"height":338,"html":"<blockquote class=\"wp-embedded-content\" data-secret=\"hZCRFX29Bu\"><a href=\"https:\/\/arxiusoberts.gir.cat\/ca\/arxiu\/grup-de-dues-figures-femenines\/\">Grup de dues figures femenines<\/a><\/blockquote><iframe sandbox=\"allow-scripts\" security=\"restricted\" src=\"https:\/\/arxiusoberts.gir.cat\/ca\/arxiu\/grup-de-dues-figures-femenines\/embed\/#?secret=hZCRFX29Bu\" width=\"600\" height=\"338\" title=\"&#8220;Grup de dues figures femenines&#8221; &#8212; Arxius Oberts\" data-secret=\"hZCRFX29Bu\" frameborder=\"0\" marginwidth=\"0\" marginheight=\"0\" scrolling=\"no\" class=\"wp-embedded-content\"><\/iframe><script type=\"text\/javascript\">\n\/* <![CDATA[ *\/\n\/*! This file is auto-generated *\/\n!function(d,l){\"use strict\";l.querySelector&&d.addEventListener&&\"undefined\"!=typeof URL&&(d.wp=d.wp||{},d.wp.receiveEmbedMessage||(d.wp.receiveEmbedMessage=function(e){var t=e.data;if((t||t.secret||t.message||t.value)&&!\/[^a-zA-Z0-9]\/.test(t.secret)){for(var s,r,n,a=l.querySelectorAll('iframe[data-secret=\"'+t.secret+'\"]'),o=l.querySelectorAll('blockquote[data-secret=\"'+t.secret+'\"]'),c=new RegExp(\"^https?:$\",\"i\"),i=0;i<o.length;i++)o[i].style.display=\"none\";for(i=0;i<a.length;i++)s=a[i],e.source===s.contentWindow&&(s.removeAttribute(\"style\"),\"height\"===t.message?(1e3<(r=parseInt(t.value,10))?r=1e3:~~r<200&&(r=200),s.height=r):\"link\"===t.message&&(r=new URL(s.getAttribute(\"src\")),n=new URL(t.value),c.test(n.protocol))&&n.host===r.host&&l.activeElement===s&&(d.top.location.href=t.value))}},d.addEventListener(\"message\",d.wp.receiveEmbedMessage,!1),l.addEventListener(\"DOMContentLoaded\",function(){for(var e,t,s=l.querySelectorAll(\"iframe.wp-embedded-content\"),r=0;r<s.length;r++)(t=(e=s[r]).getAttribute(\"data-secret\"))||(t=Math.random().toString(36).substring(2,12),e.src+=\"#?secret=\"+t,e.setAttribute(\"data-secret\",t)),e.contentWindow.postMessage({message:\"ready\",secret:t},\"*\")},!1)))}(window,document);\n\/* ]]> *\/\n<\/script>\n","thumbnail_url":"https:\/\/arxiusoberts.gir.cat\/wp-content\/uploads\/2021\/12\/https3A2F2Fcoeli-icub-hum.s3-eu-west-1.amazonaws.com2Fpublic2FHeritageObject2FH3072912Fa2bf095fb970f3dce7e64be622775d6b2Ffull2Foriginal2F02Fdefault.jpg","thumbnail_width":800,"thumbnail_height":800,"description":"Grup escult\u00f2ric format per dues figures femenines a les que els hi manquen el cap i una part dels bra\u00e7os. Porten uns mantells que cobreixen la part inferior del cos, mentre que el tors est\u00e0 nu. Estan representades en un conjunt rocos. Es pot possar en relaci\u00f3 amb l&#8217;estil &#8220;rococ\u00f3&#8221; hel\u00b7len\u00edstic del segle II aC., [&hellip;]"}

Grup escultòric format per dues figures femenines a les que els hi manquen el cap i una part dels braços. Porten uns mantells que cobreixen la part inferior del cos, mentre que el tors està nu. Estan representades en un conjunt rocos. Es pot possar en relació amb l&#8217;estil &#8220;rococó&#8221; hel·lenístic del segle II aC., [&hellip;]
