 {"version":"1.0","provider_name":"Arxius Oberts","provider_url":"https:\/\/arxiusoberts.gir.cat\/ca\/","title":"vestit - Arxius Oberts","type":"rich","width":600,"height":338,"html":"<blockquote class=\"wp-embedded-content\" data-secret=\"DVXdlntwGs\"><a href=\"https:\/\/arxiusoberts.gir.cat\/ca\/arxiu\/vestit\/\">vestit<\/a><\/blockquote><iframe sandbox=\"allow-scripts\" security=\"restricted\" src=\"https:\/\/arxiusoberts.gir.cat\/ca\/arxiu\/vestit\/embed\/#?secret=DVXdlntwGs\" width=\"600\" height=\"338\" title=\"&#8220;vestit&#8221; &#8212; Arxius Oberts\" data-secret=\"DVXdlntwGs\" frameborder=\"0\" marginwidth=\"0\" marginheight=\"0\" scrolling=\"no\" class=\"wp-embedded-content\"><\/iframe><script type=\"text\/javascript\">\n\/* <![CDATA[ *\/\n\/*! This file is auto-generated *\/\n!function(d,l){\"use strict\";l.querySelector&&d.addEventListener&&\"undefined\"!=typeof URL&&(d.wp=d.wp||{},d.wp.receiveEmbedMessage||(d.wp.receiveEmbedMessage=function(e){var t=e.data;if((t||t.secret||t.message||t.value)&&!\/[^a-zA-Z0-9]\/.test(t.secret)){for(var s,r,n,a=l.querySelectorAll('iframe[data-secret=\"'+t.secret+'\"]'),o=l.querySelectorAll('blockquote[data-secret=\"'+t.secret+'\"]'),c=new RegExp(\"^https?:$\",\"i\"),i=0;i<o.length;i++)o[i].style.display=\"none\";for(i=0;i<a.length;i++)s=a[i],e.source===s.contentWindow&&(s.removeAttribute(\"style\"),\"height\"===t.message?(1e3<(r=parseInt(t.value,10))?r=1e3:~~r<200&&(r=200),s.height=r):\"link\"===t.message&&(r=new URL(s.getAttribute(\"src\")),n=new URL(t.value),c.test(n.protocol))&&n.host===r.host&&l.activeElement===s&&(d.top.location.href=t.value))}},d.addEventListener(\"message\",d.wp.receiveEmbedMessage,!1),l.addEventListener(\"DOMContentLoaded\",function(){for(var e,t,s=l.querySelectorAll(\"iframe.wp-embedded-content\"),r=0;r<s.length;r++)(t=(e=s[r]).getAttribute(\"data-secret\"))||(t=Math.random().toString(36).substring(2,12),e.src+=\"#?secret=\"+t,e.setAttribute(\"data-secret\",t)),e.contentWindow.postMessage({message:\"ready\",secret:t},\"*\")},!1)))}(window,document);\n\/* ]]> *\/\n<\/script>\n","thumbnail_url":"https:\/\/arxiusoberts.gir.cat\/wp-content\/uploads\/2021\/12\/https3A2F2Fcoeli-icub-hum.s3-eu-west-1.amazonaws.com2Fpublic2FHeritageObject2FH6619142F7a3c0e719c4d8a38d7d71477354213522Ffull2Foriginal2F02Fdefault.jpg","thumbnail_width":560,"thumbnail_height":800,"description":"El present model \u00e9s una mica posterior a l\u2019MDB 32, ja que el vestit t\u00e9 una estructura una mica m\u00e9s complicada i menys lineal que la dels anys vint.nEst\u00e0 muntat al voltant d\u2019una franja vertical central, al davant i al darrere, que mostra un frunzit a l\u2019altura del bust. Presenta m\u00e0nigues bombades recollides en punys, [&hellip;]"}

El present model és una mica posterior a l’MDB 32, ja que el vestit té una estructura una mica més complicada i menys lineal que la dels anys vint.nEstà muntat al voltant d’una franja vertical central, al davant i al darrere, que mostra un frunzit a l’altura del bust. Presenta mànigues bombades recollides en punys, [&hellip;]
