 {"id":1493,"date":"2021-12-10T12:37:35","date_gmt":"2021-12-10T10:37:35","guid":{"rendered":"http:\/\/localhost\/arxiusoberts.cat\/ca\/?post_type=arxius&#038;p=1493"},"modified":"2022-02-03T19:32:55","modified_gmt":"2022-02-03T17:32:55","slug":"grup-de-dues-figures-femenines","status":"publish","type":"arxius","link":"https:\/\/arxiusoberts.gir.cat\/ca\/arxiu\/grup-de-dues-figures-femenines\/","title":{"rendered":"Grup de dues figures femenines"},"content":{"rendered":"<p>Grup escult\u00f2ric format per dues figures femenines a les que els hi manquen el cap i una part dels bra\u00e7os. Porten uns mantells que cobreixen la part inferior del cos, mentre que el tors est\u00e0 nu. Estan representades en un conjunt rocos. Es pot possar en relaci\u00f3 amb l&#8217;estil &#8220;rococ\u00f3&#8221; hel\u00b7len\u00edstic del segle II aC., que es caracteritz\u00e0 pel gust per les escenes bucoliques. Encara que el model pot ser d&#8217;aquesta \u00e8poc la realitzaci\u00f3 es clarament de l&#8217;epoca romana imperial. At\u00e8s la seva tem\u00e0tica i el fet que s&#8217;hagi de mirar frontalment fa pensar en un treball per l&#8217;\u00e0mbit privat. Respecte a la tem\u00e0tica, malgrat la p\u00e8rdua d&#8217;alguns elements claus como els caps, podem interpretar-les com imatges relacionades amb la mitologia cl\u00e0ssica, aix\u00ed per alguns s\u00f3n Ceres i la seva filla Proserpina i per uns altres son dues nimfes.<\/p>\n","protected":false},"featured_media":1494,"template":"","yoast_head":"<!-- This site is optimized with the Yoast SEO plugin v21.7 - https:\/\/yoast.com\/wordpress\/plugins\/seo\/ -->\n<title>Grup de dues figures femenines - Arxius Oberts<\/title>\n<meta name=\"robots\" content=\"index, follow, max-snippet:-1, max-image-preview:large, max-video-preview:-1\" \/>\n<link rel=\"canonical\" href=\"https:\/\/arxiusoberts.gir.cat\/ca\/arxiu\/grup-de-dues-figures-femenines\/\" \/>\n<meta property=\"og:locale\" content=\"ca_ES\" \/>\n<meta property=\"og:type\" content=\"article\" \/>\n<meta property=\"og:title\" content=\"Grup de dues figures femenines - Arxius Oberts\" \/>\n<meta property=\"og:description\" content=\"Grup escult\u00f2ric format per dues figures femenines a les que els hi manquen el cap i una part dels bra\u00e7os. Porten uns mantells que cobreixen la part inferior del cos, mentre que el tors est\u00e0 nu. Estan representades en un conjunt rocos. Es pot possar en relaci\u00f3 amb l&#8217;estil &#8220;rococ\u00f3&#8221; hel\u00b7len\u00edstic del segle II aC., [&hellip;]\" \/>\n<meta property=\"og:url\" content=\"https:\/\/arxiusoberts.gir.cat\/ca\/arxiu\/grup-de-dues-figures-femenines\/\" \/>\n<meta property=\"og:site_name\" content=\"Arxius Oberts\" \/>\n<meta property=\"article:modified_time\" content=\"2022-02-03T17:32:55+00:00\" \/>\n<meta property=\"og:image\" content=\"https:\/\/arxiusoberts.gir.cat\/wp-content\/uploads\/2021\/12\/https3A2F2Fcoeli-icub-hum.s3-eu-west-1.amazonaws.com2Fpublic2FHeritageObject2FH3072912Fa2bf095fb970f3dce7e64be622775d6b2Ffull2Foriginal2F02Fdefault.jpg\" \/>\n\t<meta property=\"og:image:width\" content=\"800\" \/>\n\t<meta property=\"og:image:height\" content=\"800\" \/>\n\t<meta property=\"og:image:type\" content=\"image\/jpeg\" \/>\n<meta name=\"twitter:card\" content=\"summary_large_image\" \/>\n<meta name=\"twitter:label1\" content=\"Temps estimat de lectura\" \/>\n\t<meta name=\"twitter:data1\" content=\"1 minut\" \/>\n<script type=\"application\/ld+json\" class=\"yoast-schema-graph\">{\"@context\":\"https:\/\/schema.org\",\"@graph\":[{\"@type\":\"WebPage\",\"@id\":\"https:\/\/arxiusoberts.gir.cat\/ca\/arxiu\/grup-de-dues-figures-femenines\/\",\"url\":\"https:\/\/arxiusoberts.gir.cat\/ca\/arxiu\/grup-de-dues-figures-femenines\/\",\"name\":\"Grup de dues figures femenines - Arxius Oberts\",\"isPartOf\":{\"@id\":\"https:\/\/arxiusoberts.gir.cat\/ca\/#website\"},\"datePublished\":\"2021-12-10T10:37:35+00:00\",\"dateModified\":\"2022-02-03T17:32:55+00:00\",\"breadcrumb\":{\"@id\":\"https:\/\/arxiusoberts.gir.cat\/ca\/arxiu\/grup-de-dues-figures-femenines\/#breadcrumb\"},\"inLanguage\":\"ca\",\"potentialAction\":[{\"@type\":\"ReadAction\",\"target\":[\"https:\/\/arxiusoberts.gir.cat\/ca\/arxiu\/grup-de-dues-figures-femenines\/\"]}]},{\"@type\":\"BreadcrumbList\",\"@id\":\"https:\/\/arxiusoberts.gir.cat\/ca\/arxiu\/grup-de-dues-figures-femenines\/#breadcrumb\",\"itemListElement\":[{\"@type\":\"ListItem\",\"position\":1,\"name\":\"Inici\",\"item\":\"https:\/\/arxiusoberts.gir.cat\/ca\/\"},{\"@type\":\"ListItem\",\"position\":2,\"name\":\"Grup de dues figures femenines\"}]},{\"@type\":\"WebSite\",\"@id\":\"https:\/\/arxiusoberts.gir.cat\/ca\/#website\",\"url\":\"https:\/\/arxiusoberts.gir.cat\/ca\/\",\"name\":\"Arxius Oberts\",\"description\":\"Narratives comunit\u00e0ries de Barcelona\",\"potentialAction\":[{\"@type\":\"SearchAction\",\"target\":{\"@type\":\"EntryPoint\",\"urlTemplate\":\"https:\/\/arxiusoberts.gir.cat\/ca\/?s={search_term_string}\"},\"query-input\":\"required name=search_term_string\"}],\"inLanguage\":\"ca\"}]}<\/script>\n<!-- \/ Yoast SEO plugin. -->","yoast_head_json":{"title":"Grup de dues figures femenines - Arxius Oberts","robots":{"index":"index","follow":"follow","max-snippet":"max-snippet:-1","max-image-preview":"max-image-preview:large","max-video-preview":"max-video-preview:-1"},"canonical":"https:\/\/arxiusoberts.gir.cat\/ca\/arxiu\/grup-de-dues-figures-femenines\/","og_locale":"ca_ES","og_type":"article","og_title":"Grup de dues figures femenines - Arxius Oberts","og_description":"Grup escult\u00f2ric format per dues figures femenines a les que els hi manquen el cap i una part dels bra\u00e7os. Porten uns mantells que cobreixen la part inferior del cos, mentre que el tors est\u00e0 nu. Estan representades en un conjunt rocos. Es pot possar en relaci\u00f3 amb l&#8217;estil &#8220;rococ\u00f3&#8221; hel\u00b7len\u00edstic del segle II aC., [&hellip;]","og_url":"https:\/\/arxiusoberts.gir.cat\/ca\/arxiu\/grup-de-dues-figures-femenines\/","og_site_name":"Arxius Oberts","article_modified_time":"2022-02-03T17:32:55+00:00","og_image":[{"width":800,"height":800,"url":"https:\/\/arxiusoberts.gir.cat\/wp-content\/uploads\/2021\/12\/https3A2F2Fcoeli-icub-hum.s3-eu-west-1.amazonaws.com2Fpublic2FHeritageObject2FH3072912Fa2bf095fb970f3dce7e64be622775d6b2Ffull2Foriginal2F02Fdefault.jpg","type":"image\/jpeg"}],"twitter_card":"summary_large_image","twitter_misc":{"Temps estimat de lectura":"1 minut"},"schema":{"@context":"https:\/\/schema.org","@graph":[{"@type":"WebPage","@id":"https:\/\/arxiusoberts.gir.cat\/ca\/arxiu\/grup-de-dues-figures-femenines\/","url":"https:\/\/arxiusoberts.gir.cat\/ca\/arxiu\/grup-de-dues-figures-femenines\/","name":"Grup de dues figures femenines - Arxius Oberts","isPartOf":{"@id":"https:\/\/arxiusoberts.gir.cat\/ca\/#website"},"datePublished":"2021-12-10T10:37:35+00:00","dateModified":"2022-02-03T17:32:55+00:00","breadcrumb":{"@id":"https:\/\/arxiusoberts.gir.cat\/ca\/arxiu\/grup-de-dues-figures-femenines\/#breadcrumb"},"inLanguage":"ca","potentialAction":[{"@type":"ReadAction","target":["https:\/\/arxiusoberts.gir.cat\/ca\/arxiu\/grup-de-dues-figures-femenines\/"]}]},{"@type":"BreadcrumbList","@id":"https:\/\/arxiusoberts.gir.cat\/ca\/arxiu\/grup-de-dues-figures-femenines\/#breadcrumb","itemListElement":[{"@type":"ListItem","position":1,"name":"Inici","item":"https:\/\/arxiusoberts.gir.cat\/ca\/"},{"@type":"ListItem","position":2,"name":"Grup de dues figures femenines"}]},{"@type":"WebSite","@id":"https:\/\/arxiusoberts.gir.cat\/ca\/#website","url":"https:\/\/arxiusoberts.gir.cat\/ca\/","name":"Arxius Oberts","description":"Narratives comunit\u00e0ries de Barcelona","potentialAction":[{"@type":"SearchAction","target":{"@type":"EntryPoint","urlTemplate":"https:\/\/arxiusoberts.gir.cat\/ca\/?s={search_term_string}"},"query-input":"required name=search_term_string"}],"inLanguage":"ca"}]}},"_links":{"self":[{"href":"https:\/\/arxiusoberts.gir.cat\/ca\/wp-json\/wp\/v2\/arxius\/1493"}],"collection":[{"href":"https:\/\/arxiusoberts.gir.cat\/ca\/wp-json\/wp\/v2\/arxius"}],"about":[{"href":"https:\/\/arxiusoberts.gir.cat\/ca\/wp-json\/wp\/v2\/types\/arxius"}],"wp:featuredmedia":[{"embeddable":true,"href":"https:\/\/arxiusoberts.gir.cat\/ca\/wp-json\/wp\/v2\/media\/1494"}],"wp:attachment":[{"href":"https:\/\/arxiusoberts.gir.cat\/ca\/wp-json\/wp\/v2\/media?parent=1493"}],"curies":[{"name":"wp","href":"https:\/\/api.w.org\/{rel}","templated":true}]}}

<p>Grup escultòric format per dues figures femenines a les que els hi manquen el cap i una part dels braços. Porten uns mantells que cobreixen la part inferior del cos, mentre que el tors està nu. Estan representades en un conjunt rocos. Es pot possar en relació amb l&#8217;estil &#8220;rococó&#8221; hel·lenístic del segle II aC., que es caracteritzà pel gust per les escenes bucoliques. Encara que el model pot ser d&#8217;aquesta èpoc la realització es clarament de l&#8217;epoca romana imperial. Atès la seva temàtica i el fet que s&#8217;hagi de mirar frontalment fa pensar en un treball per l&#8217;àmbit privat. Respecte a la temàtica, malgrat la pèrdua d&#8217;alguns elements claus como els caps, podem interpretar-les com imatges relacionades amb la mitologia clàssica, així per alguns són Ceres i la seva filla Proserpina i per uns altres son dues nimfes.</p>

<!-- This site is optimized with the Yoast SEO plugin v21.7 - https://yoast.com/wordpress/plugins/seo/ -->
<title>Grup de dues figures femenines - Arxius Oberts</title>
<meta name="robots" content="index, follow, max-snippet:-1, max-image-preview:large, max-video-preview:-1" />
<link rel="canonical" href="https://arxiusoberts.gir.cat/ca/arxiu/grup-de-dues-figures-femenines/" />
<meta property="og:locale" content="ca_ES" />
<meta property="og:type" content="article" />
<meta property="og:title" content="Grup de dues figures femenines - Arxius Oberts" />
<meta property="og:description" content="Grup escultòric format per dues figures femenines a les que els hi manquen el cap i una part dels braços. Porten uns mantells que cobreixen la part inferior del cos, mentre que el tors està nu. Estan representades en un conjunt rocos. Es pot possar en relació amb l&#8217;estil &#8220;rococó&#8221; hel·lenístic del segle II aC., [&hellip;]" />
<meta property="og:url" content="https://arxiusoberts.gir.cat/ca/arxiu/grup-de-dues-figures-femenines/" />
<meta property="og:site_name" content="Arxius Oberts" />
<meta property="article:modified_time" content="2022-02-03T17:32:55+00:00" />
<meta property="og:image" content="https://arxiusoberts.gir.cat/wp-content/uploads/2021/12/https3A2F2Fcoeli-icub-hum.s3-eu-west-1.amazonaws.com2Fpublic2FHeritageObject2FH3072912Fa2bf095fb970f3dce7e64be622775d6b2Ffull2Foriginal2F02Fdefault.jpg" />
	<meta property="og:image:width" content="800" />
	<meta property="og:image:height" content="800" />
	<meta property="og:image:type" content="image/jpeg" />
<meta name="twitter:card" content="summary_large_image" />
<meta name="twitter:label1" content="Temps estimat de lectura" />
	<meta name="twitter:data1" content="1 minut" />
<script type="application/ld+json" class="yoast-schema-graph">{"@context":"https://schema.org","@graph":[{"@type":"WebPage","@id":"https://arxiusoberts.gir.cat/ca/arxiu/grup-de-dues-figures-femenines/","url":"https://arxiusoberts.gir.cat/ca/arxiu/grup-de-dues-figures-femenines/","name":"Grup de dues figures femenines - Arxius Oberts","isPartOf":{"@id":"https://arxiusoberts.gir.cat/ca/#website"},"datePublished":"2021-12-10T10:37:35+00:00","dateModified":"2022-02-03T17:32:55+00:00","breadcrumb":{"@id":"https://arxiusoberts.gir.cat/ca/arxiu/grup-de-dues-figures-femenines/#breadcrumb"},"inLanguage":"ca","potentialAction":[{"@type":"ReadAction","target":["https://arxiusoberts.gir.cat/ca/arxiu/grup-de-dues-figures-femenines/"]}]},{"@type":"BreadcrumbList","@id":"https://arxiusoberts.gir.cat/ca/arxiu/grup-de-dues-figures-femenines/#breadcrumb","itemListElement":[{"@type":"ListItem","position":1,"name":"Inici","item":"https://arxiusoberts.gir.cat/ca/"},{"@type":"ListItem","position":2,"name":"Grup de dues figures femenines"}]},{"@type":"WebSite","@id":"https://arxiusoberts.gir.cat/ca/#website","url":"https://arxiusoberts.gir.cat/ca/","name":"Arxius Oberts","description":"Narratives comunitàries de Barcelona","potentialAction":[{"@type":"SearchAction","target":{"@type":"EntryPoint","urlTemplate":"https://arxiusoberts.gir.cat/ca/?s={search_term_string}"},"query-input":"required name=search_term_string"}],"inLanguage":"ca"}]}</script>
<!-- / Yoast SEO plugin. -->

Grup escultòric format per dues figures femenines a les que els hi manquen el cap i una part dels braços. Porten uns mantells que cobreixen la part inferior del cos, mentre que el tors està nu. Estan representades en un conjunt rocos. Es pot possar en relació amb l&#8217;estil &#8220;rococó&#8221; hel·lenístic del segle II aC., [&hellip;]

Narratives comunitàries de Barcelona
