 {"id":2213,"date":"2021-12-10T12:36:10","date_gmt":"2021-12-10T10:36:10","guid":{"rendered":"http:\/\/localhost\/arxiusoberts.cat\/ca\/?post_type=arxius&#038;p=2213"},"modified":"2022-02-04T13:06:09","modified_gmt":"2022-02-04T11:06:09","slug":"segell-de-joan-de-luna-canonge-de-saragossa","status":"publish","type":"arxius","link":"https:\/\/arxiusoberts.gir.cat\/ca\/arxiu\/segell-de-joan-de-luna-canonge-de-saragossa\/","title":{"rendered":"segell de Joan de Luna, canonge de Saragossa"},"content":{"rendered":"<p>Segell  de bronze d&#8217;una sola cara impresa amb anella dorsal i amb forma de naveta. A la meitat inferior del segell hi ha una lluna, distintiu her\u00e0ldic de la familia i sobre aquesta, un element vegetal. Inscripci\u00f3: +:I:DELUNA:CANOICI:CESARAUGI+. Trancripci\u00f3: [ Joan de Luna canonge de Caesaraugusta]<\/p>\n","protected":false},"featured_media":2214,"template":"","yoast_head":"<!-- This site is optimized with the Yoast SEO plugin v21.7 - https:\/\/yoast.com\/wordpress\/plugins\/seo\/ -->\n<title>segell de Joan de Luna, canonge de Saragossa - Arxius Oberts<\/title>\n<meta name=\"robots\" content=\"index, follow, max-snippet:-1, max-image-preview:large, max-video-preview:-1\" \/>\n<link rel=\"canonical\" href=\"https:\/\/arxiusoberts.gir.cat\/ca\/arxiu\/segell-de-joan-de-luna-canonge-de-saragossa\/\" \/>\n<meta property=\"og:locale\" content=\"ca_ES\" \/>\n<meta property=\"og:type\" content=\"article\" \/>\n<meta property=\"og:title\" content=\"segell de Joan de Luna, canonge de Saragossa - Arxius Oberts\" \/>\n<meta property=\"og:description\" content=\"Segell de bronze d&#8217;una sola cara impresa amb anella dorsal i amb forma de naveta. A la meitat inferior del segell hi ha una lluna, distintiu her\u00e0ldic de la familia i sobre aquesta, un element vegetal. Inscripci\u00f3: +:I:DELUNA:CANOICI:CESARAUGI+. Trancripci\u00f3: [ Joan de Luna canonge de Caesaraugusta]\" \/>\n<meta property=\"og:url\" content=\"https:\/\/arxiusoberts.gir.cat\/ca\/arxiu\/segell-de-joan-de-luna-canonge-de-saragossa\/\" \/>\n<meta property=\"og:site_name\" content=\"Arxius Oberts\" \/>\n<meta property=\"article:modified_time\" content=\"2022-02-04T11:06:09+00:00\" \/>\n<meta property=\"og:image\" content=\"https:\/\/arxiusoberts.gir.cat\/wp-content\/uploads\/2021\/12\/https3A2F2Fcoeli-icub-hum.s3-eu-west-1.amazonaws.com2Fpublic2FHeritageObject2FH4158422F7cd801a4f35be02f6ae6fc2cfe3e74dd2Ffull2Foriginal2F02Fdefault.jpg\" \/>\n\t<meta property=\"og:image:width\" content=\"533\" \/>\n\t<meta property=\"og:image:height\" content=\"800\" \/>\n\t<meta property=\"og:image:type\" content=\"image\/jpeg\" \/>\n<meta name=\"twitter:card\" content=\"summary_large_image\" \/>\n<script type=\"application\/ld+json\" class=\"yoast-schema-graph\">{\"@context\":\"https:\/\/schema.org\",\"@graph\":[{\"@type\":\"WebPage\",\"@id\":\"https:\/\/arxiusoberts.gir.cat\/ca\/arxiu\/segell-de-joan-de-luna-canonge-de-saragossa\/\",\"url\":\"https:\/\/arxiusoberts.gir.cat\/ca\/arxiu\/segell-de-joan-de-luna-canonge-de-saragossa\/\",\"name\":\"segell de Joan de Luna, canonge de Saragossa - Arxius Oberts\",\"isPartOf\":{\"@id\":\"https:\/\/arxiusoberts.gir.cat\/ca\/#website\"},\"datePublished\":\"2021-12-10T10:36:10+00:00\",\"dateModified\":\"2022-02-04T11:06:09+00:00\",\"breadcrumb\":{\"@id\":\"https:\/\/arxiusoberts.gir.cat\/ca\/arxiu\/segell-de-joan-de-luna-canonge-de-saragossa\/#breadcrumb\"},\"inLanguage\":\"ca\",\"potentialAction\":[{\"@type\":\"ReadAction\",\"target\":[\"https:\/\/arxiusoberts.gir.cat\/ca\/arxiu\/segell-de-joan-de-luna-canonge-de-saragossa\/\"]}]},{\"@type\":\"BreadcrumbList\",\"@id\":\"https:\/\/arxiusoberts.gir.cat\/ca\/arxiu\/segell-de-joan-de-luna-canonge-de-saragossa\/#breadcrumb\",\"itemListElement\":[{\"@type\":\"ListItem\",\"position\":1,\"name\":\"Inici\",\"item\":\"https:\/\/arxiusoberts.gir.cat\/ca\/\"},{\"@type\":\"ListItem\",\"position\":2,\"name\":\"segell de Joan de Luna, canonge de Saragossa\"}]},{\"@type\":\"WebSite\",\"@id\":\"https:\/\/arxiusoberts.gir.cat\/ca\/#website\",\"url\":\"https:\/\/arxiusoberts.gir.cat\/ca\/\",\"name\":\"Arxius Oberts\",\"description\":\"Narratives comunit\u00e0ries de Barcelona\",\"potentialAction\":[{\"@type\":\"SearchAction\",\"target\":{\"@type\":\"EntryPoint\",\"urlTemplate\":\"https:\/\/arxiusoberts.gir.cat\/ca\/?s={search_term_string}\"},\"query-input\":\"required name=search_term_string\"}],\"inLanguage\":\"ca\"}]}<\/script>\n<!-- \/ Yoast SEO plugin. -->","yoast_head_json":{"title":"segell de Joan de Luna, canonge de Saragossa - Arxius Oberts","robots":{"index":"index","follow":"follow","max-snippet":"max-snippet:-1","max-image-preview":"max-image-preview:large","max-video-preview":"max-video-preview:-1"},"canonical":"https:\/\/arxiusoberts.gir.cat\/ca\/arxiu\/segell-de-joan-de-luna-canonge-de-saragossa\/","og_locale":"ca_ES","og_type":"article","og_title":"segell de Joan de Luna, canonge de Saragossa - Arxius Oberts","og_description":"Segell de bronze d&#8217;una sola cara impresa amb anella dorsal i amb forma de naveta. A la meitat inferior del segell hi ha una lluna, distintiu her\u00e0ldic de la familia i sobre aquesta, un element vegetal. Inscripci\u00f3: +:I:DELUNA:CANOICI:CESARAUGI+. Trancripci\u00f3: [ Joan de Luna canonge de Caesaraugusta]","og_url":"https:\/\/arxiusoberts.gir.cat\/ca\/arxiu\/segell-de-joan-de-luna-canonge-de-saragossa\/","og_site_name":"Arxius Oberts","article_modified_time":"2022-02-04T11:06:09+00:00","og_image":[{"width":533,"height":800,"url":"https:\/\/arxiusoberts.gir.cat\/wp-content\/uploads\/2021\/12\/https3A2F2Fcoeli-icub-hum.s3-eu-west-1.amazonaws.com2Fpublic2FHeritageObject2FH4158422F7cd801a4f35be02f6ae6fc2cfe3e74dd2Ffull2Foriginal2F02Fdefault.jpg","type":"image\/jpeg"}],"twitter_card":"summary_large_image","schema":{"@context":"https:\/\/schema.org","@graph":[{"@type":"WebPage","@id":"https:\/\/arxiusoberts.gir.cat\/ca\/arxiu\/segell-de-joan-de-luna-canonge-de-saragossa\/","url":"https:\/\/arxiusoberts.gir.cat\/ca\/arxiu\/segell-de-joan-de-luna-canonge-de-saragossa\/","name":"segell de Joan de Luna, canonge de Saragossa - Arxius Oberts","isPartOf":{"@id":"https:\/\/arxiusoberts.gir.cat\/ca\/#website"},"datePublished":"2021-12-10T10:36:10+00:00","dateModified":"2022-02-04T11:06:09+00:00","breadcrumb":{"@id":"https:\/\/arxiusoberts.gir.cat\/ca\/arxiu\/segell-de-joan-de-luna-canonge-de-saragossa\/#breadcrumb"},"inLanguage":"ca","potentialAction":[{"@type":"ReadAction","target":["https:\/\/arxiusoberts.gir.cat\/ca\/arxiu\/segell-de-joan-de-luna-canonge-de-saragossa\/"]}]},{"@type":"BreadcrumbList","@id":"https:\/\/arxiusoberts.gir.cat\/ca\/arxiu\/segell-de-joan-de-luna-canonge-de-saragossa\/#breadcrumb","itemListElement":[{"@type":"ListItem","position":1,"name":"Inici","item":"https:\/\/arxiusoberts.gir.cat\/ca\/"},{"@type":"ListItem","position":2,"name":"segell de Joan de Luna, canonge de Saragossa"}]},{"@type":"WebSite","@id":"https:\/\/arxiusoberts.gir.cat\/ca\/#website","url":"https:\/\/arxiusoberts.gir.cat\/ca\/","name":"Arxius Oberts","description":"Narratives comunit\u00e0ries de Barcelona","potentialAction":[{"@type":"SearchAction","target":{"@type":"EntryPoint","urlTemplate":"https:\/\/arxiusoberts.gir.cat\/ca\/?s={search_term_string}"},"query-input":"required name=search_term_string"}],"inLanguage":"ca"}]}},"_links":{"self":[{"href":"https:\/\/arxiusoberts.gir.cat\/ca\/wp-json\/wp\/v2\/arxius\/2213"}],"collection":[{"href":"https:\/\/arxiusoberts.gir.cat\/ca\/wp-json\/wp\/v2\/arxius"}],"about":[{"href":"https:\/\/arxiusoberts.gir.cat\/ca\/wp-json\/wp\/v2\/types\/arxius"}],"wp:featuredmedia":[{"embeddable":true,"href":"https:\/\/arxiusoberts.gir.cat\/ca\/wp-json\/wp\/v2\/media\/2214"}],"wp:attachment":[{"href":"https:\/\/arxiusoberts.gir.cat\/ca\/wp-json\/wp\/v2\/media?parent=2213"}],"curies":[{"name":"wp","href":"https:\/\/api.w.org\/{rel}","templated":true}]}}

<p>Segell  de bronze d&#8217;una sola cara impresa amb anella dorsal i amb forma de naveta. A la meitat inferior del segell hi ha una lluna, distintiu heràldic de la familia i sobre aquesta, un element vegetal. Inscripció: +:I:DELUNA:CANOICI:CESARAUGI+. Trancripció: [ Joan de Luna canonge de Caesaraugusta]</p>

<!-- This site is optimized with the Yoast SEO plugin v21.7 - https://yoast.com/wordpress/plugins/seo/ -->
<title>segell de Joan de Luna, canonge de Saragossa - Arxius Oberts</title>
<meta name="robots" content="index, follow, max-snippet:-1, max-image-preview:large, max-video-preview:-1" />
<link rel="canonical" href="https://arxiusoberts.gir.cat/ca/arxiu/segell-de-joan-de-luna-canonge-de-saragossa/" />
<meta property="og:locale" content="ca_ES" />
<meta property="og:type" content="article" />
<meta property="og:title" content="segell de Joan de Luna, canonge de Saragossa - Arxius Oberts" />
<meta property="og:description" content="Segell de bronze d&#8217;una sola cara impresa amb anella dorsal i amb forma de naveta. A la meitat inferior del segell hi ha una lluna, distintiu heràldic de la familia i sobre aquesta, un element vegetal. Inscripció: +:I:DELUNA:CANOICI:CESARAUGI+. Trancripció: [ Joan de Luna canonge de Caesaraugusta]" />
<meta property="og:url" content="https://arxiusoberts.gir.cat/ca/arxiu/segell-de-joan-de-luna-canonge-de-saragossa/" />
<meta property="og:site_name" content="Arxius Oberts" />
<meta property="article:modified_time" content="2022-02-04T11:06:09+00:00" />
<meta property="og:image" content="https://arxiusoberts.gir.cat/wp-content/uploads/2021/12/https3A2F2Fcoeli-icub-hum.s3-eu-west-1.amazonaws.com2Fpublic2FHeritageObject2FH4158422F7cd801a4f35be02f6ae6fc2cfe3e74dd2Ffull2Foriginal2F02Fdefault.jpg" />
	<meta property="og:image:width" content="533" />
	<meta property="og:image:height" content="800" />
	<meta property="og:image:type" content="image/jpeg" />
<meta name="twitter:card" content="summary_large_image" />
<script type="application/ld+json" class="yoast-schema-graph">{"@context":"https://schema.org","@graph":[{"@type":"WebPage","@id":"https://arxiusoberts.gir.cat/ca/arxiu/segell-de-joan-de-luna-canonge-de-saragossa/","url":"https://arxiusoberts.gir.cat/ca/arxiu/segell-de-joan-de-luna-canonge-de-saragossa/","name":"segell de Joan de Luna, canonge de Saragossa - Arxius Oberts","isPartOf":{"@id":"https://arxiusoberts.gir.cat/ca/#website"},"datePublished":"2021-12-10T10:36:10+00:00","dateModified":"2022-02-04T11:06:09+00:00","breadcrumb":{"@id":"https://arxiusoberts.gir.cat/ca/arxiu/segell-de-joan-de-luna-canonge-de-saragossa/#breadcrumb"},"inLanguage":"ca","potentialAction":[{"@type":"ReadAction","target":["https://arxiusoberts.gir.cat/ca/arxiu/segell-de-joan-de-luna-canonge-de-saragossa/"]}]},{"@type":"BreadcrumbList","@id":"https://arxiusoberts.gir.cat/ca/arxiu/segell-de-joan-de-luna-canonge-de-saragossa/#breadcrumb","itemListElement":[{"@type":"ListItem","position":1,"name":"Inici","item":"https://arxiusoberts.gir.cat/ca/"},{"@type":"ListItem","position":2,"name":"segell de Joan de Luna, canonge de Saragossa"}]},{"@type":"WebSite","@id":"https://arxiusoberts.gir.cat/ca/#website","url":"https://arxiusoberts.gir.cat/ca/","name":"Arxius Oberts","description":"Narratives comunitàries de Barcelona","potentialAction":[{"@type":"SearchAction","target":{"@type":"EntryPoint","urlTemplate":"https://arxiusoberts.gir.cat/ca/?s={search_term_string}"},"query-input":"required name=search_term_string"}],"inLanguage":"ca"}]}</script>
<!-- / Yoast SEO plugin. -->

Segell de bronze d&#8217;una sola cara impresa amb anella dorsal i amb forma de naveta. A la meitat inferior del segell hi ha una lluna, distintiu heràldic de la familia i sobre aquesta, un element vegetal. Inscripció: +:I:DELUNA:CANOICI:CESARAUGI+. Trancripció: [ Joan de Luna canonge de Caesaraugusta]

Narratives comunitàries de Barcelona
