 {"id":2371,"date":"2021-12-10T12:36:09","date_gmt":"2021-12-10T10:36:09","guid":{"rendered":"http:\/\/localhost\/arxiusoberts.cat\/ca\/?post_type=arxius&#038;p=2371"},"modified":"2022-02-04T13:08:47","modified_gmt":"2022-02-04T11:08:47","slug":"flauta-de-bec-doble","status":"publish","type":"arxius","link":"https:\/\/arxiusoberts.gir.cat\/ca\/arxiu\/flauta-de-bec-doble\/","title":{"rendered":"flauta de bec doble"},"content":{"rendered":"<p>\u00c9s una flauta de bec doble feta en \u00e0mbit europeu. Est\u00e0 feta d&#8217;un \u00fanic bloc de fusta tallada fent decoracions geom\u00e8triques a la banda superior i un perfil quasi dentat. Cada m\u00e0 toca un tub diferent i el de l\u2019esquerre fa de bord\u00f3 variable. Per tant, est\u00e0 formada per dos tubs amb canal, de secci\u00f3 interior cil\u00edndrica, i t\u00e9 set forats oberts, cap d\u2019ells posterior, i dues finestres.<\/p>\n","protected":false},"featured_media":2372,"template":"","class_list":["post-2371","arxius","type-arxius","status-publish","has-post-thumbnail","hentry","contribuidor-museu-de-la-musica-de-barcelona"],"yoast_head":"<!-- This site is optimized with the Yoast SEO plugin v28.2 - https:\/\/yoast.com\/product\/yoast-seo-wordpress\/ -->\n<title>flauta de bec doble - Arxius Oberts<\/title>\n<meta name=\"robots\" content=\"index, follow, max-snippet:-1, max-image-preview:large, max-video-preview:-1\" \/>\n<link rel=\"canonical\" href=\"https:\/\/arxiusoberts.gir.cat\/ca\/arxiu\/flauta-de-bec-doble\/\" \/>\n<meta property=\"og:locale\" content=\"ca_ES\" \/>\n<meta property=\"og:type\" content=\"article\" \/>\n<meta property=\"og:title\" content=\"flauta de bec doble - Arxius Oberts\" \/>\n<meta property=\"og:description\" content=\"\u00c9s una flauta de bec doble feta en \u00e0mbit europeu. Est\u00e0 feta d&#8217;un \u00fanic bloc de fusta tallada fent decoracions geom\u00e8triques a la banda superior i un perfil quasi dentat. Cada m\u00e0 toca un tub diferent i el de l\u2019esquerre fa de bord\u00f3 variable. Per tant, est\u00e0 formada per dos tubs amb canal, de secci\u00f3 [&hellip;]\" \/>\n<meta property=\"og:url\" content=\"https:\/\/arxiusoberts.gir.cat\/ca\/arxiu\/flauta-de-bec-doble\/\" \/>\n<meta property=\"og:site_name\" content=\"Arxius Oberts\" \/>\n<meta property=\"article:modified_time\" content=\"2022-02-04T11:08:47+00:00\" \/>\n<meta property=\"og:image\" content=\"https:\/\/arxiusoberts.gir.cat\/wp-content\/uploads\/2021\/12\/https3A2F2Fcoeli-icub-hum.s3-eu-west-1.amazonaws.com2Fpublic2FHeritageObject2FH3101502F896796335e3cc4eca42384fb42c228442Ffull2Foriginal2F02Fdefault.jpg\" \/>\n\t<meta property=\"og:image:width\" content=\"320\" \/>\n\t<meta property=\"og:image:height\" content=\"800\" \/>\n\t<meta property=\"og:image:type\" content=\"image\/jpeg\" \/>\n<meta name=\"twitter:card\" content=\"summary_large_image\" \/>\n<script type=\"application\/ld+json\" class=\"yoast-schema-graph\">{\"@context\":\"https:\\\/\\\/schema.org\",\"@graph\":[{\"@type\":\"WebPage\",\"@id\":\"https:\\\/\\\/arxiusoberts.gir.cat\\\/ca\\\/arxiu\\\/flauta-de-bec-doble\\\/\",\"url\":\"https:\\\/\\\/arxiusoberts.gir.cat\\\/ca\\\/arxiu\\\/flauta-de-bec-doble\\\/\",\"name\":\"flauta de bec doble - Arxius Oberts\",\"isPartOf\":{\"@id\":\"https:\\\/\\\/arxiusoberts.gir.cat\\\/ca\\\/#website\"},\"primaryImageOfPage\":{\"@id\":\"https:\\\/\\\/arxiusoberts.gir.cat\\\/ca\\\/arxiu\\\/flauta-de-bec-doble\\\/#primaryimage\"},\"image\":{\"@id\":\"https:\\\/\\\/arxiusoberts.gir.cat\\\/ca\\\/arxiu\\\/flauta-de-bec-doble\\\/#primaryimage\"},\"thumbnailUrl\":\"https:\\\/\\\/arxiusoberts.gir.cat\\\/wp-content\\\/uploads\\\/2021\\\/12\\\/https3A2F2Fcoeli-icub-hum.s3-eu-west-1.amazonaws.com2Fpublic2FHeritageObject2FH3101502F896796335e3cc4eca42384fb42c228442Ffull2Foriginal2F02Fdefault.jpg\",\"datePublished\":\"2021-12-10T10:36:09+00:00\",\"dateModified\":\"2022-02-04T11:08:47+00:00\",\"breadcrumb\":{\"@id\":\"https:\\\/\\\/arxiusoberts.gir.cat\\\/ca\\\/arxiu\\\/flauta-de-bec-doble\\\/#breadcrumb\"},\"inLanguage\":\"ca\",\"potentialAction\":[{\"@type\":\"ReadAction\",\"target\":[\"https:\\\/\\\/arxiusoberts.gir.cat\\\/ca\\\/arxiu\\\/flauta-de-bec-doble\\\/\"]}]},{\"@type\":\"ImageObject\",\"inLanguage\":\"ca\",\"@id\":\"https:\\\/\\\/arxiusoberts.gir.cat\\\/ca\\\/arxiu\\\/flauta-de-bec-doble\\\/#primaryimage\",\"url\":\"https:\\\/\\\/arxiusoberts.gir.cat\\\/wp-content\\\/uploads\\\/2021\\\/12\\\/https3A2F2Fcoeli-icub-hum.s3-eu-west-1.amazonaws.com2Fpublic2FHeritageObject2FH3101502F896796335e3cc4eca42384fb42c228442Ffull2Foriginal2F02Fdefault.jpg\",\"contentUrl\":\"https:\\\/\\\/arxiusoberts.gir.cat\\\/wp-content\\\/uploads\\\/2021\\\/12\\\/https3A2F2Fcoeli-icub-hum.s3-eu-west-1.amazonaws.com2Fpublic2FHeritageObject2FH3101502F896796335e3cc4eca42384fb42c228442Ffull2Foriginal2F02Fdefault.jpg\",\"width\":320,\"height\":800},{\"@type\":\"BreadcrumbList\",\"@id\":\"https:\\\/\\\/arxiusoberts.gir.cat\\\/ca\\\/arxiu\\\/flauta-de-bec-doble\\\/#breadcrumb\",\"itemListElement\":[{\"@type\":\"ListItem\",\"position\":1,\"name\":\"Inici\",\"item\":\"https:\\\/\\\/arxiusoberts.gir.cat\\\/ca\\\/\"},{\"@type\":\"ListItem\",\"position\":2,\"name\":\"flauta de bec doble\"}]},{\"@type\":\"WebSite\",\"@id\":\"https:\\\/\\\/arxiusoberts.gir.cat\\\/ca\\\/#website\",\"url\":\"https:\\\/\\\/arxiusoberts.gir.cat\\\/ca\\\/\",\"name\":\"Arxius Oberts\",\"description\":\"Narratives comunit\u00e0ries de Barcelona\",\"potentialAction\":[{\"@type\":\"SearchAction\",\"target\":{\"@type\":\"EntryPoint\",\"urlTemplate\":\"https:\\\/\\\/arxiusoberts.gir.cat\\\/ca\\\/?s={search_term_string}\"},\"query-input\":{\"@type\":\"PropertyValueSpecification\",\"valueRequired\":true,\"valueName\":\"search_term_string\"}}],\"inLanguage\":\"ca\"}]}<\/script>\n<!-- \/ Yoast SEO plugin. -->","yoast_head_json":{"title":"flauta de bec doble - Arxius Oberts","robots":{"index":"index","follow":"follow","max-snippet":"max-snippet:-1","max-image-preview":"max-image-preview:large","max-video-preview":"max-video-preview:-1"},"canonical":"https:\/\/arxiusoberts.gir.cat\/ca\/arxiu\/flauta-de-bec-doble\/","og_locale":"ca_ES","og_type":"article","og_title":"flauta de bec doble - Arxius Oberts","og_description":"\u00c9s una flauta de bec doble feta en \u00e0mbit europeu. Est\u00e0 feta d&#8217;un \u00fanic bloc de fusta tallada fent decoracions geom\u00e8triques a la banda superior i un perfil quasi dentat. Cada m\u00e0 toca un tub diferent i el de l\u2019esquerre fa de bord\u00f3 variable. Per tant, est\u00e0 formada per dos tubs amb canal, de secci\u00f3 [&hellip;]","og_url":"https:\/\/arxiusoberts.gir.cat\/ca\/arxiu\/flauta-de-bec-doble\/","og_site_name":"Arxius Oberts","article_modified_time":"2022-02-04T11:08:47+00:00","og_image":[{"width":320,"height":800,"url":"https:\/\/arxiusoberts.gir.cat\/wp-content\/uploads\/2021\/12\/https3A2F2Fcoeli-icub-hum.s3-eu-west-1.amazonaws.com2Fpublic2FHeritageObject2FH3101502F896796335e3cc4eca42384fb42c228442Ffull2Foriginal2F02Fdefault.jpg","type":"image\/jpeg"}],"twitter_card":"summary_large_image","schema":{"@context":"https:\/\/schema.org","@graph":[{"@type":"WebPage","@id":"https:\/\/arxiusoberts.gir.cat\/ca\/arxiu\/flauta-de-bec-doble\/","url":"https:\/\/arxiusoberts.gir.cat\/ca\/arxiu\/flauta-de-bec-doble\/","name":"flauta de bec doble - Arxius Oberts","isPartOf":{"@id":"https:\/\/arxiusoberts.gir.cat\/ca\/#website"},"primaryImageOfPage":{"@id":"https:\/\/arxiusoberts.gir.cat\/ca\/arxiu\/flauta-de-bec-doble\/#primaryimage"},"image":{"@id":"https:\/\/arxiusoberts.gir.cat\/ca\/arxiu\/flauta-de-bec-doble\/#primaryimage"},"thumbnailUrl":"https:\/\/arxiusoberts.gir.cat\/wp-content\/uploads\/2021\/12\/https3A2F2Fcoeli-icub-hum.s3-eu-west-1.amazonaws.com2Fpublic2FHeritageObject2FH3101502F896796335e3cc4eca42384fb42c228442Ffull2Foriginal2F02Fdefault.jpg","datePublished":"2021-12-10T10:36:09+00:00","dateModified":"2022-02-04T11:08:47+00:00","breadcrumb":{"@id":"https:\/\/arxiusoberts.gir.cat\/ca\/arxiu\/flauta-de-bec-doble\/#breadcrumb"},"inLanguage":"ca","potentialAction":[{"@type":"ReadAction","target":["https:\/\/arxiusoberts.gir.cat\/ca\/arxiu\/flauta-de-bec-doble\/"]}]},{"@type":"ImageObject","inLanguage":"ca","@id":"https:\/\/arxiusoberts.gir.cat\/ca\/arxiu\/flauta-de-bec-doble\/#primaryimage","url":"https:\/\/arxiusoberts.gir.cat\/wp-content\/uploads\/2021\/12\/https3A2F2Fcoeli-icub-hum.s3-eu-west-1.amazonaws.com2Fpublic2FHeritageObject2FH3101502F896796335e3cc4eca42384fb42c228442Ffull2Foriginal2F02Fdefault.jpg","contentUrl":"https:\/\/arxiusoberts.gir.cat\/wp-content\/uploads\/2021\/12\/https3A2F2Fcoeli-icub-hum.s3-eu-west-1.amazonaws.com2Fpublic2FHeritageObject2FH3101502F896796335e3cc4eca42384fb42c228442Ffull2Foriginal2F02Fdefault.jpg","width":320,"height":800},{"@type":"BreadcrumbList","@id":"https:\/\/arxiusoberts.gir.cat\/ca\/arxiu\/flauta-de-bec-doble\/#breadcrumb","itemListElement":[{"@type":"ListItem","position":1,"name":"Inici","item":"https:\/\/arxiusoberts.gir.cat\/ca\/"},{"@type":"ListItem","position":2,"name":"flauta de bec doble"}]},{"@type":"WebSite","@id":"https:\/\/arxiusoberts.gir.cat\/ca\/#website","url":"https:\/\/arxiusoberts.gir.cat\/ca\/","name":"Arxius Oberts","description":"Narratives comunit\u00e0ries de Barcelona","potentialAction":[{"@type":"SearchAction","target":{"@type":"EntryPoint","urlTemplate":"https:\/\/arxiusoberts.gir.cat\/ca\/?s={search_term_string}"},"query-input":{"@type":"PropertyValueSpecification","valueRequired":true,"valueName":"search_term_string"}}],"inLanguage":"ca"}]}},"_links":{"self":[{"href":"https:\/\/arxiusoberts.gir.cat\/ca\/wp-json\/wp\/v2\/arxius\/2371","targetHints":{"allow":["GET"]}}],"collection":[{"href":"https:\/\/arxiusoberts.gir.cat\/ca\/wp-json\/wp\/v2\/arxius"}],"about":[{"href":"https:\/\/arxiusoberts.gir.cat\/ca\/wp-json\/wp\/v2\/types\/arxius"}],"wp:featuredmedia":[{"embeddable":true,"href":"https:\/\/arxiusoberts.gir.cat\/ca\/wp-json\/wp\/v2\/media\/2372"}],"wp:attachment":[{"href":"https:\/\/arxiusoberts.gir.cat\/ca\/wp-json\/wp\/v2\/media?parent=2371"}],"curies":[{"name":"wp","href":"https:\/\/api.w.org\/{rel}","templated":true}]}}

<p>És una flauta de bec doble feta en àmbit europeu. Està feta d&#8217;un únic bloc de fusta tallada fent decoracions geomètriques a la banda superior i un perfil quasi dentat. Cada mà toca un tub diferent i el de l’esquerre fa de bordó variable. Per tant, està formada per dos tubs amb canal, de secció interior cilíndrica, i té set forats oberts, cap d’ells posterior, i dues finestres.</p>

<!-- This site is optimized with the Yoast SEO plugin v28.2 - https://yoast.com/product/yoast-seo-wordpress/ -->
<title>flauta de bec doble - Arxius Oberts</title>
<meta name="robots" content="index, follow, max-snippet:-1, max-image-preview:large, max-video-preview:-1" />
<link rel="canonical" href="https://arxiusoberts.gir.cat/ca/arxiu/flauta-de-bec-doble/" />
<meta property="og:locale" content="ca_ES" />
<meta property="og:type" content="article" />
<meta property="og:title" content="flauta de bec doble - Arxius Oberts" />
<meta property="og:description" content="És una flauta de bec doble feta en àmbit europeu. Està feta d&#8217;un únic bloc de fusta tallada fent decoracions geomètriques a la banda superior i un perfil quasi dentat. Cada mà toca un tub diferent i el de l’esquerre fa de bordó variable. Per tant, està formada per dos tubs amb canal, de secció [&hellip;]" />
<meta property="og:url" content="https://arxiusoberts.gir.cat/ca/arxiu/flauta-de-bec-doble/" />
<meta property="og:site_name" content="Arxius Oberts" />
<meta property="article:modified_time" content="2022-02-04T11:08:47+00:00" />
<meta property="og:image" content="https://arxiusoberts.gir.cat/wp-content/uploads/2021/12/https3A2F2Fcoeli-icub-hum.s3-eu-west-1.amazonaws.com2Fpublic2FHeritageObject2FH3101502F896796335e3cc4eca42384fb42c228442Ffull2Foriginal2F02Fdefault.jpg" />
	<meta property="og:image:width" content="320" />
	<meta property="og:image:height" content="800" />
	<meta property="og:image:type" content="image/jpeg" />
<meta name="twitter:card" content="summary_large_image" />
<script type="application/ld+json" class="yoast-schema-graph">{"@context":"https:\/\/schema.org","@graph":[{"@type":"WebPage","@id":"https:\/\/arxiusoberts.gir.cat\/ca\/arxiu\/flauta-de-bec-doble\/","url":"https:\/\/arxiusoberts.gir.cat\/ca\/arxiu\/flauta-de-bec-doble\/","name":"flauta de bec doble - Arxius Oberts","isPartOf":{"@id":"https:\/\/arxiusoberts.gir.cat\/ca\/#website"},"primaryImageOfPage":{"@id":"https:\/\/arxiusoberts.gir.cat\/ca\/arxiu\/flauta-de-bec-doble\/#primaryimage"},"image":{"@id":"https:\/\/arxiusoberts.gir.cat\/ca\/arxiu\/flauta-de-bec-doble\/#primaryimage"},"thumbnailUrl":"https:\/\/arxiusoberts.gir.cat\/wp-content\/uploads\/2021\/12\/https3A2F2Fcoeli-icub-hum.s3-eu-west-1.amazonaws.com2Fpublic2FHeritageObject2FH3101502F896796335e3cc4eca42384fb42c228442Ffull2Foriginal2F02Fdefault.jpg","datePublished":"2021-12-10T10:36:09+00:00","dateModified":"2022-02-04T11:08:47+00:00","breadcrumb":{"@id":"https:\/\/arxiusoberts.gir.cat\/ca\/arxiu\/flauta-de-bec-doble\/#breadcrumb"},"inLanguage":"ca","potentialAction":[{"@type":"ReadAction","target":["https:\/\/arxiusoberts.gir.cat\/ca\/arxiu\/flauta-de-bec-doble\/"]}]},{"@type":"ImageObject","inLanguage":"ca","@id":"https:\/\/arxiusoberts.gir.cat\/ca\/arxiu\/flauta-de-bec-doble\/#primaryimage","url":"https:\/\/arxiusoberts.gir.cat\/wp-content\/uploads\/2021\/12\/https3A2F2Fcoeli-icub-hum.s3-eu-west-1.amazonaws.com2Fpublic2FHeritageObject2FH3101502F896796335e3cc4eca42384fb42c228442Ffull2Foriginal2F02Fdefault.jpg","contentUrl":"https:\/\/arxiusoberts.gir.cat\/wp-content\/uploads\/2021\/12\/https3A2F2Fcoeli-icub-hum.s3-eu-west-1.amazonaws.com2Fpublic2FHeritageObject2FH3101502F896796335e3cc4eca42384fb42c228442Ffull2Foriginal2F02Fdefault.jpg","width":320,"height":800},{"@type":"BreadcrumbList","@id":"https:\/\/arxiusoberts.gir.cat\/ca\/arxiu\/flauta-de-bec-doble\/#breadcrumb","itemListElement":[{"@type":"ListItem","position":1,"name":"Inici","item":"https:\/\/arxiusoberts.gir.cat\/ca\/"},{"@type":"ListItem","position":2,"name":"flauta de bec doble"}]},{"@type":"WebSite","@id":"https:\/\/arxiusoberts.gir.cat\/ca\/#website","url":"https:\/\/arxiusoberts.gir.cat\/ca\/","name":"Arxius Oberts","description":"Narratives comunitàries de Barcelona","potentialAction":[{"@type":"SearchAction","target":{"@type":"EntryPoint","urlTemplate":"https:\/\/arxiusoberts.gir.cat\/ca\/?s={search_term_string}"},"query-input":{"@type":"PropertyValueSpecification","valueRequired":true,"valueName":"search_term_string"}}],"inLanguage":"ca"}]}</script>
<!-- / Yoast SEO plugin. -->

És una flauta de bec doble feta en àmbit europeu. Està feta d&#8217;un únic bloc de fusta tallada fent decoracions geomètriques a la banda superior i un perfil quasi dentat. Cada mà toca un tub diferent i el de l’esquerre fa de bordó variable. Per tant, està formada per dos tubs amb canal, de secció [&hellip;]

Narratives comunitàries de Barcelona
