 {"id":2463,"date":"2021-12-10T12:36:08","date_gmt":"2021-12-10T10:36:08","guid":{"rendered":"http:\/\/localhost\/arxiusoberts.cat\/ca\/?post_type=arxius&#038;p=2463"},"modified":"2022-02-04T13:09:32","modified_gmt":"2022-02-04T11:09:32","slug":"chicoten","status":"publish","type":"arxius","link":"https:\/\/arxiusoberts.gir.cat\/ca\/arxiu\/chicoten\/","title":{"rendered":"chicot\u00e9n"},"content":{"rendered":"<p>\u00c9s un tambor de cordes o chicot\u00e9n de sis cordes simples fabricat el 1975 per Ramon Pinto, de la Casa Parram\u00f3n de Barcelona. Aquest taller fou fundat el 1897 per Ramon Parramon i sempre ha estat especialitzat en la venda i la restauraci\u00f3 d\u2019instruments de corda i els seus accessoris. Des dels inicis, sempre ha estat sota la direcci\u00f3 t\u00e8cnica de la fam\u00edlia Pinto, que segueixen mantenint l\u2019activitat actualment. Ramon Pinto (1929-2018) era un lutier experimentat que va ser membre de la Entente Internationale des Maitres Luthiers et Archetiers (E.I.L.A.) i fundador  de la Asociaci\u00f3n de Luthiers y Arqueteros de Espa\u00f1a (A.L.A.E.). Va dirigir la Casa Parramon durant m\u00e9s de quaranta anys, des dels anys seixanta fins el 2008, quan va deixar pas al seu nebot Jordi Pinto, que \u00e9s la tercera generaci\u00f3 al capdavant d\u2019aquesta casa.<\/p>\n<p>Est\u00e0 format per una caixa de fusta amb la taula harm\u00f2nica de forma irregular i el fons pla i paral\u00b7lel. T\u00e9 dues obertures ac\u00fastiques circulars amb rosetes de fusta treballades amb calats i la celleta del claviller est\u00e0 decorat de manera senzilla amb estilitzacions vegetals de marqueteria. El claviller acaba en dues volutes i les clavilles s\u00f3n de fusta. T\u00e9 transmissors de pell i les sis cordes simples s\u00f3n de budell. Conserva el percussor, que consisteix en una baqueta de fusta cil\u00edndrica, lleugerament tornejada.<\/p>\n","protected":false},"featured_media":2464,"template":"","yoast_head":"<!-- This site is optimized with the Yoast SEO plugin v21.7 - https:\/\/yoast.com\/wordpress\/plugins\/seo\/ -->\n<title>chicot\u00e9n - Arxius Oberts<\/title>\n<meta name=\"robots\" content=\"index, follow, max-snippet:-1, max-image-preview:large, max-video-preview:-1\" \/>\n<link rel=\"canonical\" href=\"https:\/\/arxiusoberts.gir.cat\/ca\/arxiu\/chicoten\/\" \/>\n<meta property=\"og:locale\" content=\"ca_ES\" \/>\n<meta property=\"og:type\" content=\"article\" \/>\n<meta property=\"og:title\" content=\"chicot\u00e9n - Arxius Oberts\" \/>\n<meta property=\"og:description\" content=\"\u00c9s un tambor de cordes o chicot\u00e9n de sis cordes simples fabricat el 1975 per Ramon Pinto, de la Casa Parram\u00f3n de Barcelona. Aquest taller fou fundat el 1897 per Ramon Parramon i sempre ha estat especialitzat en la venda i la restauraci\u00f3 d\u2019instruments de corda i els seus accessoris. Des dels inicis, sempre ha [&hellip;]\" \/>\n<meta property=\"og:url\" content=\"https:\/\/arxiusoberts.gir.cat\/ca\/arxiu\/chicoten\/\" \/>\n<meta property=\"og:site_name\" content=\"Arxius Oberts\" \/>\n<meta property=\"article:modified_time\" content=\"2022-02-04T11:09:32+00:00\" \/>\n<meta property=\"og:image\" content=\"https:\/\/arxiusoberts.gir.cat\/wp-content\/uploads\/2021\/12\/https3A2F2Fcoeli-icub-hum.s3-eu-west-1.amazonaws.com2Fpublic2FHeritageObject2FH3097582F0411f1967e3095563bc16e93296be64c2Ffull2Foriginal2F02Fdefault.jpg\" \/>\n\t<meta property=\"og:image:width\" content=\"800\" \/>\n\t<meta property=\"og:image:height\" content=\"533\" \/>\n\t<meta property=\"og:image:type\" content=\"image\/jpeg\" \/>\n<meta name=\"twitter:card\" content=\"summary_large_image\" \/>\n<meta name=\"twitter:label1\" content=\"Temps estimat de lectura\" \/>\n\t<meta name=\"twitter:data1\" content=\"1 minut\" \/>\n<script type=\"application\/ld+json\" class=\"yoast-schema-graph\">{\"@context\":\"https:\/\/schema.org\",\"@graph\":[{\"@type\":\"WebPage\",\"@id\":\"https:\/\/arxiusoberts.gir.cat\/ca\/arxiu\/chicoten\/\",\"url\":\"https:\/\/arxiusoberts.gir.cat\/ca\/arxiu\/chicoten\/\",\"name\":\"chicot\u00e9n - Arxius Oberts\",\"isPartOf\":{\"@id\":\"https:\/\/arxiusoberts.gir.cat\/ca\/#website\"},\"datePublished\":\"2021-12-10T10:36:08+00:00\",\"dateModified\":\"2022-02-04T11:09:32+00:00\",\"breadcrumb\":{\"@id\":\"https:\/\/arxiusoberts.gir.cat\/ca\/arxiu\/chicoten\/#breadcrumb\"},\"inLanguage\":\"ca\",\"potentialAction\":[{\"@type\":\"ReadAction\",\"target\":[\"https:\/\/arxiusoberts.gir.cat\/ca\/arxiu\/chicoten\/\"]}]},{\"@type\":\"BreadcrumbList\",\"@id\":\"https:\/\/arxiusoberts.gir.cat\/ca\/arxiu\/chicoten\/#breadcrumb\",\"itemListElement\":[{\"@type\":\"ListItem\",\"position\":1,\"name\":\"Inici\",\"item\":\"https:\/\/arxiusoberts.gir.cat\/ca\/\"},{\"@type\":\"ListItem\",\"position\":2,\"name\":\"chicot\u00e9n\"}]},{\"@type\":\"WebSite\",\"@id\":\"https:\/\/arxiusoberts.gir.cat\/ca\/#website\",\"url\":\"https:\/\/arxiusoberts.gir.cat\/ca\/\",\"name\":\"Arxius Oberts\",\"description\":\"Narratives comunit\u00e0ries de Barcelona\",\"potentialAction\":[{\"@type\":\"SearchAction\",\"target\":{\"@type\":\"EntryPoint\",\"urlTemplate\":\"https:\/\/arxiusoberts.gir.cat\/ca\/?s={search_term_string}\"},\"query-input\":\"required name=search_term_string\"}],\"inLanguage\":\"ca\"}]}<\/script>\n<!-- \/ Yoast SEO plugin. -->","yoast_head_json":{"title":"chicot\u00e9n - Arxius Oberts","robots":{"index":"index","follow":"follow","max-snippet":"max-snippet:-1","max-image-preview":"max-image-preview:large","max-video-preview":"max-video-preview:-1"},"canonical":"https:\/\/arxiusoberts.gir.cat\/ca\/arxiu\/chicoten\/","og_locale":"ca_ES","og_type":"article","og_title":"chicot\u00e9n - Arxius Oberts","og_description":"\u00c9s un tambor de cordes o chicot\u00e9n de sis cordes simples fabricat el 1975 per Ramon Pinto, de la Casa Parram\u00f3n de Barcelona. Aquest taller fou fundat el 1897 per Ramon Parramon i sempre ha estat especialitzat en la venda i la restauraci\u00f3 d\u2019instruments de corda i els seus accessoris. Des dels inicis, sempre ha [&hellip;]","og_url":"https:\/\/arxiusoberts.gir.cat\/ca\/arxiu\/chicoten\/","og_site_name":"Arxius Oberts","article_modified_time":"2022-02-04T11:09:32+00:00","og_image":[{"width":800,"height":533,"url":"https:\/\/arxiusoberts.gir.cat\/wp-content\/uploads\/2021\/12\/https3A2F2Fcoeli-icub-hum.s3-eu-west-1.amazonaws.com2Fpublic2FHeritageObject2FH3097582F0411f1967e3095563bc16e93296be64c2Ffull2Foriginal2F02Fdefault.jpg","type":"image\/jpeg"}],"twitter_card":"summary_large_image","twitter_misc":{"Temps estimat de lectura":"1 minut"},"schema":{"@context":"https:\/\/schema.org","@graph":[{"@type":"WebPage","@id":"https:\/\/arxiusoberts.gir.cat\/ca\/arxiu\/chicoten\/","url":"https:\/\/arxiusoberts.gir.cat\/ca\/arxiu\/chicoten\/","name":"chicot\u00e9n - Arxius Oberts","isPartOf":{"@id":"https:\/\/arxiusoberts.gir.cat\/ca\/#website"},"datePublished":"2021-12-10T10:36:08+00:00","dateModified":"2022-02-04T11:09:32+00:00","breadcrumb":{"@id":"https:\/\/arxiusoberts.gir.cat\/ca\/arxiu\/chicoten\/#breadcrumb"},"inLanguage":"ca","potentialAction":[{"@type":"ReadAction","target":["https:\/\/arxiusoberts.gir.cat\/ca\/arxiu\/chicoten\/"]}]},{"@type":"BreadcrumbList","@id":"https:\/\/arxiusoberts.gir.cat\/ca\/arxiu\/chicoten\/#breadcrumb","itemListElement":[{"@type":"ListItem","position":1,"name":"Inici","item":"https:\/\/arxiusoberts.gir.cat\/ca\/"},{"@type":"ListItem","position":2,"name":"chicot\u00e9n"}]},{"@type":"WebSite","@id":"https:\/\/arxiusoberts.gir.cat\/ca\/#website","url":"https:\/\/arxiusoberts.gir.cat\/ca\/","name":"Arxius Oberts","description":"Narratives comunit\u00e0ries de Barcelona","potentialAction":[{"@type":"SearchAction","target":{"@type":"EntryPoint","urlTemplate":"https:\/\/arxiusoberts.gir.cat\/ca\/?s={search_term_string}"},"query-input":"required name=search_term_string"}],"inLanguage":"ca"}]}},"_links":{"self":[{"href":"https:\/\/arxiusoberts.gir.cat\/ca\/wp-json\/wp\/v2\/arxius\/2463"}],"collection":[{"href":"https:\/\/arxiusoberts.gir.cat\/ca\/wp-json\/wp\/v2\/arxius"}],"about":[{"href":"https:\/\/arxiusoberts.gir.cat\/ca\/wp-json\/wp\/v2\/types\/arxius"}],"wp:featuredmedia":[{"embeddable":true,"href":"https:\/\/arxiusoberts.gir.cat\/ca\/wp-json\/wp\/v2\/media\/2464"}],"wp:attachment":[{"href":"https:\/\/arxiusoberts.gir.cat\/ca\/wp-json\/wp\/v2\/media?parent=2463"}],"curies":[{"name":"wp","href":"https:\/\/api.w.org\/{rel}","templated":true}]}}

chicotén

<p>És un tambor de cordes o chicotén de sis cordes simples fabricat el 1975 per Ramon Pinto, de la Casa Parramón de Barcelona. Aquest taller fou fundat el 1897 per Ramon Parramon i sempre ha estat especialitzat en la venda i la restauració d’instruments de corda i els seus accessoris. Des dels inicis, sempre ha estat sota la direcció tècnica de la família Pinto, que segueixen mantenint l’activitat actualment. Ramon Pinto (1929-2018) era un lutier experimentat que va ser membre de la Entente Internationale des Maitres Luthiers et Archetiers (E.I.L.A.) i fundador  de la Asociación de Luthiers y Arqueteros de España (A.L.A.E.). Va dirigir la Casa Parramon durant més de quaranta anys, des dels anys seixanta fins el 2008, quan va deixar pas al seu nebot Jordi Pinto, que és la tercera generació al capdavant d’aquesta casa.</p>
<p>Està format per una caixa de fusta amb la taula harmònica de forma irregular i el fons pla i paral·lel. Té dues obertures acústiques circulars amb rosetes de fusta treballades amb calats i la celleta del claviller està decorat de manera senzilla amb estilitzacions vegetals de marqueteria. El claviller acaba en dues volutes i les clavilles són de fusta. Té transmissors de pell i les sis cordes simples són de budell. Conserva el percussor, que consisteix en una baqueta de fusta cilíndrica, lleugerament tornejada.</p>

<!-- This site is optimized with the Yoast SEO plugin v21.7 - https://yoast.com/wordpress/plugins/seo/ -->
<title>chicotén - Arxius Oberts</title>
<meta name="robots" content="index, follow, max-snippet:-1, max-image-preview:large, max-video-preview:-1" />
<link rel="canonical" href="https://arxiusoberts.gir.cat/ca/arxiu/chicoten/" />
<meta property="og:locale" content="ca_ES" />
<meta property="og:type" content="article" />
<meta property="og:title" content="chicotén - Arxius Oberts" />
<meta property="og:description" content="És un tambor de cordes o chicotén de sis cordes simples fabricat el 1975 per Ramon Pinto, de la Casa Parramón de Barcelona. Aquest taller fou fundat el 1897 per Ramon Parramon i sempre ha estat especialitzat en la venda i la restauració d’instruments de corda i els seus accessoris. Des dels inicis, sempre ha [&hellip;]" />
<meta property="og:url" content="https://arxiusoberts.gir.cat/ca/arxiu/chicoten/" />
<meta property="og:site_name" content="Arxius Oberts" />
<meta property="article:modified_time" content="2022-02-04T11:09:32+00:00" />
<meta property="og:image" content="https://arxiusoberts.gir.cat/wp-content/uploads/2021/12/https3A2F2Fcoeli-icub-hum.s3-eu-west-1.amazonaws.com2Fpublic2FHeritageObject2FH3097582F0411f1967e3095563bc16e93296be64c2Ffull2Foriginal2F02Fdefault.jpg" />
	<meta property="og:image:width" content="800" />
	<meta property="og:image:height" content="533" />
	<meta property="og:image:type" content="image/jpeg" />
<meta name="twitter:card" content="summary_large_image" />
<meta name="twitter:label1" content="Temps estimat de lectura" />
	<meta name="twitter:data1" content="1 minut" />
<script type="application/ld+json" class="yoast-schema-graph">{"@context":"https://schema.org","@graph":[{"@type":"WebPage","@id":"https://arxiusoberts.gir.cat/ca/arxiu/chicoten/","url":"https://arxiusoberts.gir.cat/ca/arxiu/chicoten/","name":"chicotén - Arxius Oberts","isPartOf":{"@id":"https://arxiusoberts.gir.cat/ca/#website"},"datePublished":"2021-12-10T10:36:08+00:00","dateModified":"2022-02-04T11:09:32+00:00","breadcrumb":{"@id":"https://arxiusoberts.gir.cat/ca/arxiu/chicoten/#breadcrumb"},"inLanguage":"ca","potentialAction":[{"@type":"ReadAction","target":["https://arxiusoberts.gir.cat/ca/arxiu/chicoten/"]}]},{"@type":"BreadcrumbList","@id":"https://arxiusoberts.gir.cat/ca/arxiu/chicoten/#breadcrumb","itemListElement":[{"@type":"ListItem","position":1,"name":"Inici","item":"https://arxiusoberts.gir.cat/ca/"},{"@type":"ListItem","position":2,"name":"chicotén"}]},{"@type":"WebSite","@id":"https://arxiusoberts.gir.cat/ca/#website","url":"https://arxiusoberts.gir.cat/ca/","name":"Arxius Oberts","description":"Narratives comunitàries de Barcelona","potentialAction":[{"@type":"SearchAction","target":{"@type":"EntryPoint","urlTemplate":"https://arxiusoberts.gir.cat/ca/?s={search_term_string}"},"query-input":"required name=search_term_string"}],"inLanguage":"ca"}]}</script>
<!-- / Yoast SEO plugin. -->

chicotén - Arxius Oberts

És un tambor de cordes o chicotén de sis cordes simples fabricat el 1975 per Ramon Pinto, de la Casa Parramón de Barcelona. Aquest taller fou fundat el 1897 per Ramon Parramon i sempre ha estat especialitzat en la venda i la restauració d’instruments de corda i els seus accessoris. Des dels inicis, sempre ha [&hellip;]

Narratives comunitàries de Barcelona
