 {"id":2465,"date":"2021-12-10T12:36:08","date_gmt":"2021-12-10T10:36:08","guid":{"rendered":"http:\/\/localhost\/arxiusoberts.cat\/ca\/?post_type=arxius&#038;p=2465"},"modified":"2022-02-04T13:09:32","modified_gmt":"2022-02-04T11:09:32","slug":"chillador","status":"publish","type":"arxius","link":"https:\/\/arxiusoberts.gir.cat\/ca\/arxiu\/chillador\/","title":{"rendered":"chillador"},"content":{"rendered":"<p>\u00c9s un chillador de tres ordres dobles i dos ordres triples de cordes obra de Timoteo Abarca i procedent d\u2019Arequipa. La taula harm\u00f2nica, de con\u00edfera i en forma de vuit, est\u00e0 decorada amb filets senzills de marqueteria i una sanefa ratllada amb fustes clares i fosques. T\u00e9 una obertura ac\u00fastica circular tamb\u00e9 decorada amb marqueteria de peces d\u2019os incrustades amb pasta negra amb puntes triangulars formant un sol. Just a sota, hi ha representat amb marqueteria un toro fet de caoba. El fons, pla, i els riscles tamb\u00e9 s\u00f3n d\u2019aquesta fusta, igual que el m\u00e0nec, el cap i el batedor, amb setze trasts fixos i sobreposat a la taula harm\u00f2nica.<\/p>\n","protected":false},"featured_media":2466,"template":"","yoast_head":"<!-- This site is optimized with the Yoast SEO plugin v21.7 - https:\/\/yoast.com\/wordpress\/plugins\/seo\/ -->\n<title>chillador - Arxius Oberts<\/title>\n<meta name=\"robots\" content=\"index, follow, max-snippet:-1, max-image-preview:large, max-video-preview:-1\" \/>\n<link rel=\"canonical\" href=\"https:\/\/arxiusoberts.gir.cat\/ca\/arxiu\/chillador\/\" \/>\n<meta property=\"og:locale\" content=\"ca_ES\" \/>\n<meta property=\"og:type\" content=\"article\" \/>\n<meta property=\"og:title\" content=\"chillador - Arxius Oberts\" \/>\n<meta property=\"og:description\" content=\"\u00c9s un chillador de tres ordres dobles i dos ordres triples de cordes obra de Timoteo Abarca i procedent d\u2019Arequipa. La taula harm\u00f2nica, de con\u00edfera i en forma de vuit, est\u00e0 decorada amb filets senzills de marqueteria i una sanefa ratllada amb fustes clares i fosques. T\u00e9 una obertura ac\u00fastica circular tamb\u00e9 decorada amb marqueteria [&hellip;]\" \/>\n<meta property=\"og:url\" content=\"https:\/\/arxiusoberts.gir.cat\/ca\/arxiu\/chillador\/\" \/>\n<meta property=\"og:site_name\" content=\"Arxius Oberts\" \/>\n<meta property=\"article:modified_time\" content=\"2022-02-04T11:09:32+00:00\" \/>\n<meta property=\"og:image\" content=\"https:\/\/arxiusoberts.gir.cat\/wp-content\/uploads\/2021\/12\/https3A2F2Fcoeli-icub-hum.s3-eu-west-1.amazonaws.com2Fpublic2FHeritageObject2FH3091852F0974b2028cbbc5299fda7aca3eed830a2Ffull2Foriginal2F02Fdefault.jpg\" \/>\n\t<meta property=\"og:image:width\" content=\"462\" \/>\n\t<meta property=\"og:image:height\" content=\"800\" \/>\n\t<meta property=\"og:image:type\" content=\"image\/jpeg\" \/>\n<meta name=\"twitter:card\" content=\"summary_large_image\" \/>\n<meta name=\"twitter:label1\" content=\"Temps estimat de lectura\" \/>\n\t<meta name=\"twitter:data1\" content=\"1 minut\" \/>\n<script type=\"application\/ld+json\" class=\"yoast-schema-graph\">{\"@context\":\"https:\/\/schema.org\",\"@graph\":[{\"@type\":\"WebPage\",\"@id\":\"https:\/\/arxiusoberts.gir.cat\/ca\/arxiu\/chillador\/\",\"url\":\"https:\/\/arxiusoberts.gir.cat\/ca\/arxiu\/chillador\/\",\"name\":\"chillador - Arxius Oberts\",\"isPartOf\":{\"@id\":\"https:\/\/arxiusoberts.gir.cat\/ca\/#website\"},\"datePublished\":\"2021-12-10T10:36:08+00:00\",\"dateModified\":\"2022-02-04T11:09:32+00:00\",\"breadcrumb\":{\"@id\":\"https:\/\/arxiusoberts.gir.cat\/ca\/arxiu\/chillador\/#breadcrumb\"},\"inLanguage\":\"ca\",\"potentialAction\":[{\"@type\":\"ReadAction\",\"target\":[\"https:\/\/arxiusoberts.gir.cat\/ca\/arxiu\/chillador\/\"]}]},{\"@type\":\"BreadcrumbList\",\"@id\":\"https:\/\/arxiusoberts.gir.cat\/ca\/arxiu\/chillador\/#breadcrumb\",\"itemListElement\":[{\"@type\":\"ListItem\",\"position\":1,\"name\":\"Inici\",\"item\":\"https:\/\/arxiusoberts.gir.cat\/ca\/\"},{\"@type\":\"ListItem\",\"position\":2,\"name\":\"chillador\"}]},{\"@type\":\"WebSite\",\"@id\":\"https:\/\/arxiusoberts.gir.cat\/ca\/#website\",\"url\":\"https:\/\/arxiusoberts.gir.cat\/ca\/\",\"name\":\"Arxius Oberts\",\"description\":\"Narratives comunit\u00e0ries de Barcelona\",\"potentialAction\":[{\"@type\":\"SearchAction\",\"target\":{\"@type\":\"EntryPoint\",\"urlTemplate\":\"https:\/\/arxiusoberts.gir.cat\/ca\/?s={search_term_string}\"},\"query-input\":\"required name=search_term_string\"}],\"inLanguage\":\"ca\"}]}<\/script>\n<!-- \/ Yoast SEO plugin. -->","yoast_head_json":{"title":"chillador - Arxius Oberts","robots":{"index":"index","follow":"follow","max-snippet":"max-snippet:-1","max-image-preview":"max-image-preview:large","max-video-preview":"max-video-preview:-1"},"canonical":"https:\/\/arxiusoberts.gir.cat\/ca\/arxiu\/chillador\/","og_locale":"ca_ES","og_type":"article","og_title":"chillador - Arxius Oberts","og_description":"\u00c9s un chillador de tres ordres dobles i dos ordres triples de cordes obra de Timoteo Abarca i procedent d\u2019Arequipa. La taula harm\u00f2nica, de con\u00edfera i en forma de vuit, est\u00e0 decorada amb filets senzills de marqueteria i una sanefa ratllada amb fustes clares i fosques. T\u00e9 una obertura ac\u00fastica circular tamb\u00e9 decorada amb marqueteria [&hellip;]","og_url":"https:\/\/arxiusoberts.gir.cat\/ca\/arxiu\/chillador\/","og_site_name":"Arxius Oberts","article_modified_time":"2022-02-04T11:09:32+00:00","og_image":[{"width":462,"height":800,"url":"https:\/\/arxiusoberts.gir.cat\/wp-content\/uploads\/2021\/12\/https3A2F2Fcoeli-icub-hum.s3-eu-west-1.amazonaws.com2Fpublic2FHeritageObject2FH3091852F0974b2028cbbc5299fda7aca3eed830a2Ffull2Foriginal2F02Fdefault.jpg","type":"image\/jpeg"}],"twitter_card":"summary_large_image","twitter_misc":{"Temps estimat de lectura":"1 minut"},"schema":{"@context":"https:\/\/schema.org","@graph":[{"@type":"WebPage","@id":"https:\/\/arxiusoberts.gir.cat\/ca\/arxiu\/chillador\/","url":"https:\/\/arxiusoberts.gir.cat\/ca\/arxiu\/chillador\/","name":"chillador - Arxius Oberts","isPartOf":{"@id":"https:\/\/arxiusoberts.gir.cat\/ca\/#website"},"datePublished":"2021-12-10T10:36:08+00:00","dateModified":"2022-02-04T11:09:32+00:00","breadcrumb":{"@id":"https:\/\/arxiusoberts.gir.cat\/ca\/arxiu\/chillador\/#breadcrumb"},"inLanguage":"ca","potentialAction":[{"@type":"ReadAction","target":["https:\/\/arxiusoberts.gir.cat\/ca\/arxiu\/chillador\/"]}]},{"@type":"BreadcrumbList","@id":"https:\/\/arxiusoberts.gir.cat\/ca\/arxiu\/chillador\/#breadcrumb","itemListElement":[{"@type":"ListItem","position":1,"name":"Inici","item":"https:\/\/arxiusoberts.gir.cat\/ca\/"},{"@type":"ListItem","position":2,"name":"chillador"}]},{"@type":"WebSite","@id":"https:\/\/arxiusoberts.gir.cat\/ca\/#website","url":"https:\/\/arxiusoberts.gir.cat\/ca\/","name":"Arxius Oberts","description":"Narratives comunit\u00e0ries de Barcelona","potentialAction":[{"@type":"SearchAction","target":{"@type":"EntryPoint","urlTemplate":"https:\/\/arxiusoberts.gir.cat\/ca\/?s={search_term_string}"},"query-input":"required name=search_term_string"}],"inLanguage":"ca"}]}},"_links":{"self":[{"href":"https:\/\/arxiusoberts.gir.cat\/ca\/wp-json\/wp\/v2\/arxius\/2465"}],"collection":[{"href":"https:\/\/arxiusoberts.gir.cat\/ca\/wp-json\/wp\/v2\/arxius"}],"about":[{"href":"https:\/\/arxiusoberts.gir.cat\/ca\/wp-json\/wp\/v2\/types\/arxius"}],"wp:featuredmedia":[{"embeddable":true,"href":"https:\/\/arxiusoberts.gir.cat\/ca\/wp-json\/wp\/v2\/media\/2466"}],"wp:attachment":[{"href":"https:\/\/arxiusoberts.gir.cat\/ca\/wp-json\/wp\/v2\/media?parent=2465"}],"curies":[{"name":"wp","href":"https:\/\/api.w.org\/{rel}","templated":true}]}}

<p>És un chillador de tres ordres dobles i dos ordres triples de cordes obra de Timoteo Abarca i procedent d’Arequipa. La taula harmònica, de conífera i en forma de vuit, està decorada amb filets senzills de marqueteria i una sanefa ratllada amb fustes clares i fosques. Té una obertura acústica circular també decorada amb marqueteria de peces d’os incrustades amb pasta negra amb puntes triangulars formant un sol. Just a sota, hi ha representat amb marqueteria un toro fet de caoba. El fons, pla, i els riscles també són d’aquesta fusta, igual que el mànec, el cap i el batedor, amb setze trasts fixos i sobreposat a la taula harmònica.</p>

<!-- This site is optimized with the Yoast SEO plugin v21.7 - https://yoast.com/wordpress/plugins/seo/ -->
<title>chillador - Arxius Oberts</title>
<meta name="robots" content="index, follow, max-snippet:-1, max-image-preview:large, max-video-preview:-1" />
<link rel="canonical" href="https://arxiusoberts.gir.cat/ca/arxiu/chillador/" />
<meta property="og:locale" content="ca_ES" />
<meta property="og:type" content="article" />
<meta property="og:title" content="chillador - Arxius Oberts" />
<meta property="og:description" content="És un chillador de tres ordres dobles i dos ordres triples de cordes obra de Timoteo Abarca i procedent d’Arequipa. La taula harmònica, de conífera i en forma de vuit, està decorada amb filets senzills de marqueteria i una sanefa ratllada amb fustes clares i fosques. Té una obertura acústica circular també decorada amb marqueteria [&hellip;]" />
<meta property="og:url" content="https://arxiusoberts.gir.cat/ca/arxiu/chillador/" />
<meta property="og:site_name" content="Arxius Oberts" />
<meta property="article:modified_time" content="2022-02-04T11:09:32+00:00" />
<meta property="og:image" content="https://arxiusoberts.gir.cat/wp-content/uploads/2021/12/https3A2F2Fcoeli-icub-hum.s3-eu-west-1.amazonaws.com2Fpublic2FHeritageObject2FH3091852F0974b2028cbbc5299fda7aca3eed830a2Ffull2Foriginal2F02Fdefault.jpg" />
	<meta property="og:image:width" content="462" />
	<meta property="og:image:height" content="800" />
	<meta property="og:image:type" content="image/jpeg" />
<meta name="twitter:card" content="summary_large_image" />
<meta name="twitter:label1" content="Temps estimat de lectura" />
	<meta name="twitter:data1" content="1 minut" />
<script type="application/ld+json" class="yoast-schema-graph">{"@context":"https://schema.org","@graph":[{"@type":"WebPage","@id":"https://arxiusoberts.gir.cat/ca/arxiu/chillador/","url":"https://arxiusoberts.gir.cat/ca/arxiu/chillador/","name":"chillador - Arxius Oberts","isPartOf":{"@id":"https://arxiusoberts.gir.cat/ca/#website"},"datePublished":"2021-12-10T10:36:08+00:00","dateModified":"2022-02-04T11:09:32+00:00","breadcrumb":{"@id":"https://arxiusoberts.gir.cat/ca/arxiu/chillador/#breadcrumb"},"inLanguage":"ca","potentialAction":[{"@type":"ReadAction","target":["https://arxiusoberts.gir.cat/ca/arxiu/chillador/"]}]},{"@type":"BreadcrumbList","@id":"https://arxiusoberts.gir.cat/ca/arxiu/chillador/#breadcrumb","itemListElement":[{"@type":"ListItem","position":1,"name":"Inici","item":"https://arxiusoberts.gir.cat/ca/"},{"@type":"ListItem","position":2,"name":"chillador"}]},{"@type":"WebSite","@id":"https://arxiusoberts.gir.cat/ca/#website","url":"https://arxiusoberts.gir.cat/ca/","name":"Arxius Oberts","description":"Narratives comunitàries de Barcelona","potentialAction":[{"@type":"SearchAction","target":{"@type":"EntryPoint","urlTemplate":"https://arxiusoberts.gir.cat/ca/?s={search_term_string}"},"query-input":"required name=search_term_string"}],"inLanguage":"ca"}]}</script>
<!-- / Yoast SEO plugin. -->

És un chillador de tres ordres dobles i dos ordres triples de cordes obra de Timoteo Abarca i procedent d’Arequipa. La taula harmònica, de conífera i en forma de vuit, està decorada amb filets senzills de marqueteria i una sanefa ratllada amb fustes clares i fosques. Té una obertura acústica circular també decorada amb marqueteria [&hellip;]

Narratives comunitàries de Barcelona
