 {"id":2479,"date":"2021-12-10T12:36:08","date_gmt":"2021-12-10T10:36:08","guid":{"rendered":"http:\/\/localhost\/arxiusoberts.cat\/ca\/?post_type=arxius&#038;p=2479"},"modified":"2022-02-04T13:09:32","modified_gmt":"2022-02-04T11:09:32","slug":"guitarra-inflable","status":"publish","type":"arxius","link":"https:\/\/arxiusoberts.gir.cat\/ca\/arxiu\/guitarra-inflable\/","title":{"rendered":"guitarra inflable"},"content":{"rendered":"<p>\u00c9s una guitarra inflable de sis cordes simples feta per Fran\u00e7ois Baschet (1920-2014), un escultor que, juntament amb el seu germ\u00e0 Bernard, es va dedicar a la creaci\u00f3 d\u2019escultures sonores i instruments musicals a partir dels anys cinquanta. Basant-se en extensos estudis d&#8217;ac\u00fastica i organologia aplicats a l&#8217;escultura, van generar nous instruments musicals i van crear una nova disciplina a mig cam\u00ed entre la el m\u00f3n de la ci\u00e8ncia i el de l&#8217;art: l&#8217;Escultura Sonora. Un element caracter\u00edstic en molts d&#8217;aquests instruments de nova creaci\u00f3 \u00e9s l&#8217;amplificador, la part de l&#8217;instrument que amplifica i radia la vibraci\u00f3, que pot estar format per planxes en el cas del cristall, o fins i tot per un coix\u00ed d&#8217;aire com en el cas de la guitarra inflable. L&#8217;any 2009 Fran\u00e7ois Baschet fund\u00e0 un nou espai de treball en col\u00b7laboraci\u00f3 amb investigadors de la Facultat de Belles Arts (Viquip\u00e8dia).<\/p>\n<p>La caixa de la guitarra est\u00e0 formada per un coix\u00ed inflable de pl\u00e0stic blau (un coic\u00ed de c\u00e0mping) mentre que el m\u00e0nec, el pont i el cordal estan fets de fusta, amb una estructura amb vareta d\u2019alumini doblegada. El batedor t\u00e9 setze trasts fixos i no presenta cap decoraci\u00f3 a part del propi color de la caixa. Aquesta guitarra va suposar la iniciaci\u00f3 de Fran\u00e7ois Baschet en la recerca ac\u00fastica. Baschet volia crear una guitarra que ocup\u00e9s poc espai per endur-se-la on sigui i tant la caixa inflable com el m\u00e0nec plegable li permetien. La va patentar el 1952 a Par\u00eds.<\/p>\n","protected":false},"featured_media":2480,"template":"","yoast_head":"<!-- This site is optimized with the Yoast SEO plugin v21.7 - https:\/\/yoast.com\/wordpress\/plugins\/seo\/ -->\n<title>guitarra inflable - Arxius Oberts<\/title>\n<meta name=\"robots\" content=\"index, follow, max-snippet:-1, max-image-preview:large, max-video-preview:-1\" \/>\n<link rel=\"canonical\" href=\"https:\/\/arxiusoberts.gir.cat\/ca\/arxiu\/guitarra-inflable\/\" \/>\n<meta property=\"og:locale\" content=\"ca_ES\" \/>\n<meta property=\"og:type\" content=\"article\" \/>\n<meta property=\"og:title\" content=\"guitarra inflable - Arxius Oberts\" \/>\n<meta property=\"og:description\" content=\"\u00c9s una guitarra inflable de sis cordes simples feta per Fran\u00e7ois Baschet (1920-2014), un escultor que, juntament amb el seu germ\u00e0 Bernard, es va dedicar a la creaci\u00f3 d\u2019escultures sonores i instruments musicals a partir dels anys cinquanta. Basant-se en extensos estudis d&#8217;ac\u00fastica i organologia aplicats a l&#8217;escultura, van generar nous instruments musicals i van [&hellip;]\" \/>\n<meta property=\"og:url\" content=\"https:\/\/arxiusoberts.gir.cat\/ca\/arxiu\/guitarra-inflable\/\" \/>\n<meta property=\"og:site_name\" content=\"Arxius Oberts\" \/>\n<meta property=\"article:modified_time\" content=\"2022-02-04T11:09:32+00:00\" \/>\n<meta property=\"og:image\" content=\"https:\/\/arxiusoberts.gir.cat\/wp-content\/uploads\/2021\/12\/https3A2F2Fcoeli-icub-hum.s3-eu-west-1.amazonaws.com2Fpublic2FHeritageObject2FH4917952F8bbf2596e2c6620f2eafc545465e60b42Ffull2Foriginal2F02Fdefault.jpg\" \/>\n\t<meta property=\"og:image:width\" content=\"533\" \/>\n\t<meta property=\"og:image:height\" content=\"800\" \/>\n\t<meta property=\"og:image:type\" content=\"image\/jpeg\" \/>\n<meta name=\"twitter:card\" content=\"summary_large_image\" \/>\n<meta name=\"twitter:label1\" content=\"Temps estimat de lectura\" \/>\n\t<meta name=\"twitter:data1\" content=\"1 minut\" \/>\n<script type=\"application\/ld+json\" class=\"yoast-schema-graph\">{\"@context\":\"https:\/\/schema.org\",\"@graph\":[{\"@type\":\"WebPage\",\"@id\":\"https:\/\/arxiusoberts.gir.cat\/ca\/arxiu\/guitarra-inflable\/\",\"url\":\"https:\/\/arxiusoberts.gir.cat\/ca\/arxiu\/guitarra-inflable\/\",\"name\":\"guitarra inflable - Arxius Oberts\",\"isPartOf\":{\"@id\":\"https:\/\/arxiusoberts.gir.cat\/ca\/#website\"},\"datePublished\":\"2021-12-10T10:36:08+00:00\",\"dateModified\":\"2022-02-04T11:09:32+00:00\",\"breadcrumb\":{\"@id\":\"https:\/\/arxiusoberts.gir.cat\/ca\/arxiu\/guitarra-inflable\/#breadcrumb\"},\"inLanguage\":\"ca\",\"potentialAction\":[{\"@type\":\"ReadAction\",\"target\":[\"https:\/\/arxiusoberts.gir.cat\/ca\/arxiu\/guitarra-inflable\/\"]}]},{\"@type\":\"BreadcrumbList\",\"@id\":\"https:\/\/arxiusoberts.gir.cat\/ca\/arxiu\/guitarra-inflable\/#breadcrumb\",\"itemListElement\":[{\"@type\":\"ListItem\",\"position\":1,\"name\":\"Inici\",\"item\":\"https:\/\/arxiusoberts.gir.cat\/ca\/\"},{\"@type\":\"ListItem\",\"position\":2,\"name\":\"guitarra inflable\"}]},{\"@type\":\"WebSite\",\"@id\":\"https:\/\/arxiusoberts.gir.cat\/ca\/#website\",\"url\":\"https:\/\/arxiusoberts.gir.cat\/ca\/\",\"name\":\"Arxius Oberts\",\"description\":\"Narratives comunit\u00e0ries de Barcelona\",\"potentialAction\":[{\"@type\":\"SearchAction\",\"target\":{\"@type\":\"EntryPoint\",\"urlTemplate\":\"https:\/\/arxiusoberts.gir.cat\/ca\/?s={search_term_string}\"},\"query-input\":\"required name=search_term_string\"}],\"inLanguage\":\"ca\"}]}<\/script>\n<!-- \/ Yoast SEO plugin. -->","yoast_head_json":{"title":"guitarra inflable - Arxius Oberts","robots":{"index":"index","follow":"follow","max-snippet":"max-snippet:-1","max-image-preview":"max-image-preview:large","max-video-preview":"max-video-preview:-1"},"canonical":"https:\/\/arxiusoberts.gir.cat\/ca\/arxiu\/guitarra-inflable\/","og_locale":"ca_ES","og_type":"article","og_title":"guitarra inflable - Arxius Oberts","og_description":"\u00c9s una guitarra inflable de sis cordes simples feta per Fran\u00e7ois Baschet (1920-2014), un escultor que, juntament amb el seu germ\u00e0 Bernard, es va dedicar a la creaci\u00f3 d\u2019escultures sonores i instruments musicals a partir dels anys cinquanta. Basant-se en extensos estudis d&#8217;ac\u00fastica i organologia aplicats a l&#8217;escultura, van generar nous instruments musicals i van [&hellip;]","og_url":"https:\/\/arxiusoberts.gir.cat\/ca\/arxiu\/guitarra-inflable\/","og_site_name":"Arxius Oberts","article_modified_time":"2022-02-04T11:09:32+00:00","og_image":[{"width":533,"height":800,"url":"https:\/\/arxiusoberts.gir.cat\/wp-content\/uploads\/2021\/12\/https3A2F2Fcoeli-icub-hum.s3-eu-west-1.amazonaws.com2Fpublic2FHeritageObject2FH4917952F8bbf2596e2c6620f2eafc545465e60b42Ffull2Foriginal2F02Fdefault.jpg","type":"image\/jpeg"}],"twitter_card":"summary_large_image","twitter_misc":{"Temps estimat de lectura":"1 minut"},"schema":{"@context":"https:\/\/schema.org","@graph":[{"@type":"WebPage","@id":"https:\/\/arxiusoberts.gir.cat\/ca\/arxiu\/guitarra-inflable\/","url":"https:\/\/arxiusoberts.gir.cat\/ca\/arxiu\/guitarra-inflable\/","name":"guitarra inflable - Arxius Oberts","isPartOf":{"@id":"https:\/\/arxiusoberts.gir.cat\/ca\/#website"},"datePublished":"2021-12-10T10:36:08+00:00","dateModified":"2022-02-04T11:09:32+00:00","breadcrumb":{"@id":"https:\/\/arxiusoberts.gir.cat\/ca\/arxiu\/guitarra-inflable\/#breadcrumb"},"inLanguage":"ca","potentialAction":[{"@type":"ReadAction","target":["https:\/\/arxiusoberts.gir.cat\/ca\/arxiu\/guitarra-inflable\/"]}]},{"@type":"BreadcrumbList","@id":"https:\/\/arxiusoberts.gir.cat\/ca\/arxiu\/guitarra-inflable\/#breadcrumb","itemListElement":[{"@type":"ListItem","position":1,"name":"Inici","item":"https:\/\/arxiusoberts.gir.cat\/ca\/"},{"@type":"ListItem","position":2,"name":"guitarra inflable"}]},{"@type":"WebSite","@id":"https:\/\/arxiusoberts.gir.cat\/ca\/#website","url":"https:\/\/arxiusoberts.gir.cat\/ca\/","name":"Arxius Oberts","description":"Narratives comunit\u00e0ries de Barcelona","potentialAction":[{"@type":"SearchAction","target":{"@type":"EntryPoint","urlTemplate":"https:\/\/arxiusoberts.gir.cat\/ca\/?s={search_term_string}"},"query-input":"required name=search_term_string"}],"inLanguage":"ca"}]}},"_links":{"self":[{"href":"https:\/\/arxiusoberts.gir.cat\/ca\/wp-json\/wp\/v2\/arxius\/2479"}],"collection":[{"href":"https:\/\/arxiusoberts.gir.cat\/ca\/wp-json\/wp\/v2\/arxius"}],"about":[{"href":"https:\/\/arxiusoberts.gir.cat\/ca\/wp-json\/wp\/v2\/types\/arxius"}],"wp:featuredmedia":[{"embeddable":true,"href":"https:\/\/arxiusoberts.gir.cat\/ca\/wp-json\/wp\/v2\/media\/2480"}],"wp:attachment":[{"href":"https:\/\/arxiusoberts.gir.cat\/ca\/wp-json\/wp\/v2\/media?parent=2479"}],"curies":[{"name":"wp","href":"https:\/\/api.w.org\/{rel}","templated":true}]}}

<p>És una guitarra inflable de sis cordes simples feta per François Baschet (1920-2014), un escultor que, juntament amb el seu germà Bernard, es va dedicar a la creació d’escultures sonores i instruments musicals a partir dels anys cinquanta. Basant-se en extensos estudis d&#8217;acústica i organologia aplicats a l&#8217;escultura, van generar nous instruments musicals i van crear una nova disciplina a mig camí entre la el món de la ciència i el de l&#8217;art: l&#8217;Escultura Sonora. Un element característic en molts d&#8217;aquests instruments de nova creació és l&#8217;amplificador, la part de l&#8217;instrument que amplifica i radia la vibració, que pot estar format per planxes en el cas del cristall, o fins i tot per un coixí d&#8217;aire com en el cas de la guitarra inflable. L&#8217;any 2009 François Baschet fundà un nou espai de treball en col·laboració amb investigadors de la Facultat de Belles Arts (Viquipèdia).</p>
<p>La caixa de la guitarra està formada per un coixí inflable de plàstic blau (un coicí de càmping) mentre que el mànec, el pont i el cordal estan fets de fusta, amb una estructura amb vareta d’alumini doblegada. El batedor té setze trasts fixos i no presenta cap decoració a part del propi color de la caixa. Aquesta guitarra va suposar la iniciació de François Baschet en la recerca acústica. Baschet volia crear una guitarra que ocupés poc espai per endur-se-la on sigui i tant la caixa inflable com el mànec plegable li permetien. La va patentar el 1952 a París.</p>

<!-- This site is optimized with the Yoast SEO plugin v21.7 - https://yoast.com/wordpress/plugins/seo/ -->
<title>guitarra inflable - Arxius Oberts</title>
<meta name="robots" content="index, follow, max-snippet:-1, max-image-preview:large, max-video-preview:-1" />
<link rel="canonical" href="https://arxiusoberts.gir.cat/ca/arxiu/guitarra-inflable/" />
<meta property="og:locale" content="ca_ES" />
<meta property="og:type" content="article" />
<meta property="og:title" content="guitarra inflable - Arxius Oberts" />
<meta property="og:description" content="És una guitarra inflable de sis cordes simples feta per François Baschet (1920-2014), un escultor que, juntament amb el seu germà Bernard, es va dedicar a la creació d’escultures sonores i instruments musicals a partir dels anys cinquanta. Basant-se en extensos estudis d&#8217;acústica i organologia aplicats a l&#8217;escultura, van generar nous instruments musicals i van [&hellip;]" />
<meta property="og:url" content="https://arxiusoberts.gir.cat/ca/arxiu/guitarra-inflable/" />
<meta property="og:site_name" content="Arxius Oberts" />
<meta property="article:modified_time" content="2022-02-04T11:09:32+00:00" />
<meta property="og:image" content="https://arxiusoberts.gir.cat/wp-content/uploads/2021/12/https3A2F2Fcoeli-icub-hum.s3-eu-west-1.amazonaws.com2Fpublic2FHeritageObject2FH4917952F8bbf2596e2c6620f2eafc545465e60b42Ffull2Foriginal2F02Fdefault.jpg" />
	<meta property="og:image:width" content="533" />
	<meta property="og:image:height" content="800" />
	<meta property="og:image:type" content="image/jpeg" />
<meta name="twitter:card" content="summary_large_image" />
<meta name="twitter:label1" content="Temps estimat de lectura" />
	<meta name="twitter:data1" content="1 minut" />
<script type="application/ld+json" class="yoast-schema-graph">{"@context":"https://schema.org","@graph":[{"@type":"WebPage","@id":"https://arxiusoberts.gir.cat/ca/arxiu/guitarra-inflable/","url":"https://arxiusoberts.gir.cat/ca/arxiu/guitarra-inflable/","name":"guitarra inflable - Arxius Oberts","isPartOf":{"@id":"https://arxiusoberts.gir.cat/ca/#website"},"datePublished":"2021-12-10T10:36:08+00:00","dateModified":"2022-02-04T11:09:32+00:00","breadcrumb":{"@id":"https://arxiusoberts.gir.cat/ca/arxiu/guitarra-inflable/#breadcrumb"},"inLanguage":"ca","potentialAction":[{"@type":"ReadAction","target":["https://arxiusoberts.gir.cat/ca/arxiu/guitarra-inflable/"]}]},{"@type":"BreadcrumbList","@id":"https://arxiusoberts.gir.cat/ca/arxiu/guitarra-inflable/#breadcrumb","itemListElement":[{"@type":"ListItem","position":1,"name":"Inici","item":"https://arxiusoberts.gir.cat/ca/"},{"@type":"ListItem","position":2,"name":"guitarra inflable"}]},{"@type":"WebSite","@id":"https://arxiusoberts.gir.cat/ca/#website","url":"https://arxiusoberts.gir.cat/ca/","name":"Arxius Oberts","description":"Narratives comunitàries de Barcelona","potentialAction":[{"@type":"SearchAction","target":{"@type":"EntryPoint","urlTemplate":"https://arxiusoberts.gir.cat/ca/?s={search_term_string}"},"query-input":"required name=search_term_string"}],"inLanguage":"ca"}]}</script>
<!-- / Yoast SEO plugin. -->

És una guitarra inflable de sis cordes simples feta per François Baschet (1920-2014), un escultor que, juntament amb el seu germà Bernard, es va dedicar a la creació d’escultures sonores i instruments musicals a partir dels anys cinquanta. Basant-se en extensos estudis d&#8217;acústica i organologia aplicats a l&#8217;escultura, van generar nous instruments musicals i van [&hellip;]

Narratives comunitàries de Barcelona
