 {"id":2499,"date":"2021-12-10T12:36:08","date_gmt":"2021-12-10T10:36:08","guid":{"rendered":"http:\/\/localhost\/arxiusoberts.cat\/ca\/?post_type=arxius&#038;p=2499"},"modified":"2022-02-04T13:09:32","modified_gmt":"2022-02-04T11:09:32","slug":"psalterium-decacordarum","status":"publish","type":"arxius","link":"https:\/\/arxiusoberts.gir.cat\/ca\/arxiu\/psalterium-decacordarum\/","title":{"rendered":"psalterium decacordarum"},"content":{"rendered":"<p>\u00c9s una c\u00edtara constru\u00efda per Nelly van Ree Bernard (1923-2012), una music\u00f2loga i constructora d\u2019instruments musicals origin\u00e0ria dels Pa\u00efsos Baixos i criada a Barcelona. Despr\u00e9s de formar-se en diferents instruments i viatjar, es va centrar en la m\u00fasica ib\u00e8rica del segle XVI i la formar el conjunt instrumental i de veu M\u00fasica Ib\u00e9rica. Va ser en aquest moment que va comen\u00e7ar a redissenyar instruments antics (tipus saltiris i clavicordis), que reprodu\u00ed i constru\u00ed a partir de pl\u00e0nols de diversos constructors d\u2019Alemanya i Holanda. Va reconstruir la interpretaci\u00f3 d&#8217;aquests instruments, enregistrant-ne diversos aspectes en discs i cassets. Va deixar el llegat dels seus instruments, pl\u00e0nols i textos al Museu de la M\u00fasica de Barcelona (Viquip\u00e8dia).<\/p>\n<p>La c\u00edtara, que \u00e9s una representaci\u00f3 basada en models del segle X, \u00e9s de deu cordes simples individuals disposades de manera obliqua, en deu clavilles simples. La forma de la taula \u00e9s triangular i no t\u00e9 obertures ac\u00fastiques. Pel que fa a l\u2019afinaci\u00f3, no en t\u00e9, ja que les cordes s\u00f3n falses per imitar la disposici\u00f3 de cordes dels instruments originals. La fusta est\u00e0 decorada amb policromia a base d\u2019ocre i vermell i presenta un ganxo per poder-lo penjar.<\/p>\n","protected":false},"featured_media":2500,"template":"","yoast_head":"<!-- This site is optimized with the Yoast SEO plugin v21.7 - https:\/\/yoast.com\/wordpress\/plugins\/seo\/ -->\n<title>psalterium decacordarum - Arxius Oberts<\/title>\n<meta name=\"robots\" content=\"index, follow, max-snippet:-1, max-image-preview:large, max-video-preview:-1\" \/>\n<link rel=\"canonical\" href=\"https:\/\/arxiusoberts.gir.cat\/ca\/arxiu\/psalterium-decacordarum\/\" \/>\n<meta property=\"og:locale\" content=\"ca_ES\" \/>\n<meta property=\"og:type\" content=\"article\" \/>\n<meta property=\"og:title\" content=\"psalterium decacordarum - Arxius Oberts\" \/>\n<meta property=\"og:description\" content=\"\u00c9s una c\u00edtara constru\u00efda per Nelly van Ree Bernard (1923-2012), una music\u00f2loga i constructora d\u2019instruments musicals origin\u00e0ria dels Pa\u00efsos Baixos i criada a Barcelona. Despr\u00e9s de formar-se en diferents instruments i viatjar, es va centrar en la m\u00fasica ib\u00e8rica del segle XVI i la formar el conjunt instrumental i de veu M\u00fasica Ib\u00e9rica. Va ser [&hellip;]\" \/>\n<meta property=\"og:url\" content=\"https:\/\/arxiusoberts.gir.cat\/ca\/arxiu\/psalterium-decacordarum\/\" \/>\n<meta property=\"og:site_name\" content=\"Arxius Oberts\" \/>\n<meta property=\"article:modified_time\" content=\"2022-02-04T11:09:32+00:00\" \/>\n<meta property=\"og:image\" content=\"https:\/\/arxiusoberts.gir.cat\/wp-content\/uploads\/2021\/12\/https3A2F2Fcoeli-icub-hum.s3-eu-west-1.amazonaws.com2Fpublic2FHeritageObject2FH3094532F180c748a31b132bd5377073a6e7cfbc12Ffull2Foriginal2F02Fdefault.jpg\" \/>\n\t<meta property=\"og:image:width\" content=\"800\" \/>\n\t<meta property=\"og:image:height\" content=\"535\" \/>\n\t<meta property=\"og:image:type\" content=\"image\/jpeg\" \/>\n<meta name=\"twitter:card\" content=\"summary_large_image\" \/>\n<meta name=\"twitter:label1\" content=\"Temps estimat de lectura\" \/>\n\t<meta name=\"twitter:data1\" content=\"1 minut\" \/>\n<script type=\"application\/ld+json\" class=\"yoast-schema-graph\">{\"@context\":\"https:\/\/schema.org\",\"@graph\":[{\"@type\":\"WebPage\",\"@id\":\"https:\/\/arxiusoberts.gir.cat\/ca\/arxiu\/psalterium-decacordarum\/\",\"url\":\"https:\/\/arxiusoberts.gir.cat\/ca\/arxiu\/psalterium-decacordarum\/\",\"name\":\"psalterium decacordarum - Arxius Oberts\",\"isPartOf\":{\"@id\":\"https:\/\/arxiusoberts.gir.cat\/ca\/#website\"},\"datePublished\":\"2021-12-10T10:36:08+00:00\",\"dateModified\":\"2022-02-04T11:09:32+00:00\",\"breadcrumb\":{\"@id\":\"https:\/\/arxiusoberts.gir.cat\/ca\/arxiu\/psalterium-decacordarum\/#breadcrumb\"},\"inLanguage\":\"ca\",\"potentialAction\":[{\"@type\":\"ReadAction\",\"target\":[\"https:\/\/arxiusoberts.gir.cat\/ca\/arxiu\/psalterium-decacordarum\/\"]}]},{\"@type\":\"BreadcrumbList\",\"@id\":\"https:\/\/arxiusoberts.gir.cat\/ca\/arxiu\/psalterium-decacordarum\/#breadcrumb\",\"itemListElement\":[{\"@type\":\"ListItem\",\"position\":1,\"name\":\"Inici\",\"item\":\"https:\/\/arxiusoberts.gir.cat\/ca\/\"},{\"@type\":\"ListItem\",\"position\":2,\"name\":\"psalterium decacordarum\"}]},{\"@type\":\"WebSite\",\"@id\":\"https:\/\/arxiusoberts.gir.cat\/ca\/#website\",\"url\":\"https:\/\/arxiusoberts.gir.cat\/ca\/\",\"name\":\"Arxius Oberts\",\"description\":\"Narratives comunit\u00e0ries de Barcelona\",\"potentialAction\":[{\"@type\":\"SearchAction\",\"target\":{\"@type\":\"EntryPoint\",\"urlTemplate\":\"https:\/\/arxiusoberts.gir.cat\/ca\/?s={search_term_string}\"},\"query-input\":\"required name=search_term_string\"}],\"inLanguage\":\"ca\"}]}<\/script>\n<!-- \/ Yoast SEO plugin. -->","yoast_head_json":{"title":"psalterium decacordarum - Arxius Oberts","robots":{"index":"index","follow":"follow","max-snippet":"max-snippet:-1","max-image-preview":"max-image-preview:large","max-video-preview":"max-video-preview:-1"},"canonical":"https:\/\/arxiusoberts.gir.cat\/ca\/arxiu\/psalterium-decacordarum\/","og_locale":"ca_ES","og_type":"article","og_title":"psalterium decacordarum - Arxius Oberts","og_description":"\u00c9s una c\u00edtara constru\u00efda per Nelly van Ree Bernard (1923-2012), una music\u00f2loga i constructora d\u2019instruments musicals origin\u00e0ria dels Pa\u00efsos Baixos i criada a Barcelona. Despr\u00e9s de formar-se en diferents instruments i viatjar, es va centrar en la m\u00fasica ib\u00e8rica del segle XVI i la formar el conjunt instrumental i de veu M\u00fasica Ib\u00e9rica. Va ser [&hellip;]","og_url":"https:\/\/arxiusoberts.gir.cat\/ca\/arxiu\/psalterium-decacordarum\/","og_site_name":"Arxius Oberts","article_modified_time":"2022-02-04T11:09:32+00:00","og_image":[{"width":800,"height":535,"url":"https:\/\/arxiusoberts.gir.cat\/wp-content\/uploads\/2021\/12\/https3A2F2Fcoeli-icub-hum.s3-eu-west-1.amazonaws.com2Fpublic2FHeritageObject2FH3094532F180c748a31b132bd5377073a6e7cfbc12Ffull2Foriginal2F02Fdefault.jpg","type":"image\/jpeg"}],"twitter_card":"summary_large_image","twitter_misc":{"Temps estimat de lectura":"1 minut"},"schema":{"@context":"https:\/\/schema.org","@graph":[{"@type":"WebPage","@id":"https:\/\/arxiusoberts.gir.cat\/ca\/arxiu\/psalterium-decacordarum\/","url":"https:\/\/arxiusoberts.gir.cat\/ca\/arxiu\/psalterium-decacordarum\/","name":"psalterium decacordarum - Arxius Oberts","isPartOf":{"@id":"https:\/\/arxiusoberts.gir.cat\/ca\/#website"},"datePublished":"2021-12-10T10:36:08+00:00","dateModified":"2022-02-04T11:09:32+00:00","breadcrumb":{"@id":"https:\/\/arxiusoberts.gir.cat\/ca\/arxiu\/psalterium-decacordarum\/#breadcrumb"},"inLanguage":"ca","potentialAction":[{"@type":"ReadAction","target":["https:\/\/arxiusoberts.gir.cat\/ca\/arxiu\/psalterium-decacordarum\/"]}]},{"@type":"BreadcrumbList","@id":"https:\/\/arxiusoberts.gir.cat\/ca\/arxiu\/psalterium-decacordarum\/#breadcrumb","itemListElement":[{"@type":"ListItem","position":1,"name":"Inici","item":"https:\/\/arxiusoberts.gir.cat\/ca\/"},{"@type":"ListItem","position":2,"name":"psalterium decacordarum"}]},{"@type":"WebSite","@id":"https:\/\/arxiusoberts.gir.cat\/ca\/#website","url":"https:\/\/arxiusoberts.gir.cat\/ca\/","name":"Arxius Oberts","description":"Narratives comunit\u00e0ries de Barcelona","potentialAction":[{"@type":"SearchAction","target":{"@type":"EntryPoint","urlTemplate":"https:\/\/arxiusoberts.gir.cat\/ca\/?s={search_term_string}"},"query-input":"required name=search_term_string"}],"inLanguage":"ca"}]}},"_links":{"self":[{"href":"https:\/\/arxiusoberts.gir.cat\/ca\/wp-json\/wp\/v2\/arxius\/2499"}],"collection":[{"href":"https:\/\/arxiusoberts.gir.cat\/ca\/wp-json\/wp\/v2\/arxius"}],"about":[{"href":"https:\/\/arxiusoberts.gir.cat\/ca\/wp-json\/wp\/v2\/types\/arxius"}],"wp:featuredmedia":[{"embeddable":true,"href":"https:\/\/arxiusoberts.gir.cat\/ca\/wp-json\/wp\/v2\/media\/2500"}],"wp:attachment":[{"href":"https:\/\/arxiusoberts.gir.cat\/ca\/wp-json\/wp\/v2\/media?parent=2499"}],"curies":[{"name":"wp","href":"https:\/\/api.w.org\/{rel}","templated":true}]}}

<p>És una cítara construïda per Nelly van Ree Bernard (1923-2012), una musicòloga i constructora d’instruments musicals originària dels Països Baixos i criada a Barcelona. Després de formar-se en diferents instruments i viatjar, es va centrar en la música ibèrica del segle XVI i la formar el conjunt instrumental i de veu Música Ibérica. Va ser en aquest moment que va començar a redissenyar instruments antics (tipus saltiris i clavicordis), que reproduí i construí a partir de plànols de diversos constructors d’Alemanya i Holanda. Va reconstruir la interpretació d&#8217;aquests instruments, enregistrant-ne diversos aspectes en discs i cassets. Va deixar el llegat dels seus instruments, plànols i textos al Museu de la Música de Barcelona (Viquipèdia).</p>
<p>La cítara, que és una representació basada en models del segle X, és de deu cordes simples individuals disposades de manera obliqua, en deu clavilles simples. La forma de la taula és triangular i no té obertures acústiques. Pel que fa a l’afinació, no en té, ja que les cordes són falses per imitar la disposició de cordes dels instruments originals. La fusta està decorada amb policromia a base d’ocre i vermell i presenta un ganxo per poder-lo penjar.</p>

<!-- This site is optimized with the Yoast SEO plugin v21.7 - https://yoast.com/wordpress/plugins/seo/ -->
<title>psalterium decacordarum - Arxius Oberts</title>
<meta name="robots" content="index, follow, max-snippet:-1, max-image-preview:large, max-video-preview:-1" />
<link rel="canonical" href="https://arxiusoberts.gir.cat/ca/arxiu/psalterium-decacordarum/" />
<meta property="og:locale" content="ca_ES" />
<meta property="og:type" content="article" />
<meta property="og:title" content="psalterium decacordarum - Arxius Oberts" />
<meta property="og:description" content="És una cítara construïda per Nelly van Ree Bernard (1923-2012), una musicòloga i constructora d’instruments musicals originària dels Països Baixos i criada a Barcelona. Després de formar-se en diferents instruments i viatjar, es va centrar en la música ibèrica del segle XVI i la formar el conjunt instrumental i de veu Música Ibérica. Va ser [&hellip;]" />
<meta property="og:url" content="https://arxiusoberts.gir.cat/ca/arxiu/psalterium-decacordarum/" />
<meta property="og:site_name" content="Arxius Oberts" />
<meta property="article:modified_time" content="2022-02-04T11:09:32+00:00" />
<meta property="og:image" content="https://arxiusoberts.gir.cat/wp-content/uploads/2021/12/https3A2F2Fcoeli-icub-hum.s3-eu-west-1.amazonaws.com2Fpublic2FHeritageObject2FH3094532F180c748a31b132bd5377073a6e7cfbc12Ffull2Foriginal2F02Fdefault.jpg" />
	<meta property="og:image:width" content="800" />
	<meta property="og:image:height" content="535" />
	<meta property="og:image:type" content="image/jpeg" />
<meta name="twitter:card" content="summary_large_image" />
<meta name="twitter:label1" content="Temps estimat de lectura" />
	<meta name="twitter:data1" content="1 minut" />
<script type="application/ld+json" class="yoast-schema-graph">{"@context":"https://schema.org","@graph":[{"@type":"WebPage","@id":"https://arxiusoberts.gir.cat/ca/arxiu/psalterium-decacordarum/","url":"https://arxiusoberts.gir.cat/ca/arxiu/psalterium-decacordarum/","name":"psalterium decacordarum - Arxius Oberts","isPartOf":{"@id":"https://arxiusoberts.gir.cat/ca/#website"},"datePublished":"2021-12-10T10:36:08+00:00","dateModified":"2022-02-04T11:09:32+00:00","breadcrumb":{"@id":"https://arxiusoberts.gir.cat/ca/arxiu/psalterium-decacordarum/#breadcrumb"},"inLanguage":"ca","potentialAction":[{"@type":"ReadAction","target":["https://arxiusoberts.gir.cat/ca/arxiu/psalterium-decacordarum/"]}]},{"@type":"BreadcrumbList","@id":"https://arxiusoberts.gir.cat/ca/arxiu/psalterium-decacordarum/#breadcrumb","itemListElement":[{"@type":"ListItem","position":1,"name":"Inici","item":"https://arxiusoberts.gir.cat/ca/"},{"@type":"ListItem","position":2,"name":"psalterium decacordarum"}]},{"@type":"WebSite","@id":"https://arxiusoberts.gir.cat/ca/#website","url":"https://arxiusoberts.gir.cat/ca/","name":"Arxius Oberts","description":"Narratives comunitàries de Barcelona","potentialAction":[{"@type":"SearchAction","target":{"@type":"EntryPoint","urlTemplate":"https://arxiusoberts.gir.cat/ca/?s={search_term_string}"},"query-input":"required name=search_term_string"}],"inLanguage":"ca"}]}</script>
<!-- / Yoast SEO plugin. -->

És una cítara construïda per Nelly van Ree Bernard (1923-2012), una musicòloga i constructora d’instruments musicals originària dels Països Baixos i criada a Barcelona. Després de formar-se en diferents instruments i viatjar, es va centrar en la música ibèrica del segle XVI i la formar el conjunt instrumental i de veu Música Ibérica. Va ser [&hellip;]

Narratives comunitàries de Barcelona
