 {"id":2509,"date":"2021-12-10T12:36:08","date_gmt":"2021-12-10T10:36:08","guid":{"rendered":"http:\/\/localhost\/arxiusoberts.cat\/ca\/?post_type=arxius&#038;p=2509"},"modified":"2022-02-04T13:09:33","modified_gmt":"2022-02-04T11:09:33","slug":"piano-de-cua","status":"publish","type":"arxius","link":"https:\/\/arxiusoberts.gir.cat\/ca\/arxiu\/piano-de-cua\/","title":{"rendered":"piano de cua"},"content":{"rendered":"<p>\u00c9s un piano de mitja cua de corba doble amb un teclat de vuitanta-vuit tecles, de La-2 a Do7. Funciona amb una mec\u00e0nica de doble escapament i t\u00e9 dos pedals, de forte i una corda. \u00c9s obra de Carl R\u00f6nisch (1814-1894), un constructor de pianos que es va formar als tallers del conegut H\u00e4nel a Naumburg. Als anys quaranta del segle XIX es va traslladar a Dresden i all\u00ed hi fund\u00e0 el seu propi taller el 1845. Els seus pianos es van exportar a Sud-\u00c0frica, Calif\u00f2rnia, M\u00e8xic, Austr\u00e0lia, etc. i va guanyar varis premis en exposicions nacionals i internacionals. Despr\u00e9s de la seva mort, el seu fill va continuar el negoci (Viquip\u00e8dia). Es coneix amb el nom de piano d\u2019Alb\u00e9niz, ja que va ser constru\u00eft exclusivament per al pianista Isaac Alb\u00e9niz i va ser el que va utilitzar durant els darrers anys de la seva vida. L\u2019any 1984 la fam\u00edlia Alb\u00e9niz en va fer donaci\u00f3 al Museu de la M\u00fasica. <\/p>\n<p>El moble descansa sobre quatre potes, tres de gruixudes tornejades sobre rodes i una al centre amb dues columnes que aguanta els pedals. \u00c9s un piano de mitja cua amb l\u2019exterior de fusta lacada negre. L\u2019estructura interna t\u00e9 una placa met\u00e0l\u00b7lica, barres de refor\u00e7 i el claviller \u00e9s met\u00e0l\u00b7lic. La taula harm\u00f2nica \u00e9s d\u2019avet amb veta transversal envernissada i a sobre hi ha un refor\u00e7 de metall amb barres i planxa tot seguint la corba. A la planxa hi ha tres escuts calats en relleu, la marca R\u00f6nisch i la signatura d\u2019Alb\u00e9niz. Pel que fa al teclat, les tecles naturals s\u00f3n xapades d&#8217;ivori i les alterades s\u00f3n de ban\u00fas. Les cordes s\u00f3n d&#8217;acer, i les greus, de La-2 a Sib-1, entorxades de bronze. Les dels baixos es creuen en sentit oblic cap al centre de la cua. La restauraci\u00f3 duta a terme pel Museu de la Musica ha fet possible que el piano R\u00f6nisch estigui en unes condicions molt semblants a les que tenia quan era utilitzat per Alb\u00e8niz.<\/p>\n","protected":false},"featured_media":2510,"template":"","yoast_head":"<!-- This site is optimized with the Yoast SEO plugin v21.7 - https:\/\/yoast.com\/wordpress\/plugins\/seo\/ -->\n<title>piano de cua - Arxius Oberts<\/title>\n<meta name=\"robots\" content=\"index, follow, max-snippet:-1, max-image-preview:large, max-video-preview:-1\" \/>\n<link rel=\"canonical\" href=\"https:\/\/arxiusoberts.gir.cat\/ca\/arxiu\/piano-de-cua\/\" \/>\n<meta property=\"og:locale\" content=\"ca_ES\" \/>\n<meta property=\"og:type\" content=\"article\" \/>\n<meta property=\"og:title\" content=\"piano de cua - Arxius Oberts\" \/>\n<meta property=\"og:description\" content=\"\u00c9s un piano de mitja cua de corba doble amb un teclat de vuitanta-vuit tecles, de La-2 a Do7. Funciona amb una mec\u00e0nica de doble escapament i t\u00e9 dos pedals, de forte i una corda. \u00c9s obra de Carl R\u00f6nisch (1814-1894), un constructor de pianos que es va formar als tallers del conegut H\u00e4nel a [&hellip;]\" \/>\n<meta property=\"og:url\" content=\"https:\/\/arxiusoberts.gir.cat\/ca\/arxiu\/piano-de-cua\/\" \/>\n<meta property=\"og:site_name\" content=\"Arxius Oberts\" \/>\n<meta property=\"article:modified_time\" content=\"2022-02-04T11:09:33+00:00\" \/>\n<meta property=\"og:image\" content=\"https:\/\/arxiusoberts.gir.cat\/wp-content\/uploads\/2021\/12\/https3A2F2Fcoeli-icub-hum.s3-eu-west-1.amazonaws.com2Fpublic2FHeritageObject2FH3090292Fda9e93cf526b1a7f263db6a1efa2973b2Ffull2Foriginal2F02Fdefault.jpg\" \/>\n\t<meta property=\"og:image:width\" content=\"786\" \/>\n\t<meta property=\"og:image:height\" content=\"800\" \/>\n\t<meta property=\"og:image:type\" content=\"image\/jpeg\" \/>\n<meta name=\"twitter:card\" content=\"summary_large_image\" \/>\n<meta name=\"twitter:label1\" content=\"Temps estimat de lectura\" \/>\n\t<meta name=\"twitter:data1\" content=\"2 minuts\" \/>\n<script type=\"application\/ld+json\" class=\"yoast-schema-graph\">{\"@context\":\"https:\/\/schema.org\",\"@graph\":[{\"@type\":\"WebPage\",\"@id\":\"https:\/\/arxiusoberts.gir.cat\/ca\/arxiu\/piano-de-cua\/\",\"url\":\"https:\/\/arxiusoberts.gir.cat\/ca\/arxiu\/piano-de-cua\/\",\"name\":\"piano de cua - Arxius Oberts\",\"isPartOf\":{\"@id\":\"https:\/\/arxiusoberts.gir.cat\/ca\/#website\"},\"datePublished\":\"2021-12-10T10:36:08+00:00\",\"dateModified\":\"2022-02-04T11:09:33+00:00\",\"breadcrumb\":{\"@id\":\"https:\/\/arxiusoberts.gir.cat\/ca\/arxiu\/piano-de-cua\/#breadcrumb\"},\"inLanguage\":\"ca\",\"potentialAction\":[{\"@type\":\"ReadAction\",\"target\":[\"https:\/\/arxiusoberts.gir.cat\/ca\/arxiu\/piano-de-cua\/\"]}]},{\"@type\":\"BreadcrumbList\",\"@id\":\"https:\/\/arxiusoberts.gir.cat\/ca\/arxiu\/piano-de-cua\/#breadcrumb\",\"itemListElement\":[{\"@type\":\"ListItem\",\"position\":1,\"name\":\"Inici\",\"item\":\"https:\/\/arxiusoberts.gir.cat\/ca\/\"},{\"@type\":\"ListItem\",\"position\":2,\"name\":\"piano de cua\"}]},{\"@type\":\"WebSite\",\"@id\":\"https:\/\/arxiusoberts.gir.cat\/ca\/#website\",\"url\":\"https:\/\/arxiusoberts.gir.cat\/ca\/\",\"name\":\"Arxius Oberts\",\"description\":\"Narratives comunit\u00e0ries de Barcelona\",\"potentialAction\":[{\"@type\":\"SearchAction\",\"target\":{\"@type\":\"EntryPoint\",\"urlTemplate\":\"https:\/\/arxiusoberts.gir.cat\/ca\/?s={search_term_string}\"},\"query-input\":\"required name=search_term_string\"}],\"inLanguage\":\"ca\"}]}<\/script>\n<!-- \/ Yoast SEO plugin. -->","yoast_head_json":{"title":"piano de cua - Arxius Oberts","robots":{"index":"index","follow":"follow","max-snippet":"max-snippet:-1","max-image-preview":"max-image-preview:large","max-video-preview":"max-video-preview:-1"},"canonical":"https:\/\/arxiusoberts.gir.cat\/ca\/arxiu\/piano-de-cua\/","og_locale":"ca_ES","og_type":"article","og_title":"piano de cua - Arxius Oberts","og_description":"\u00c9s un piano de mitja cua de corba doble amb un teclat de vuitanta-vuit tecles, de La-2 a Do7. Funciona amb una mec\u00e0nica de doble escapament i t\u00e9 dos pedals, de forte i una corda. \u00c9s obra de Carl R\u00f6nisch (1814-1894), un constructor de pianos que es va formar als tallers del conegut H\u00e4nel a [&hellip;]","og_url":"https:\/\/arxiusoberts.gir.cat\/ca\/arxiu\/piano-de-cua\/","og_site_name":"Arxius Oberts","article_modified_time":"2022-02-04T11:09:33+00:00","og_image":[{"width":786,"height":800,"url":"https:\/\/arxiusoberts.gir.cat\/wp-content\/uploads\/2021\/12\/https3A2F2Fcoeli-icub-hum.s3-eu-west-1.amazonaws.com2Fpublic2FHeritageObject2FH3090292Fda9e93cf526b1a7f263db6a1efa2973b2Ffull2Foriginal2F02Fdefault.jpg","type":"image\/jpeg"}],"twitter_card":"summary_large_image","twitter_misc":{"Temps estimat de lectura":"2 minuts"},"schema":{"@context":"https:\/\/schema.org","@graph":[{"@type":"WebPage","@id":"https:\/\/arxiusoberts.gir.cat\/ca\/arxiu\/piano-de-cua\/","url":"https:\/\/arxiusoberts.gir.cat\/ca\/arxiu\/piano-de-cua\/","name":"piano de cua - Arxius Oberts","isPartOf":{"@id":"https:\/\/arxiusoberts.gir.cat\/ca\/#website"},"datePublished":"2021-12-10T10:36:08+00:00","dateModified":"2022-02-04T11:09:33+00:00","breadcrumb":{"@id":"https:\/\/arxiusoberts.gir.cat\/ca\/arxiu\/piano-de-cua\/#breadcrumb"},"inLanguage":"ca","potentialAction":[{"@type":"ReadAction","target":["https:\/\/arxiusoberts.gir.cat\/ca\/arxiu\/piano-de-cua\/"]}]},{"@type":"BreadcrumbList","@id":"https:\/\/arxiusoberts.gir.cat\/ca\/arxiu\/piano-de-cua\/#breadcrumb","itemListElement":[{"@type":"ListItem","position":1,"name":"Inici","item":"https:\/\/arxiusoberts.gir.cat\/ca\/"},{"@type":"ListItem","position":2,"name":"piano de cua"}]},{"@type":"WebSite","@id":"https:\/\/arxiusoberts.gir.cat\/ca\/#website","url":"https:\/\/arxiusoberts.gir.cat\/ca\/","name":"Arxius Oberts","description":"Narratives comunit\u00e0ries de Barcelona","potentialAction":[{"@type":"SearchAction","target":{"@type":"EntryPoint","urlTemplate":"https:\/\/arxiusoberts.gir.cat\/ca\/?s={search_term_string}"},"query-input":"required name=search_term_string"}],"inLanguage":"ca"}]}},"_links":{"self":[{"href":"https:\/\/arxiusoberts.gir.cat\/ca\/wp-json\/wp\/v2\/arxius\/2509"}],"collection":[{"href":"https:\/\/arxiusoberts.gir.cat\/ca\/wp-json\/wp\/v2\/arxius"}],"about":[{"href":"https:\/\/arxiusoberts.gir.cat\/ca\/wp-json\/wp\/v2\/types\/arxius"}],"wp:featuredmedia":[{"embeddable":true,"href":"https:\/\/arxiusoberts.gir.cat\/ca\/wp-json\/wp\/v2\/media\/2510"}],"wp:attachment":[{"href":"https:\/\/arxiusoberts.gir.cat\/ca\/wp-json\/wp\/v2\/media?parent=2509"}],"curies":[{"name":"wp","href":"https:\/\/api.w.org\/{rel}","templated":true}]}}

<p>És un piano de mitja cua de corba doble amb un teclat de vuitanta-vuit tecles, de La-2 a Do7. Funciona amb una mecànica de doble escapament i té dos pedals, de forte i una corda. És obra de Carl Rönisch (1814-1894), un constructor de pianos que es va formar als tallers del conegut Hänel a Naumburg. Als anys quaranta del segle XIX es va traslladar a Dresden i allí hi fundà el seu propi taller el 1845. Els seus pianos es van exportar a Sud-Àfrica, Califòrnia, Mèxic, Austràlia, etc. i va guanyar varis premis en exposicions nacionals i internacionals. Després de la seva mort, el seu fill va continuar el negoci (Viquipèdia). Es coneix amb el nom de piano d’Albéniz, ja que va ser construït exclusivament per al pianista Isaac Albéniz i va ser el que va utilitzar durant els darrers anys de la seva vida. L’any 1984 la família Albéniz en va fer donació al Museu de la Música. </p>
<p>El moble descansa sobre quatre potes, tres de gruixudes tornejades sobre rodes i una al centre amb dues columnes que aguanta els pedals. És un piano de mitja cua amb l’exterior de fusta lacada negre. L’estructura interna té una placa metàl·lica, barres de reforç i el claviller és metàl·lic. La taula harmònica és d’avet amb veta transversal envernissada i a sobre hi ha un reforç de metall amb barres i planxa tot seguint la corba. A la planxa hi ha tres escuts calats en relleu, la marca Rönisch i la signatura d’Albéniz. Pel que fa al teclat, les tecles naturals són xapades d&#8217;ivori i les alterades són de banús. Les cordes són d&#8217;acer, i les greus, de La-2 a Sib-1, entorxades de bronze. Les dels baixos es creuen en sentit oblic cap al centre de la cua. La restauració duta a terme pel Museu de la Musica ha fet possible que el piano Rönisch estigui en unes condicions molt semblants a les que tenia quan era utilitzat per Albèniz.</p>

<!-- This site is optimized with the Yoast SEO plugin v21.7 - https://yoast.com/wordpress/plugins/seo/ -->
<title>piano de cua - Arxius Oberts</title>
<meta name="robots" content="index, follow, max-snippet:-1, max-image-preview:large, max-video-preview:-1" />
<link rel="canonical" href="https://arxiusoberts.gir.cat/ca/arxiu/piano-de-cua/" />
<meta property="og:locale" content="ca_ES" />
<meta property="og:type" content="article" />
<meta property="og:title" content="piano de cua - Arxius Oberts" />
<meta property="og:description" content="És un piano de mitja cua de corba doble amb un teclat de vuitanta-vuit tecles, de La-2 a Do7. Funciona amb una mecànica de doble escapament i té dos pedals, de forte i una corda. És obra de Carl Rönisch (1814-1894), un constructor de pianos que es va formar als tallers del conegut Hänel a [&hellip;]" />
<meta property="og:url" content="https://arxiusoberts.gir.cat/ca/arxiu/piano-de-cua/" />
<meta property="og:site_name" content="Arxius Oberts" />
<meta property="article:modified_time" content="2022-02-04T11:09:33+00:00" />
<meta property="og:image" content="https://arxiusoberts.gir.cat/wp-content/uploads/2021/12/https3A2F2Fcoeli-icub-hum.s3-eu-west-1.amazonaws.com2Fpublic2FHeritageObject2FH3090292Fda9e93cf526b1a7f263db6a1efa2973b2Ffull2Foriginal2F02Fdefault.jpg" />
	<meta property="og:image:width" content="786" />
	<meta property="og:image:height" content="800" />
	<meta property="og:image:type" content="image/jpeg" />
<meta name="twitter:card" content="summary_large_image" />
<meta name="twitter:label1" content="Temps estimat de lectura" />
	<meta name="twitter:data1" content="2 minuts" />
<script type="application/ld+json" class="yoast-schema-graph">{"@context":"https://schema.org","@graph":[{"@type":"WebPage","@id":"https://arxiusoberts.gir.cat/ca/arxiu/piano-de-cua/","url":"https://arxiusoberts.gir.cat/ca/arxiu/piano-de-cua/","name":"piano de cua - Arxius Oberts","isPartOf":{"@id":"https://arxiusoberts.gir.cat/ca/#website"},"datePublished":"2021-12-10T10:36:08+00:00","dateModified":"2022-02-04T11:09:33+00:00","breadcrumb":{"@id":"https://arxiusoberts.gir.cat/ca/arxiu/piano-de-cua/#breadcrumb"},"inLanguage":"ca","potentialAction":[{"@type":"ReadAction","target":["https://arxiusoberts.gir.cat/ca/arxiu/piano-de-cua/"]}]},{"@type":"BreadcrumbList","@id":"https://arxiusoberts.gir.cat/ca/arxiu/piano-de-cua/#breadcrumb","itemListElement":[{"@type":"ListItem","position":1,"name":"Inici","item":"https://arxiusoberts.gir.cat/ca/"},{"@type":"ListItem","position":2,"name":"piano de cua"}]},{"@type":"WebSite","@id":"https://arxiusoberts.gir.cat/ca/#website","url":"https://arxiusoberts.gir.cat/ca/","name":"Arxius Oberts","description":"Narratives comunitàries de Barcelona","potentialAction":[{"@type":"SearchAction","target":{"@type":"EntryPoint","urlTemplate":"https://arxiusoberts.gir.cat/ca/?s={search_term_string}"},"query-input":"required name=search_term_string"}],"inLanguage":"ca"}]}</script>
<!-- / Yoast SEO plugin. -->

És un piano de mitja cua de corba doble amb un teclat de vuitanta-vuit tecles, de La-2 a Do7. Funciona amb una mecànica de doble escapament i té dos pedals, de forte i una corda. És obra de Carl Rönisch (1814-1894), un constructor de pianos que es va formar als tallers del conegut Hänel a [&hellip;]

Narratives comunitàries de Barcelona
