 {"id":2525,"date":"2021-12-10T12:36:08","date_gmt":"2021-12-10T10:36:08","guid":{"rendered":"http:\/\/localhost\/arxiusoberts.cat\/ca\/?post_type=arxius&#038;p=2525"},"modified":"2022-02-04T13:09:33","modified_gmt":"2022-02-04T11:09:33","slug":"mandolina","status":"publish","type":"arxius","link":"https:\/\/arxiusoberts.gir.cat\/ca\/arxiu\/mandolina\/","title":{"rendered":"mandolina"},"content":{"rendered":"<p>\u00c9s una mandolina genovesa o barroca, ja que t\u00e9 sis ordres dobles de cordes, obra de Donato Filano, un lutier itali\u00e0 actiu a N\u00e0pols entre 1760 i 1785. Se li coneixen violins i tamb\u00e9 mandolines, molt apreciades pels seus treballs de marqueteria (Vannes, 1972).<\/p>\n<p>La taula harm\u00f2nica, de p\u00edcea, \u00e9s piriforme i el fons bombat, de sic\u00f2mor, est\u00e0 format per vint-i-tres costelles separades per un filet fosc amb un braguer del mateix material, acabat amb palissandre. T\u00e9 una obertura ac\u00fastica circular tancada amb incrustacions de nacre i pergam\u00ed daurat en forma d\u2019embut. Sota l\u2019obertura hi ha el colpejador, de fusta fosca amb la silueta de nacre. La taula harm\u00f2nica est\u00e0 decorada a la part inferior, per sota del pont, amb motius incrustats de nacre en forma de cor i tamb\u00e9 just per sota del batedor. El m\u00e0nec i la pala inferior s\u00f3n aplacat amb ban\u00fas i os, amb filets foscos, i el batedor i la placa superior s\u00f3n aplacats de carei i d\u2019os amb filets foscos. Les clavilles s\u00f3n de boix i tant la taula com la caixa estan enfosquides.<\/p>\n","protected":false},"featured_media":2526,"template":"","yoast_head":"<!-- This site is optimized with the Yoast SEO plugin v21.7 - https:\/\/yoast.com\/wordpress\/plugins\/seo\/ -->\n<title>mandolina - Arxius Oberts<\/title>\n<meta name=\"robots\" content=\"index, follow, max-snippet:-1, max-image-preview:large, max-video-preview:-1\" \/>\n<link rel=\"canonical\" href=\"https:\/\/arxiusoberts.gir.cat\/ca\/arxiu\/mandolina\/\" \/>\n<meta property=\"og:locale\" content=\"ca_ES\" \/>\n<meta property=\"og:type\" content=\"article\" \/>\n<meta property=\"og:title\" content=\"mandolina - Arxius Oberts\" \/>\n<meta property=\"og:description\" content=\"\u00c9s una mandolina genovesa o barroca, ja que t\u00e9 sis ordres dobles de cordes, obra de Donato Filano, un lutier itali\u00e0 actiu a N\u00e0pols entre 1760 i 1785. Se li coneixen violins i tamb\u00e9 mandolines, molt apreciades pels seus treballs de marqueteria (Vannes, 1972). La taula harm\u00f2nica, de p\u00edcea, \u00e9s piriforme i el fons bombat, [&hellip;]\" \/>\n<meta property=\"og:url\" content=\"https:\/\/arxiusoberts.gir.cat\/ca\/arxiu\/mandolina\/\" \/>\n<meta property=\"og:site_name\" content=\"Arxius Oberts\" \/>\n<meta property=\"article:modified_time\" content=\"2022-02-04T11:09:33+00:00\" \/>\n<meta property=\"og:image\" content=\"https:\/\/arxiusoberts.gir.cat\/wp-content\/uploads\/2021\/12\/https3A2F2Fcoeli-icub-hum.s3-eu-west-1.amazonaws.com2Fpublic2FHeritageObject2FH3091672F63fb0258881de70ad6147e380a9f0f052Ffull2Foriginal2F02Fdefault.jpg\" \/>\n\t<meta property=\"og:image:width\" content=\"533\" \/>\n\t<meta property=\"og:image:height\" content=\"800\" \/>\n\t<meta property=\"og:image:type\" content=\"image\/jpeg\" \/>\n<meta name=\"twitter:card\" content=\"summary_large_image\" \/>\n<meta name=\"twitter:label1\" content=\"Temps estimat de lectura\" \/>\n\t<meta name=\"twitter:data1\" content=\"1 minut\" \/>\n<script type=\"application\/ld+json\" class=\"yoast-schema-graph\">{\"@context\":\"https:\/\/schema.org\",\"@graph\":[{\"@type\":\"WebPage\",\"@id\":\"https:\/\/arxiusoberts.gir.cat\/ca\/arxiu\/mandolina\/\",\"url\":\"https:\/\/arxiusoberts.gir.cat\/ca\/arxiu\/mandolina\/\",\"name\":\"mandolina - Arxius Oberts\",\"isPartOf\":{\"@id\":\"https:\/\/arxiusoberts.gir.cat\/ca\/#website\"},\"datePublished\":\"2021-12-10T10:36:08+00:00\",\"dateModified\":\"2022-02-04T11:09:33+00:00\",\"breadcrumb\":{\"@id\":\"https:\/\/arxiusoberts.gir.cat\/ca\/arxiu\/mandolina\/#breadcrumb\"},\"inLanguage\":\"ca\",\"potentialAction\":[{\"@type\":\"ReadAction\",\"target\":[\"https:\/\/arxiusoberts.gir.cat\/ca\/arxiu\/mandolina\/\"]}]},{\"@type\":\"BreadcrumbList\",\"@id\":\"https:\/\/arxiusoberts.gir.cat\/ca\/arxiu\/mandolina\/#breadcrumb\",\"itemListElement\":[{\"@type\":\"ListItem\",\"position\":1,\"name\":\"Inici\",\"item\":\"https:\/\/arxiusoberts.gir.cat\/ca\/\"},{\"@type\":\"ListItem\",\"position\":2,\"name\":\"mandolina\"}]},{\"@type\":\"WebSite\",\"@id\":\"https:\/\/arxiusoberts.gir.cat\/ca\/#website\",\"url\":\"https:\/\/arxiusoberts.gir.cat\/ca\/\",\"name\":\"Arxius Oberts\",\"description\":\"Narratives comunit\u00e0ries de Barcelona\",\"potentialAction\":[{\"@type\":\"SearchAction\",\"target\":{\"@type\":\"EntryPoint\",\"urlTemplate\":\"https:\/\/arxiusoberts.gir.cat\/ca\/?s={search_term_string}\"},\"query-input\":\"required name=search_term_string\"}],\"inLanguage\":\"ca\"}]}<\/script>\n<!-- \/ Yoast SEO plugin. -->","yoast_head_json":{"title":"mandolina - Arxius Oberts","robots":{"index":"index","follow":"follow","max-snippet":"max-snippet:-1","max-image-preview":"max-image-preview:large","max-video-preview":"max-video-preview:-1"},"canonical":"https:\/\/arxiusoberts.gir.cat\/ca\/arxiu\/mandolina\/","og_locale":"ca_ES","og_type":"article","og_title":"mandolina - Arxius Oberts","og_description":"\u00c9s una mandolina genovesa o barroca, ja que t\u00e9 sis ordres dobles de cordes, obra de Donato Filano, un lutier itali\u00e0 actiu a N\u00e0pols entre 1760 i 1785. Se li coneixen violins i tamb\u00e9 mandolines, molt apreciades pels seus treballs de marqueteria (Vannes, 1972). La taula harm\u00f2nica, de p\u00edcea, \u00e9s piriforme i el fons bombat, [&hellip;]","og_url":"https:\/\/arxiusoberts.gir.cat\/ca\/arxiu\/mandolina\/","og_site_name":"Arxius Oberts","article_modified_time":"2022-02-04T11:09:33+00:00","og_image":[{"width":533,"height":800,"url":"https:\/\/arxiusoberts.gir.cat\/wp-content\/uploads\/2021\/12\/https3A2F2Fcoeli-icub-hum.s3-eu-west-1.amazonaws.com2Fpublic2FHeritageObject2FH3091672F63fb0258881de70ad6147e380a9f0f052Ffull2Foriginal2F02Fdefault.jpg","type":"image\/jpeg"}],"twitter_card":"summary_large_image","twitter_misc":{"Temps estimat de lectura":"1 minut"},"schema":{"@context":"https:\/\/schema.org","@graph":[{"@type":"WebPage","@id":"https:\/\/arxiusoberts.gir.cat\/ca\/arxiu\/mandolina\/","url":"https:\/\/arxiusoberts.gir.cat\/ca\/arxiu\/mandolina\/","name":"mandolina - Arxius Oberts","isPartOf":{"@id":"https:\/\/arxiusoberts.gir.cat\/ca\/#website"},"datePublished":"2021-12-10T10:36:08+00:00","dateModified":"2022-02-04T11:09:33+00:00","breadcrumb":{"@id":"https:\/\/arxiusoberts.gir.cat\/ca\/arxiu\/mandolina\/#breadcrumb"},"inLanguage":"ca","potentialAction":[{"@type":"ReadAction","target":["https:\/\/arxiusoberts.gir.cat\/ca\/arxiu\/mandolina\/"]}]},{"@type":"BreadcrumbList","@id":"https:\/\/arxiusoberts.gir.cat\/ca\/arxiu\/mandolina\/#breadcrumb","itemListElement":[{"@type":"ListItem","position":1,"name":"Inici","item":"https:\/\/arxiusoberts.gir.cat\/ca\/"},{"@type":"ListItem","position":2,"name":"mandolina"}]},{"@type":"WebSite","@id":"https:\/\/arxiusoberts.gir.cat\/ca\/#website","url":"https:\/\/arxiusoberts.gir.cat\/ca\/","name":"Arxius Oberts","description":"Narratives comunit\u00e0ries de Barcelona","potentialAction":[{"@type":"SearchAction","target":{"@type":"EntryPoint","urlTemplate":"https:\/\/arxiusoberts.gir.cat\/ca\/?s={search_term_string}"},"query-input":"required name=search_term_string"}],"inLanguage":"ca"}]}},"_links":{"self":[{"href":"https:\/\/arxiusoberts.gir.cat\/ca\/wp-json\/wp\/v2\/arxius\/2525"}],"collection":[{"href":"https:\/\/arxiusoberts.gir.cat\/ca\/wp-json\/wp\/v2\/arxius"}],"about":[{"href":"https:\/\/arxiusoberts.gir.cat\/ca\/wp-json\/wp\/v2\/types\/arxius"}],"wp:featuredmedia":[{"embeddable":true,"href":"https:\/\/arxiusoberts.gir.cat\/ca\/wp-json\/wp\/v2\/media\/2526"}],"wp:attachment":[{"href":"https:\/\/arxiusoberts.gir.cat\/ca\/wp-json\/wp\/v2\/media?parent=2525"}],"curies":[{"name":"wp","href":"https:\/\/api.w.org\/{rel}","templated":true}]}}

<p>És una mandolina genovesa o barroca, ja que té sis ordres dobles de cordes, obra de Donato Filano, un lutier italià actiu a Nàpols entre 1760 i 1785. Se li coneixen violins i també mandolines, molt apreciades pels seus treballs de marqueteria (Vannes, 1972).</p>
<p>La taula harmònica, de pícea, és piriforme i el fons bombat, de sicòmor, està format per vint-i-tres costelles separades per un filet fosc amb un braguer del mateix material, acabat amb palissandre. Té una obertura acústica circular tancada amb incrustacions de nacre i pergamí daurat en forma d’embut. Sota l’obertura hi ha el colpejador, de fusta fosca amb la silueta de nacre. La taula harmònica està decorada a la part inferior, per sota del pont, amb motius incrustats de nacre en forma de cor i també just per sota del batedor. El mànec i la pala inferior són aplacat amb banús i os, amb filets foscos, i el batedor i la placa superior són aplacats de carei i d’os amb filets foscos. Les clavilles són de boix i tant la taula com la caixa estan enfosquides.</p>

<!-- This site is optimized with the Yoast SEO plugin v21.7 - https://yoast.com/wordpress/plugins/seo/ -->
<title>mandolina - Arxius Oberts</title>
<meta name="robots" content="index, follow, max-snippet:-1, max-image-preview:large, max-video-preview:-1" />
<link rel="canonical" href="https://arxiusoberts.gir.cat/ca/arxiu/mandolina/" />
<meta property="og:locale" content="ca_ES" />
<meta property="og:type" content="article" />
<meta property="og:title" content="mandolina - Arxius Oberts" />
<meta property="og:description" content="És una mandolina genovesa o barroca, ja que té sis ordres dobles de cordes, obra de Donato Filano, un lutier italià actiu a Nàpols entre 1760 i 1785. Se li coneixen violins i també mandolines, molt apreciades pels seus treballs de marqueteria (Vannes, 1972). La taula harmònica, de pícea, és piriforme i el fons bombat, [&hellip;]" />
<meta property="og:url" content="https://arxiusoberts.gir.cat/ca/arxiu/mandolina/" />
<meta property="og:site_name" content="Arxius Oberts" />
<meta property="article:modified_time" content="2022-02-04T11:09:33+00:00" />
<meta property="og:image" content="https://arxiusoberts.gir.cat/wp-content/uploads/2021/12/https3A2F2Fcoeli-icub-hum.s3-eu-west-1.amazonaws.com2Fpublic2FHeritageObject2FH3091672F63fb0258881de70ad6147e380a9f0f052Ffull2Foriginal2F02Fdefault.jpg" />
	<meta property="og:image:width" content="533" />
	<meta property="og:image:height" content="800" />
	<meta property="og:image:type" content="image/jpeg" />
<meta name="twitter:card" content="summary_large_image" />
<meta name="twitter:label1" content="Temps estimat de lectura" />
	<meta name="twitter:data1" content="1 minut" />
<script type="application/ld+json" class="yoast-schema-graph">{"@context":"https://schema.org","@graph":[{"@type":"WebPage","@id":"https://arxiusoberts.gir.cat/ca/arxiu/mandolina/","url":"https://arxiusoberts.gir.cat/ca/arxiu/mandolina/","name":"mandolina - Arxius Oberts","isPartOf":{"@id":"https://arxiusoberts.gir.cat/ca/#website"},"datePublished":"2021-12-10T10:36:08+00:00","dateModified":"2022-02-04T11:09:33+00:00","breadcrumb":{"@id":"https://arxiusoberts.gir.cat/ca/arxiu/mandolina/#breadcrumb"},"inLanguage":"ca","potentialAction":[{"@type":"ReadAction","target":["https://arxiusoberts.gir.cat/ca/arxiu/mandolina/"]}]},{"@type":"BreadcrumbList","@id":"https://arxiusoberts.gir.cat/ca/arxiu/mandolina/#breadcrumb","itemListElement":[{"@type":"ListItem","position":1,"name":"Inici","item":"https://arxiusoberts.gir.cat/ca/"},{"@type":"ListItem","position":2,"name":"mandolina"}]},{"@type":"WebSite","@id":"https://arxiusoberts.gir.cat/ca/#website","url":"https://arxiusoberts.gir.cat/ca/","name":"Arxius Oberts","description":"Narratives comunitàries de Barcelona","potentialAction":[{"@type":"SearchAction","target":{"@type":"EntryPoint","urlTemplate":"https://arxiusoberts.gir.cat/ca/?s={search_term_string}"},"query-input":"required name=search_term_string"}],"inLanguage":"ca"}]}</script>
<!-- / Yoast SEO plugin. -->

És una mandolina genovesa o barroca, ja que té sis ordres dobles de cordes, obra de Donato Filano, un lutier italià actiu a Nàpols entre 1760 i 1785. Se li coneixen violins i també mandolines, molt apreciades pels seus treballs de marqueteria (Vannes, 1972). La taula harmònica, de pícea, és piriforme i el fons bombat, [&hellip;]

Narratives comunitàries de Barcelona
