 {"id":2535,"date":"2021-12-10T12:36:08","date_gmt":"2021-12-10T10:36:08","guid":{"rendered":"http:\/\/localhost\/arxiusoberts.cat\/ca\/?post_type=arxius&#038;p=2535"},"modified":"2022-02-04T13:09:33","modified_gmt":"2022-02-04T11:09:33","slug":"espineta","status":"publish","type":"arxius","link":"https:\/\/arxiusoberts.gir.cat\/ca\/arxiu\/espineta\/","title":{"rendered":"espineta"},"content":{"rendered":"<p>\u00c9s una espineta de cordes obliq\u00fces i amb un teclat de quaranta-nou tecles, de Do1 a Do5. Funciona amb un mecanisme format per un tirador frontal amb tres saltadors i efecte lla\u00fct. \u00c9s obra de Johann Christoph Neupert (1842-1920), un constructor de pianos que es va formar a una f\u00e0brica d\u2019Oldenburg. Despr\u00e9s de treballar a v\u00e0ries empreses constructores de pianos a Alemanya i Viena (amb Johann Baptist Streicher), va fundar la seva pr\u00f2pia f\u00e0brica a M\u00fcnchberg el 1868. L\u2019any 1874 es va traslladar a Bamberg, on la companyia va cr\u00e9ixer r\u00e0pidament. Despr\u00e9s de la seva mort, la f\u00e0brica pass\u00e0 a mans dels seus tres fills (Viquip\u00e8dia).nn\u00c9s una espineta de fusta conglomerada de forma poligonal constru\u00efda sobre el costat. La taula harm\u00f2nica \u00e9s de p\u00edcea envernissada i t\u00e9 una obertura ac\u00fastica circular amb una roseta de fusta vogida amb vern\u00eds opac. T\u00e9 tres potes i el pont \u00e9s de faig. Pel que fa al teclat, les tecles naturals estan aplacades amb ban\u00fas i les alterades s\u00f3n aplacades d&#8217;ivori.<\/p>\n","protected":false},"featured_media":2536,"template":"","yoast_head":"<!-- This site is optimized with the Yoast SEO plugin v21.7 - https:\/\/yoast.com\/wordpress\/plugins\/seo\/ -->\n<title>espineta - Arxius Oberts<\/title>\n<meta name=\"robots\" content=\"index, follow, max-snippet:-1, max-image-preview:large, max-video-preview:-1\" \/>\n<link rel=\"canonical\" href=\"https:\/\/arxiusoberts.gir.cat\/ca\/arxiu\/espineta\/\" \/>\n<meta property=\"og:locale\" content=\"ca_ES\" \/>\n<meta property=\"og:type\" content=\"article\" \/>\n<meta property=\"og:title\" content=\"espineta - Arxius Oberts\" \/>\n<meta property=\"og:description\" content=\"\u00c9s una espineta de cordes obliq\u00fces i amb un teclat de quaranta-nou tecles, de Do1 a Do5. Funciona amb un mecanisme format per un tirador frontal amb tres saltadors i efecte lla\u00fct. \u00c9s obra de Johann Christoph Neupert (1842-1920), un constructor de pianos que es va formar a una f\u00e0brica d\u2019Oldenburg. Despr\u00e9s de treballar a [&hellip;]\" \/>\n<meta property=\"og:url\" content=\"https:\/\/arxiusoberts.gir.cat\/ca\/arxiu\/espineta\/\" \/>\n<meta property=\"og:site_name\" content=\"Arxius Oberts\" \/>\n<meta property=\"article:modified_time\" content=\"2022-02-04T11:09:33+00:00\" \/>\n<meta property=\"og:image\" content=\"https:\/\/arxiusoberts.gir.cat\/wp-content\/uploads\/2021\/12\/https3A2F2Fcoeli-icub-hum.s3-eu-west-1.amazonaws.com2Fpublic2FHeritageObject2FH3095442Fbb6fd37650f2dfa913221fbf287758462Ffull2Foriginal2F02Fdefault.jpg\" \/>\n\t<meta property=\"og:image:width\" content=\"800\" \/>\n\t<meta property=\"og:image:height\" content=\"478\" \/>\n\t<meta property=\"og:image:type\" content=\"image\/jpeg\" \/>\n<meta name=\"twitter:card\" content=\"summary_large_image\" \/>\n<meta name=\"twitter:label1\" content=\"Temps estimat de lectura\" \/>\n\t<meta name=\"twitter:data1\" content=\"1 minut\" \/>\n<script type=\"application\/ld+json\" class=\"yoast-schema-graph\">{\"@context\":\"https:\/\/schema.org\",\"@graph\":[{\"@type\":\"WebPage\",\"@id\":\"https:\/\/arxiusoberts.gir.cat\/ca\/arxiu\/espineta\/\",\"url\":\"https:\/\/arxiusoberts.gir.cat\/ca\/arxiu\/espineta\/\",\"name\":\"espineta - Arxius Oberts\",\"isPartOf\":{\"@id\":\"https:\/\/arxiusoberts.gir.cat\/ca\/#website\"},\"datePublished\":\"2021-12-10T10:36:08+00:00\",\"dateModified\":\"2022-02-04T11:09:33+00:00\",\"breadcrumb\":{\"@id\":\"https:\/\/arxiusoberts.gir.cat\/ca\/arxiu\/espineta\/#breadcrumb\"},\"inLanguage\":\"ca\",\"potentialAction\":[{\"@type\":\"ReadAction\",\"target\":[\"https:\/\/arxiusoberts.gir.cat\/ca\/arxiu\/espineta\/\"]}]},{\"@type\":\"BreadcrumbList\",\"@id\":\"https:\/\/arxiusoberts.gir.cat\/ca\/arxiu\/espineta\/#breadcrumb\",\"itemListElement\":[{\"@type\":\"ListItem\",\"position\":1,\"name\":\"Inici\",\"item\":\"https:\/\/arxiusoberts.gir.cat\/ca\/\"},{\"@type\":\"ListItem\",\"position\":2,\"name\":\"espineta\"}]},{\"@type\":\"WebSite\",\"@id\":\"https:\/\/arxiusoberts.gir.cat\/ca\/#website\",\"url\":\"https:\/\/arxiusoberts.gir.cat\/ca\/\",\"name\":\"Arxius Oberts\",\"description\":\"Narratives comunit\u00e0ries de Barcelona\",\"potentialAction\":[{\"@type\":\"SearchAction\",\"target\":{\"@type\":\"EntryPoint\",\"urlTemplate\":\"https:\/\/arxiusoberts.gir.cat\/ca\/?s={search_term_string}\"},\"query-input\":\"required name=search_term_string\"}],\"inLanguage\":\"ca\"}]}<\/script>\n<!-- \/ Yoast SEO plugin. -->","yoast_head_json":{"title":"espineta - Arxius Oberts","robots":{"index":"index","follow":"follow","max-snippet":"max-snippet:-1","max-image-preview":"max-image-preview:large","max-video-preview":"max-video-preview:-1"},"canonical":"https:\/\/arxiusoberts.gir.cat\/ca\/arxiu\/espineta\/","og_locale":"ca_ES","og_type":"article","og_title":"espineta - Arxius Oberts","og_description":"\u00c9s una espineta de cordes obliq\u00fces i amb un teclat de quaranta-nou tecles, de Do1 a Do5. Funciona amb un mecanisme format per un tirador frontal amb tres saltadors i efecte lla\u00fct. \u00c9s obra de Johann Christoph Neupert (1842-1920), un constructor de pianos que es va formar a una f\u00e0brica d\u2019Oldenburg. Despr\u00e9s de treballar a [&hellip;]","og_url":"https:\/\/arxiusoberts.gir.cat\/ca\/arxiu\/espineta\/","og_site_name":"Arxius Oberts","article_modified_time":"2022-02-04T11:09:33+00:00","og_image":[{"width":800,"height":478,"url":"https:\/\/arxiusoberts.gir.cat\/wp-content\/uploads\/2021\/12\/https3A2F2Fcoeli-icub-hum.s3-eu-west-1.amazonaws.com2Fpublic2FHeritageObject2FH3095442Fbb6fd37650f2dfa913221fbf287758462Ffull2Foriginal2F02Fdefault.jpg","type":"image\/jpeg"}],"twitter_card":"summary_large_image","twitter_misc":{"Temps estimat de lectura":"1 minut"},"schema":{"@context":"https:\/\/schema.org","@graph":[{"@type":"WebPage","@id":"https:\/\/arxiusoberts.gir.cat\/ca\/arxiu\/espineta\/","url":"https:\/\/arxiusoberts.gir.cat\/ca\/arxiu\/espineta\/","name":"espineta - Arxius Oberts","isPartOf":{"@id":"https:\/\/arxiusoberts.gir.cat\/ca\/#website"},"datePublished":"2021-12-10T10:36:08+00:00","dateModified":"2022-02-04T11:09:33+00:00","breadcrumb":{"@id":"https:\/\/arxiusoberts.gir.cat\/ca\/arxiu\/espineta\/#breadcrumb"},"inLanguage":"ca","potentialAction":[{"@type":"ReadAction","target":["https:\/\/arxiusoberts.gir.cat\/ca\/arxiu\/espineta\/"]}]},{"@type":"BreadcrumbList","@id":"https:\/\/arxiusoberts.gir.cat\/ca\/arxiu\/espineta\/#breadcrumb","itemListElement":[{"@type":"ListItem","position":1,"name":"Inici","item":"https:\/\/arxiusoberts.gir.cat\/ca\/"},{"@type":"ListItem","position":2,"name":"espineta"}]},{"@type":"WebSite","@id":"https:\/\/arxiusoberts.gir.cat\/ca\/#website","url":"https:\/\/arxiusoberts.gir.cat\/ca\/","name":"Arxius Oberts","description":"Narratives comunit\u00e0ries de Barcelona","potentialAction":[{"@type":"SearchAction","target":{"@type":"EntryPoint","urlTemplate":"https:\/\/arxiusoberts.gir.cat\/ca\/?s={search_term_string}"},"query-input":"required name=search_term_string"}],"inLanguage":"ca"}]}},"_links":{"self":[{"href":"https:\/\/arxiusoberts.gir.cat\/ca\/wp-json\/wp\/v2\/arxius\/2535"}],"collection":[{"href":"https:\/\/arxiusoberts.gir.cat\/ca\/wp-json\/wp\/v2\/arxius"}],"about":[{"href":"https:\/\/arxiusoberts.gir.cat\/ca\/wp-json\/wp\/v2\/types\/arxius"}],"wp:featuredmedia":[{"embeddable":true,"href":"https:\/\/arxiusoberts.gir.cat\/ca\/wp-json\/wp\/v2\/media\/2536"}],"wp:attachment":[{"href":"https:\/\/arxiusoberts.gir.cat\/ca\/wp-json\/wp\/v2\/media?parent=2535"}],"curies":[{"name":"wp","href":"https:\/\/api.w.org\/{rel}","templated":true}]}}

<p>És una espineta de cordes obliqües i amb un teclat de quaranta-nou tecles, de Do1 a Do5. Funciona amb un mecanisme format per un tirador frontal amb tres saltadors i efecte llaüt. És obra de Johann Christoph Neupert (1842-1920), un constructor de pianos que es va formar a una fàbrica d’Oldenburg. Després de treballar a vàries empreses constructores de pianos a Alemanya i Viena (amb Johann Baptist Streicher), va fundar la seva pròpia fàbrica a Münchberg el 1868. L’any 1874 es va traslladar a Bamberg, on la companyia va créixer ràpidament. Després de la seva mort, la fàbrica passà a mans dels seus tres fills (Viquipèdia).nnÉs una espineta de fusta conglomerada de forma poligonal construïda sobre el costat. La taula harmònica és de pícea envernissada i té una obertura acústica circular amb una roseta de fusta vogida amb vernís opac. Té tres potes i el pont és de faig. Pel que fa al teclat, les tecles naturals estan aplacades amb banús i les alterades són aplacades d&#8217;ivori.</p>

<!-- This site is optimized with the Yoast SEO plugin v21.7 - https://yoast.com/wordpress/plugins/seo/ -->
<title>espineta - Arxius Oberts</title>
<meta name="robots" content="index, follow, max-snippet:-1, max-image-preview:large, max-video-preview:-1" />
<link rel="canonical" href="https://arxiusoberts.gir.cat/ca/arxiu/espineta/" />
<meta property="og:locale" content="ca_ES" />
<meta property="og:type" content="article" />
<meta property="og:title" content="espineta - Arxius Oberts" />
<meta property="og:description" content="És una espineta de cordes obliqües i amb un teclat de quaranta-nou tecles, de Do1 a Do5. Funciona amb un mecanisme format per un tirador frontal amb tres saltadors i efecte llaüt. És obra de Johann Christoph Neupert (1842-1920), un constructor de pianos que es va formar a una fàbrica d’Oldenburg. Després de treballar a [&hellip;]" />
<meta property="og:url" content="https://arxiusoberts.gir.cat/ca/arxiu/espineta/" />
<meta property="og:site_name" content="Arxius Oberts" />
<meta property="article:modified_time" content="2022-02-04T11:09:33+00:00" />
<meta property="og:image" content="https://arxiusoberts.gir.cat/wp-content/uploads/2021/12/https3A2F2Fcoeli-icub-hum.s3-eu-west-1.amazonaws.com2Fpublic2FHeritageObject2FH3095442Fbb6fd37650f2dfa913221fbf287758462Ffull2Foriginal2F02Fdefault.jpg" />
	<meta property="og:image:width" content="800" />
	<meta property="og:image:height" content="478" />
	<meta property="og:image:type" content="image/jpeg" />
<meta name="twitter:card" content="summary_large_image" />
<meta name="twitter:label1" content="Temps estimat de lectura" />
	<meta name="twitter:data1" content="1 minut" />
<script type="application/ld+json" class="yoast-schema-graph">{"@context":"https://schema.org","@graph":[{"@type":"WebPage","@id":"https://arxiusoberts.gir.cat/ca/arxiu/espineta/","url":"https://arxiusoberts.gir.cat/ca/arxiu/espineta/","name":"espineta - Arxius Oberts","isPartOf":{"@id":"https://arxiusoberts.gir.cat/ca/#website"},"datePublished":"2021-12-10T10:36:08+00:00","dateModified":"2022-02-04T11:09:33+00:00","breadcrumb":{"@id":"https://arxiusoberts.gir.cat/ca/arxiu/espineta/#breadcrumb"},"inLanguage":"ca","potentialAction":[{"@type":"ReadAction","target":["https://arxiusoberts.gir.cat/ca/arxiu/espineta/"]}]},{"@type":"BreadcrumbList","@id":"https://arxiusoberts.gir.cat/ca/arxiu/espineta/#breadcrumb","itemListElement":[{"@type":"ListItem","position":1,"name":"Inici","item":"https://arxiusoberts.gir.cat/ca/"},{"@type":"ListItem","position":2,"name":"espineta"}]},{"@type":"WebSite","@id":"https://arxiusoberts.gir.cat/ca/#website","url":"https://arxiusoberts.gir.cat/ca/","name":"Arxius Oberts","description":"Narratives comunitàries de Barcelona","potentialAction":[{"@type":"SearchAction","target":{"@type":"EntryPoint","urlTemplate":"https://arxiusoberts.gir.cat/ca/?s={search_term_string}"},"query-input":"required name=search_term_string"}],"inLanguage":"ca"}]}</script>
<!-- / Yoast SEO plugin. -->

És una espineta de cordes obliqües i amb un teclat de quaranta-nou tecles, de Do1 a Do5. Funciona amb un mecanisme format per un tirador frontal amb tres saltadors i efecte llaüt. És obra de Johann Christoph Neupert (1842-1920), un constructor de pianos que es va formar a una fàbrica d’Oldenburg. Després de treballar a [&hellip;]

Narratives comunitàries de Barcelona
