 {"id":2620,"date":"2021-12-13T00:04:43","date_gmt":"2021-12-12T22:04:43","guid":{"rendered":"http:\/\/localhost\/arxiusoberts.cat\/ca\/?post_type=arxius&#038;p=2620"},"modified":"2022-02-03T18:50:54","modified_gmt":"2022-02-03T16:50:54","slug":"vestit","status":"publish","type":"arxius","link":"https:\/\/arxiusoberts.gir.cat\/ca\/arxiu\/vestit\/","title":{"rendered":"vestit"},"content":{"rendered":"<p>El present model \u00e9s una mica posterior a l\u2019MDB 32, ja que el vestit t\u00e9 una estructura una mica m\u00e9s complicada i menys lineal que la dels anys vint.nEst\u00e0 muntat al voltant d\u2019una franja vertical central, al davant i al darrere, que mostra un frunzit a l\u2019altura del bust. Presenta m\u00e0nigues bombades recollides en punys, el coll tancat i la cintura marcada per un cintur\u00f3. A la part baixa de la faldilla, un volant ample frunzit combina bambula i blonda mec\u00e0nica en franges verticals, cosa que confereix volum a la faldilla. Est\u00e0 tancat al davant mitjan\u00e7ant una s\u00e8rie de botons folrats de la mateixa tela que el vestit.nCom \u00e9s habitual, no se n\u2019ha conservat el folre, que \u00e9s necessari per matisar la transpar\u00e8ncia del vestit.<\/p>\n","protected":false},"featured_media":2621,"template":"","yoast_head":"<!-- This site is optimized with the Yoast SEO plugin v21.7 - https:\/\/yoast.com\/wordpress\/plugins\/seo\/ -->\n<title>vestit - Arxius Oberts<\/title>\n<meta name=\"robots\" content=\"index, follow, max-snippet:-1, max-image-preview:large, max-video-preview:-1\" \/>\n<link rel=\"canonical\" href=\"https:\/\/arxiusoberts.gir.cat\/ca\/arxiu\/vestit\/\" \/>\n<meta property=\"og:locale\" content=\"ca_ES\" \/>\n<meta property=\"og:type\" content=\"article\" \/>\n<meta property=\"og:title\" content=\"vestit - Arxius Oberts\" \/>\n<meta property=\"og:description\" content=\"El present model \u00e9s una mica posterior a l\u2019MDB 32, ja que el vestit t\u00e9 una estructura una mica m\u00e9s complicada i menys lineal que la dels anys vint.nEst\u00e0 muntat al voltant d\u2019una franja vertical central, al davant i al darrere, que mostra un frunzit a l\u2019altura del bust. Presenta m\u00e0nigues bombades recollides en punys, [&hellip;]\" \/>\n<meta property=\"og:url\" content=\"https:\/\/arxiusoberts.gir.cat\/ca\/arxiu\/vestit\/\" \/>\n<meta property=\"og:site_name\" content=\"Arxius Oberts\" \/>\n<meta property=\"article:modified_time\" content=\"2022-02-03T16:50:54+00:00\" \/>\n<meta property=\"og:image\" content=\"https:\/\/arxiusoberts.gir.cat\/wp-content\/uploads\/2021\/12\/https3A2F2Fcoeli-icub-hum.s3-eu-west-1.amazonaws.com2Fpublic2FHeritageObject2FH6619142F7a3c0e719c4d8a38d7d71477354213522Ffull2Foriginal2F02Fdefault.jpg\" \/>\n\t<meta property=\"og:image:width\" content=\"560\" \/>\n\t<meta property=\"og:image:height\" content=\"800\" \/>\n\t<meta property=\"og:image:type\" content=\"image\/jpeg\" \/>\n<meta name=\"twitter:card\" content=\"summary_large_image\" \/>\n<meta name=\"twitter:label1\" content=\"Temps estimat de lectura\" \/>\n\t<meta name=\"twitter:data1\" content=\"1 minut\" \/>\n<script type=\"application\/ld+json\" class=\"yoast-schema-graph\">{\"@context\":\"https:\/\/schema.org\",\"@graph\":[{\"@type\":\"WebPage\",\"@id\":\"https:\/\/arxiusoberts.gir.cat\/ca\/arxiu\/vestit\/\",\"url\":\"https:\/\/arxiusoberts.gir.cat\/ca\/arxiu\/vestit\/\",\"name\":\"vestit - Arxius Oberts\",\"isPartOf\":{\"@id\":\"https:\/\/arxiusoberts.gir.cat\/ca\/#website\"},\"datePublished\":\"2021-12-12T22:04:43+00:00\",\"dateModified\":\"2022-02-03T16:50:54+00:00\",\"breadcrumb\":{\"@id\":\"https:\/\/arxiusoberts.gir.cat\/ca\/arxiu\/vestit\/#breadcrumb\"},\"inLanguage\":\"ca\",\"potentialAction\":[{\"@type\":\"ReadAction\",\"target\":[\"https:\/\/arxiusoberts.gir.cat\/ca\/arxiu\/vestit\/\"]}]},{\"@type\":\"BreadcrumbList\",\"@id\":\"https:\/\/arxiusoberts.gir.cat\/ca\/arxiu\/vestit\/#breadcrumb\",\"itemListElement\":[{\"@type\":\"ListItem\",\"position\":1,\"name\":\"Inici\",\"item\":\"https:\/\/arxiusoberts.gir.cat\/ca\/\"},{\"@type\":\"ListItem\",\"position\":2,\"name\":\"vestit\"}]},{\"@type\":\"WebSite\",\"@id\":\"https:\/\/arxiusoberts.gir.cat\/ca\/#website\",\"url\":\"https:\/\/arxiusoberts.gir.cat\/ca\/\",\"name\":\"Arxius Oberts\",\"description\":\"Narratives comunit\u00e0ries de Barcelona\",\"potentialAction\":[{\"@type\":\"SearchAction\",\"target\":{\"@type\":\"EntryPoint\",\"urlTemplate\":\"https:\/\/arxiusoberts.gir.cat\/ca\/?s={search_term_string}\"},\"query-input\":\"required name=search_term_string\"}],\"inLanguage\":\"ca\"}]}<\/script>\n<!-- \/ Yoast SEO plugin. -->","yoast_head_json":{"title":"vestit - Arxius Oberts","robots":{"index":"index","follow":"follow","max-snippet":"max-snippet:-1","max-image-preview":"max-image-preview:large","max-video-preview":"max-video-preview:-1"},"canonical":"https:\/\/arxiusoberts.gir.cat\/ca\/arxiu\/vestit\/","og_locale":"ca_ES","og_type":"article","og_title":"vestit - Arxius Oberts","og_description":"El present model \u00e9s una mica posterior a l\u2019MDB 32, ja que el vestit t\u00e9 una estructura una mica m\u00e9s complicada i menys lineal que la dels anys vint.nEst\u00e0 muntat al voltant d\u2019una franja vertical central, al davant i al darrere, que mostra un frunzit a l\u2019altura del bust. Presenta m\u00e0nigues bombades recollides en punys, [&hellip;]","og_url":"https:\/\/arxiusoberts.gir.cat\/ca\/arxiu\/vestit\/","og_site_name":"Arxius Oberts","article_modified_time":"2022-02-03T16:50:54+00:00","og_image":[{"width":560,"height":800,"url":"https:\/\/arxiusoberts.gir.cat\/wp-content\/uploads\/2021\/12\/https3A2F2Fcoeli-icub-hum.s3-eu-west-1.amazonaws.com2Fpublic2FHeritageObject2FH6619142F7a3c0e719c4d8a38d7d71477354213522Ffull2Foriginal2F02Fdefault.jpg","type":"image\/jpeg"}],"twitter_card":"summary_large_image","twitter_misc":{"Temps estimat de lectura":"1 minut"},"schema":{"@context":"https:\/\/schema.org","@graph":[{"@type":"WebPage","@id":"https:\/\/arxiusoberts.gir.cat\/ca\/arxiu\/vestit\/","url":"https:\/\/arxiusoberts.gir.cat\/ca\/arxiu\/vestit\/","name":"vestit - Arxius Oberts","isPartOf":{"@id":"https:\/\/arxiusoberts.gir.cat\/ca\/#website"},"datePublished":"2021-12-12T22:04:43+00:00","dateModified":"2022-02-03T16:50:54+00:00","breadcrumb":{"@id":"https:\/\/arxiusoberts.gir.cat\/ca\/arxiu\/vestit\/#breadcrumb"},"inLanguage":"ca","potentialAction":[{"@type":"ReadAction","target":["https:\/\/arxiusoberts.gir.cat\/ca\/arxiu\/vestit\/"]}]},{"@type":"BreadcrumbList","@id":"https:\/\/arxiusoberts.gir.cat\/ca\/arxiu\/vestit\/#breadcrumb","itemListElement":[{"@type":"ListItem","position":1,"name":"Inici","item":"https:\/\/arxiusoberts.gir.cat\/ca\/"},{"@type":"ListItem","position":2,"name":"vestit"}]},{"@type":"WebSite","@id":"https:\/\/arxiusoberts.gir.cat\/ca\/#website","url":"https:\/\/arxiusoberts.gir.cat\/ca\/","name":"Arxius Oberts","description":"Narratives comunit\u00e0ries de Barcelona","potentialAction":[{"@type":"SearchAction","target":{"@type":"EntryPoint","urlTemplate":"https:\/\/arxiusoberts.gir.cat\/ca\/?s={search_term_string}"},"query-input":"required name=search_term_string"}],"inLanguage":"ca"}]}},"_links":{"self":[{"href":"https:\/\/arxiusoberts.gir.cat\/ca\/wp-json\/wp\/v2\/arxius\/2620"}],"collection":[{"href":"https:\/\/arxiusoberts.gir.cat\/ca\/wp-json\/wp\/v2\/arxius"}],"about":[{"href":"https:\/\/arxiusoberts.gir.cat\/ca\/wp-json\/wp\/v2\/types\/arxius"}],"wp:featuredmedia":[{"embeddable":true,"href":"https:\/\/arxiusoberts.gir.cat\/ca\/wp-json\/wp\/v2\/media\/2621"}],"wp:attachment":[{"href":"https:\/\/arxiusoberts.gir.cat\/ca\/wp-json\/wp\/v2\/media?parent=2620"}],"curies":[{"name":"wp","href":"https:\/\/api.w.org\/{rel}","templated":true}]}}

<p>El present model és una mica posterior a l’MDB 32, ja que el vestit té una estructura una mica més complicada i menys lineal que la dels anys vint.nEstà muntat al voltant d’una franja vertical central, al davant i al darrere, que mostra un frunzit a l’altura del bust. Presenta mànigues bombades recollides en punys, el coll tancat i la cintura marcada per un cinturó. A la part baixa de la faldilla, un volant ample frunzit combina bambula i blonda mecànica en franges verticals, cosa que confereix volum a la faldilla. Està tancat al davant mitjançant una sèrie de botons folrats de la mateixa tela que el vestit.nCom és habitual, no se n’ha conservat el folre, que és necessari per matisar la transparència del vestit.</p>

<!-- This site is optimized with the Yoast SEO plugin v21.7 - https://yoast.com/wordpress/plugins/seo/ -->
<title>vestit - Arxius Oberts</title>
<meta name="robots" content="index, follow, max-snippet:-1, max-image-preview:large, max-video-preview:-1" />
<link rel="canonical" href="https://arxiusoberts.gir.cat/ca/arxiu/vestit/" />
<meta property="og:locale" content="ca_ES" />
<meta property="og:type" content="article" />
<meta property="og:title" content="vestit - Arxius Oberts" />
<meta property="og:description" content="El present model és una mica posterior a l’MDB 32, ja que el vestit té una estructura una mica més complicada i menys lineal que la dels anys vint.nEstà muntat al voltant d’una franja vertical central, al davant i al darrere, que mostra un frunzit a l’altura del bust. Presenta mànigues bombades recollides en punys, [&hellip;]" />
<meta property="og:url" content="https://arxiusoberts.gir.cat/ca/arxiu/vestit/" />
<meta property="og:site_name" content="Arxius Oberts" />
<meta property="article:modified_time" content="2022-02-03T16:50:54+00:00" />
<meta property="og:image" content="https://arxiusoberts.gir.cat/wp-content/uploads/2021/12/https3A2F2Fcoeli-icub-hum.s3-eu-west-1.amazonaws.com2Fpublic2FHeritageObject2FH6619142F7a3c0e719c4d8a38d7d71477354213522Ffull2Foriginal2F02Fdefault.jpg" />
	<meta property="og:image:width" content="560" />
	<meta property="og:image:height" content="800" />
	<meta property="og:image:type" content="image/jpeg" />
<meta name="twitter:card" content="summary_large_image" />
<meta name="twitter:label1" content="Temps estimat de lectura" />
	<meta name="twitter:data1" content="1 minut" />
<script type="application/ld+json" class="yoast-schema-graph">{"@context":"https://schema.org","@graph":[{"@type":"WebPage","@id":"https://arxiusoberts.gir.cat/ca/arxiu/vestit/","url":"https://arxiusoberts.gir.cat/ca/arxiu/vestit/","name":"vestit - Arxius Oberts","isPartOf":{"@id":"https://arxiusoberts.gir.cat/ca/#website"},"datePublished":"2021-12-12T22:04:43+00:00","dateModified":"2022-02-03T16:50:54+00:00","breadcrumb":{"@id":"https://arxiusoberts.gir.cat/ca/arxiu/vestit/#breadcrumb"},"inLanguage":"ca","potentialAction":[{"@type":"ReadAction","target":["https://arxiusoberts.gir.cat/ca/arxiu/vestit/"]}]},{"@type":"BreadcrumbList","@id":"https://arxiusoberts.gir.cat/ca/arxiu/vestit/#breadcrumb","itemListElement":[{"@type":"ListItem","position":1,"name":"Inici","item":"https://arxiusoberts.gir.cat/ca/"},{"@type":"ListItem","position":2,"name":"vestit"}]},{"@type":"WebSite","@id":"https://arxiusoberts.gir.cat/ca/#website","url":"https://arxiusoberts.gir.cat/ca/","name":"Arxius Oberts","description":"Narratives comunitàries de Barcelona","potentialAction":[{"@type":"SearchAction","target":{"@type":"EntryPoint","urlTemplate":"https://arxiusoberts.gir.cat/ca/?s={search_term_string}"},"query-input":"required name=search_term_string"}],"inLanguage":"ca"}]}</script>
<!-- / Yoast SEO plugin. -->

El present model és una mica posterior a l’MDB 32, ja que el vestit té una estructura una mica més complicada i menys lineal que la dels anys vint.nEstà muntat al voltant d’una franja vertical central, al davant i al darrere, que mostra un frunzit a l’altura del bust. Presenta mànigues bombades recollides en punys, [&hellip;]

Narratives comunitàries de Barcelona
