 {"id":2670,"date":"2021-12-13T00:04:42","date_gmt":"2021-12-12T22:04:42","guid":{"rendered":"http:\/\/localhost\/arxiusoberts.cat\/ca\/?post_type=arxius&#038;p=2670"},"modified":"2022-02-03T19:10:00","modified_gmt":"2022-02-03T17:10:00","slug":"alta-phone-plantae","status":"publish","type":"arxius","link":"https:\/\/arxiusoberts.gir.cat\/ca\/arxiu\/alta-phone-plantae\/","title":{"rendered":"Alta-Phone Plantae"},"content":{"rendered":"<p>En l\u2019actualitat, un dels projectes m\u00e9s reeixits de l\u2019artista ha estat el disseny i realitzaci\u00f3 dels seus altaveus de cer\u00e0mica \u201cAlta-Phone\u201d on combina les seves dues facetes: la utilit\u00e0ria i l\u2019art\u00edstica, on cada pe\u00e7a \u00e9s \u00fanica pel que fa la decoraci\u00f3.  En aquest cas, de la s\u00e8rie Plantae, decorats amb motius vegetals.<\/p>\n<p>N\u00faria Pi\u00e9 es va iniciar en el m\u00f3n de l\u2019art, dibuix i pintura a l\u2019Escola d\u2019Art de Tarragona, per continuar amb la formaci\u00f3 en disseny gr\u00e0fic i fotografia a l\u2019escola Llotja de Barcelona. Tamb\u00e9 va ser de les primeres ceramistes a treballar el tractament digital d\u2019imatges. No va ser fins anys m\u00e9s tard que es va iniciar en el m\u00f3n de la cer\u00e0mica, a l\u2019escola d\u2019art Sant Jordi de Tarragona, per esdevenir una artista amb una dilatada traject\u00f2ria i reconeixement internacional en aquest camp.<\/p>\n<p>N\u00faria Pi\u00e9 va dedicar la primera etapa de treball amb la cer\u00e0mica a la producci\u00f3 de peces realitzades a torn, per\u00f2 a partir del 1998 va abandonar pr\u00e0cticament aquesta modalitat per donar pas a una nova fase experimental dedicada a la creaci\u00f3 d\u2019instal\u2022lacions realitzades amb peces cer\u00e0miques.<\/p>\n<p>Sota el lema \u201cDona forma al teu so\u201d, l\u2019artista ha dissenyat un singular altaveu de cer\u00e0mica compatible amb la majoria de tel\u00e8fons intel\u2022ligents. El buit de l\u2019objecte cer\u00e0mic amplifica la intensitat del so; en definitiva, una barreja entre art, artesania i disseny, ja que, en paraules de l\u2019artista: \u201cLa funci\u00f3 \u00e9s bellesa, i ens apropa, de pas, al m\u00f3n de la tecnologia\u201d.n<\/p>\n<p>Isabel Fern\u00e1ndez del Moraln2021<\/p>\n","protected":false},"featured_media":2671,"template":"","yoast_head":"<!-- This site is optimized with the Yoast SEO plugin v21.7 - https:\/\/yoast.com\/wordpress\/plugins\/seo\/ -->\n<title>Alta-Phone Plantae - Arxius Oberts<\/title>\n<meta name=\"robots\" content=\"index, follow, max-snippet:-1, max-image-preview:large, max-video-preview:-1\" \/>\n<link rel=\"canonical\" href=\"https:\/\/arxiusoberts.gir.cat\/ca\/arxiu\/alta-phone-plantae\/\" \/>\n<meta property=\"og:locale\" content=\"ca_ES\" \/>\n<meta property=\"og:type\" content=\"article\" \/>\n<meta property=\"og:title\" content=\"Alta-Phone Plantae - Arxius Oberts\" \/>\n<meta property=\"og:description\" content=\"En l\u2019actualitat, un dels projectes m\u00e9s reeixits de l\u2019artista ha estat el disseny i realitzaci\u00f3 dels seus altaveus de cer\u00e0mica \u201cAlta-Phone\u201d on combina les seves dues facetes: la utilit\u00e0ria i l\u2019art\u00edstica, on cada pe\u00e7a \u00e9s \u00fanica pel que fa la decoraci\u00f3. En aquest cas, de la s\u00e8rie Plantae, decorats amb motius vegetals. N\u00faria Pi\u00e9 es [&hellip;]\" \/>\n<meta property=\"og:url\" content=\"https:\/\/arxiusoberts.gir.cat\/ca\/arxiu\/alta-phone-plantae\/\" \/>\n<meta property=\"og:site_name\" content=\"Arxius Oberts\" \/>\n<meta property=\"article:modified_time\" content=\"2022-02-03T17:10:00+00:00\" \/>\n<meta property=\"og:image\" content=\"https:\/\/arxiusoberts.gir.cat\/wp-content\/uploads\/2021\/12\/https3A2F2Fcoeli-icub-hum.s3-eu-west-1.amazonaws.com2Fpublic2FHeritageObject2FH7829812Fe91de29bc1f9acbc8012483cb1ead2152Ffull2Foriginal2F02Fdefault.jpg\" \/>\n\t<meta property=\"og:image:width\" content=\"800\" \/>\n\t<meta property=\"og:image:height\" content=\"800\" \/>\n\t<meta property=\"og:image:type\" content=\"image\/jpeg\" \/>\n<meta name=\"twitter:card\" content=\"summary_large_image\" \/>\n<meta name=\"twitter:label1\" content=\"Temps estimat de lectura\" \/>\n\t<meta name=\"twitter:data1\" content=\"1 minut\" \/>\n<script type=\"application\/ld+json\" class=\"yoast-schema-graph\">{\"@context\":\"https:\/\/schema.org\",\"@graph\":[{\"@type\":\"WebPage\",\"@id\":\"https:\/\/arxiusoberts.gir.cat\/ca\/arxiu\/alta-phone-plantae\/\",\"url\":\"https:\/\/arxiusoberts.gir.cat\/ca\/arxiu\/alta-phone-plantae\/\",\"name\":\"Alta-Phone Plantae - Arxius Oberts\",\"isPartOf\":{\"@id\":\"https:\/\/arxiusoberts.gir.cat\/ca\/#website\"},\"datePublished\":\"2021-12-12T22:04:42+00:00\",\"dateModified\":\"2022-02-03T17:10:00+00:00\",\"breadcrumb\":{\"@id\":\"https:\/\/arxiusoberts.gir.cat\/ca\/arxiu\/alta-phone-plantae\/#breadcrumb\"},\"inLanguage\":\"ca\",\"potentialAction\":[{\"@type\":\"ReadAction\",\"target\":[\"https:\/\/arxiusoberts.gir.cat\/ca\/arxiu\/alta-phone-plantae\/\"]}]},{\"@type\":\"BreadcrumbList\",\"@id\":\"https:\/\/arxiusoberts.gir.cat\/ca\/arxiu\/alta-phone-plantae\/#breadcrumb\",\"itemListElement\":[{\"@type\":\"ListItem\",\"position\":1,\"name\":\"Inici\",\"item\":\"https:\/\/arxiusoberts.gir.cat\/ca\/\"},{\"@type\":\"ListItem\",\"position\":2,\"name\":\"Alta-Phone Plantae\"}]},{\"@type\":\"WebSite\",\"@id\":\"https:\/\/arxiusoberts.gir.cat\/ca\/#website\",\"url\":\"https:\/\/arxiusoberts.gir.cat\/ca\/\",\"name\":\"Arxius Oberts\",\"description\":\"Narratives comunit\u00e0ries de Barcelona\",\"potentialAction\":[{\"@type\":\"SearchAction\",\"target\":{\"@type\":\"EntryPoint\",\"urlTemplate\":\"https:\/\/arxiusoberts.gir.cat\/ca\/?s={search_term_string}\"},\"query-input\":\"required name=search_term_string\"}],\"inLanguage\":\"ca\"}]}<\/script>\n<!-- \/ Yoast SEO plugin. -->","yoast_head_json":{"title":"Alta-Phone Plantae - Arxius Oberts","robots":{"index":"index","follow":"follow","max-snippet":"max-snippet:-1","max-image-preview":"max-image-preview:large","max-video-preview":"max-video-preview:-1"},"canonical":"https:\/\/arxiusoberts.gir.cat\/ca\/arxiu\/alta-phone-plantae\/","og_locale":"ca_ES","og_type":"article","og_title":"Alta-Phone Plantae - Arxius Oberts","og_description":"En l\u2019actualitat, un dels projectes m\u00e9s reeixits de l\u2019artista ha estat el disseny i realitzaci\u00f3 dels seus altaveus de cer\u00e0mica \u201cAlta-Phone\u201d on combina les seves dues facetes: la utilit\u00e0ria i l\u2019art\u00edstica, on cada pe\u00e7a \u00e9s \u00fanica pel que fa la decoraci\u00f3. En aquest cas, de la s\u00e8rie Plantae, decorats amb motius vegetals. N\u00faria Pi\u00e9 es [&hellip;]","og_url":"https:\/\/arxiusoberts.gir.cat\/ca\/arxiu\/alta-phone-plantae\/","og_site_name":"Arxius Oberts","article_modified_time":"2022-02-03T17:10:00+00:00","og_image":[{"width":800,"height":800,"url":"https:\/\/arxiusoberts.gir.cat\/wp-content\/uploads\/2021\/12\/https3A2F2Fcoeli-icub-hum.s3-eu-west-1.amazonaws.com2Fpublic2FHeritageObject2FH7829812Fe91de29bc1f9acbc8012483cb1ead2152Ffull2Foriginal2F02Fdefault.jpg","type":"image\/jpeg"}],"twitter_card":"summary_large_image","twitter_misc":{"Temps estimat de lectura":"1 minut"},"schema":{"@context":"https:\/\/schema.org","@graph":[{"@type":"WebPage","@id":"https:\/\/arxiusoberts.gir.cat\/ca\/arxiu\/alta-phone-plantae\/","url":"https:\/\/arxiusoberts.gir.cat\/ca\/arxiu\/alta-phone-plantae\/","name":"Alta-Phone Plantae - Arxius Oberts","isPartOf":{"@id":"https:\/\/arxiusoberts.gir.cat\/ca\/#website"},"datePublished":"2021-12-12T22:04:42+00:00","dateModified":"2022-02-03T17:10:00+00:00","breadcrumb":{"@id":"https:\/\/arxiusoberts.gir.cat\/ca\/arxiu\/alta-phone-plantae\/#breadcrumb"},"inLanguage":"ca","potentialAction":[{"@type":"ReadAction","target":["https:\/\/arxiusoberts.gir.cat\/ca\/arxiu\/alta-phone-plantae\/"]}]},{"@type":"BreadcrumbList","@id":"https:\/\/arxiusoberts.gir.cat\/ca\/arxiu\/alta-phone-plantae\/#breadcrumb","itemListElement":[{"@type":"ListItem","position":1,"name":"Inici","item":"https:\/\/arxiusoberts.gir.cat\/ca\/"},{"@type":"ListItem","position":2,"name":"Alta-Phone Plantae"}]},{"@type":"WebSite","@id":"https:\/\/arxiusoberts.gir.cat\/ca\/#website","url":"https:\/\/arxiusoberts.gir.cat\/ca\/","name":"Arxius Oberts","description":"Narratives comunit\u00e0ries de Barcelona","potentialAction":[{"@type":"SearchAction","target":{"@type":"EntryPoint","urlTemplate":"https:\/\/arxiusoberts.gir.cat\/ca\/?s={search_term_string}"},"query-input":"required name=search_term_string"}],"inLanguage":"ca"}]}},"_links":{"self":[{"href":"https:\/\/arxiusoberts.gir.cat\/ca\/wp-json\/wp\/v2\/arxius\/2670"}],"collection":[{"href":"https:\/\/arxiusoberts.gir.cat\/ca\/wp-json\/wp\/v2\/arxius"}],"about":[{"href":"https:\/\/arxiusoberts.gir.cat\/ca\/wp-json\/wp\/v2\/types\/arxius"}],"wp:featuredmedia":[{"embeddable":true,"href":"https:\/\/arxiusoberts.gir.cat\/ca\/wp-json\/wp\/v2\/media\/2671"}],"wp:attachment":[{"href":"https:\/\/arxiusoberts.gir.cat\/ca\/wp-json\/wp\/v2\/media?parent=2670"}],"curies":[{"name":"wp","href":"https:\/\/api.w.org\/{rel}","templated":true}]}}

<p>En l’actualitat, un dels projectes més reeixits de l’artista ha estat el disseny i realització dels seus altaveus de ceràmica “Alta-Phone” on combina les seves dues facetes: la utilitària i l’artística, on cada peça és única pel que fa la decoració.  En aquest cas, de la sèrie Plantae, decorats amb motius vegetals.</p>
<p>Núria Pié es va iniciar en el món de l’art, dibuix i pintura a l’Escola d’Art de Tarragona, per continuar amb la formació en disseny gràfic i fotografia a l’escola Llotja de Barcelona. També va ser de les primeres ceramistes a treballar el tractament digital d’imatges. No va ser fins anys més tard que es va iniciar en el món de la ceràmica, a l’escola d’art Sant Jordi de Tarragona, per esdevenir una artista amb una dilatada trajectòria i reconeixement internacional en aquest camp.</p>
<p>Núria Pié va dedicar la primera etapa de treball amb la ceràmica a la producció de peces realitzades a torn, però a partir del 1998 va abandonar pràcticament aquesta modalitat per donar pas a una nova fase experimental dedicada a la creació d’instal•lacions realitzades amb peces ceràmiques.</p>
<p>Sota el lema “Dona forma al teu so”, l’artista ha dissenyat un singular altaveu de ceràmica compatible amb la majoria de telèfons intel•ligents. El buit de l’objecte ceràmic amplifica la intensitat del so; en definitiva, una barreja entre art, artesania i disseny, ja que, en paraules de l’artista: “La funció és bellesa, i ens apropa, de pas, al món de la tecnologia”.n</p>
<p>Isabel Fernández del Moraln2021</p>

<!-- This site is optimized with the Yoast SEO plugin v21.7 - https://yoast.com/wordpress/plugins/seo/ -->
<title>Alta-Phone Plantae - Arxius Oberts</title>
<meta name="robots" content="index, follow, max-snippet:-1, max-image-preview:large, max-video-preview:-1" />
<link rel="canonical" href="https://arxiusoberts.gir.cat/ca/arxiu/alta-phone-plantae/" />
<meta property="og:locale" content="ca_ES" />
<meta property="og:type" content="article" />
<meta property="og:title" content="Alta-Phone Plantae - Arxius Oberts" />
<meta property="og:description" content="En l’actualitat, un dels projectes més reeixits de l’artista ha estat el disseny i realització dels seus altaveus de ceràmica “Alta-Phone” on combina les seves dues facetes: la utilitària i l’artística, on cada peça és única pel que fa la decoració. En aquest cas, de la sèrie Plantae, decorats amb motius vegetals. Núria Pié es [&hellip;]" />
<meta property="og:url" content="https://arxiusoberts.gir.cat/ca/arxiu/alta-phone-plantae/" />
<meta property="og:site_name" content="Arxius Oberts" />
<meta property="article:modified_time" content="2022-02-03T17:10:00+00:00" />
<meta property="og:image" content="https://arxiusoberts.gir.cat/wp-content/uploads/2021/12/https3A2F2Fcoeli-icub-hum.s3-eu-west-1.amazonaws.com2Fpublic2FHeritageObject2FH7829812Fe91de29bc1f9acbc8012483cb1ead2152Ffull2Foriginal2F02Fdefault.jpg" />
	<meta property="og:image:width" content="800" />
	<meta property="og:image:height" content="800" />
	<meta property="og:image:type" content="image/jpeg" />
<meta name="twitter:card" content="summary_large_image" />
<meta name="twitter:label1" content="Temps estimat de lectura" />
	<meta name="twitter:data1" content="1 minut" />
<script type="application/ld+json" class="yoast-schema-graph">{"@context":"https://schema.org","@graph":[{"@type":"WebPage","@id":"https://arxiusoberts.gir.cat/ca/arxiu/alta-phone-plantae/","url":"https://arxiusoberts.gir.cat/ca/arxiu/alta-phone-plantae/","name":"Alta-Phone Plantae - Arxius Oberts","isPartOf":{"@id":"https://arxiusoberts.gir.cat/ca/#website"},"datePublished":"2021-12-12T22:04:42+00:00","dateModified":"2022-02-03T17:10:00+00:00","breadcrumb":{"@id":"https://arxiusoberts.gir.cat/ca/arxiu/alta-phone-plantae/#breadcrumb"},"inLanguage":"ca","potentialAction":[{"@type":"ReadAction","target":["https://arxiusoberts.gir.cat/ca/arxiu/alta-phone-plantae/"]}]},{"@type":"BreadcrumbList","@id":"https://arxiusoberts.gir.cat/ca/arxiu/alta-phone-plantae/#breadcrumb","itemListElement":[{"@type":"ListItem","position":1,"name":"Inici","item":"https://arxiusoberts.gir.cat/ca/"},{"@type":"ListItem","position":2,"name":"Alta-Phone Plantae"}]},{"@type":"WebSite","@id":"https://arxiusoberts.gir.cat/ca/#website","url":"https://arxiusoberts.gir.cat/ca/","name":"Arxius Oberts","description":"Narratives comunitàries de Barcelona","potentialAction":[{"@type":"SearchAction","target":{"@type":"EntryPoint","urlTemplate":"https://arxiusoberts.gir.cat/ca/?s={search_term_string}"},"query-input":"required name=search_term_string"}],"inLanguage":"ca"}]}</script>
<!-- / Yoast SEO plugin. -->

En l’actualitat, un dels projectes més reeixits de l’artista ha estat el disseny i realització dels seus altaveus de ceràmica “Alta-Phone” on combina les seves dues facetes: la utilitària i l’artística, on cada peça és única pel que fa la decoració. En aquest cas, de la sèrie Plantae, decorats amb motius vegetals. Núria Pié es [&hellip;]

Narratives comunitàries de Barcelona
