 {"id":2674,"date":"2021-12-13T00:04:42","date_gmt":"2021-12-12T22:04:42","guid":{"rendered":"http:\/\/localhost\/arxiusoberts.cat\/ca\/?post_type=arxius&#038;p=2674"},"modified":"2022-02-03T19:10:00","modified_gmt":"2022-02-03T17:10:00","slug":"bachos-y-ceres","status":"publish","type":"arxius","link":"https:\/\/arxiusoberts.gir.cat\/ca\/arxiu\/bachos-y-ceres\/","title":{"rendered":"Bachos y Ceres"},"content":{"rendered":"<p>Guardiola va ser un pintor format a la Llotja de Barcelona i a Madrid (1891). Tot i que va comen\u00e7ar a decorar peces de cer\u00e0mica el 1914, no va ser fins el 1918 quan pr\u00e0cticament va deixar de banda la pintura i es va dedicar  a la decoraci\u00f3 de plats, gerros i rajoles de ornamentals de pisa, que va exposar per primera vegada el 1818 a la sala Par\u00e9s i m\u00e9s tard el1931 i el 1935. Va aprendre la t\u00e8cnica a la terrisseria de Llu\u00eds Div\u00ed d&#8217;Esplugues de Llobregat i tamb\u00e9 a la manufactura de S\u00e8vres a on, l&#8217;any 1934 va ser convidat pel director Ms. Lechevallier Chevignard. A S\u00e8vres va treballar per primera vegada amb gres i va experimentar amb diferents t\u00e8cniques, entre las que destaca l&#8217;aplicaci\u00f3 del color sense un mitj\u00e0 gras que atorga a les composicions una transpar\u00e8ncia molt propera a la de l&#8217;aquarel\u00b7la. Els anys 1937 i 1939 va tornar a S\u00e8vres a on tamb\u00e9 va treballar amb porcellana. Va cultivar un estil noucentista abarrocat i els temes cl\u00e0ssics i mitol\u00f2gics.<\/p>\n","protected":false},"featured_media":2675,"template":"","yoast_head":"<!-- This site is optimized with the Yoast SEO plugin v21.7 - https:\/\/yoast.com\/wordpress\/plugins\/seo\/ -->\n<title>Bachos y Ceres - Arxius Oberts<\/title>\n<meta name=\"robots\" content=\"index, follow, max-snippet:-1, max-image-preview:large, max-video-preview:-1\" \/>\n<link rel=\"canonical\" href=\"https:\/\/arxiusoberts.gir.cat\/ca\/arxiu\/bachos-y-ceres\/\" \/>\n<meta property=\"og:locale\" content=\"ca_ES\" \/>\n<meta property=\"og:type\" content=\"article\" \/>\n<meta property=\"og:title\" content=\"Bachos y Ceres - Arxius Oberts\" \/>\n<meta property=\"og:description\" content=\"Guardiola va ser un pintor format a la Llotja de Barcelona i a Madrid (1891). Tot i que va comen\u00e7ar a decorar peces de cer\u00e0mica el 1914, no va ser fins el 1918 quan pr\u00e0cticament va deixar de banda la pintura i es va dedicar a la decoraci\u00f3 de plats, gerros i rajoles de ornamentals [&hellip;]\" \/>\n<meta property=\"og:url\" content=\"https:\/\/arxiusoberts.gir.cat\/ca\/arxiu\/bachos-y-ceres\/\" \/>\n<meta property=\"og:site_name\" content=\"Arxius Oberts\" \/>\n<meta property=\"article:modified_time\" content=\"2022-02-03T17:10:00+00:00\" \/>\n<meta property=\"og:image\" content=\"https:\/\/arxiusoberts.gir.cat\/wp-content\/uploads\/2021\/12\/https3A2F2Fcoeli-icub-hum.s3-eu-west-1.amazonaws.com2Fpublic2FHeritageObject2FH3697292Fc7f00e3720c5f922333e0bfd52e72ce12Ffull2Foriginal2F02Fdefault.jpg\" \/>\n\t<meta property=\"og:image:width\" content=\"799\" \/>\n\t<meta property=\"og:image:height\" content=\"800\" \/>\n\t<meta property=\"og:image:type\" content=\"image\/jpeg\" \/>\n<meta name=\"twitter:card\" content=\"summary_large_image\" \/>\n<meta name=\"twitter:label1\" content=\"Temps estimat de lectura\" \/>\n\t<meta name=\"twitter:data1\" content=\"1 minut\" \/>\n<script type=\"application\/ld+json\" class=\"yoast-schema-graph\">{\"@context\":\"https:\/\/schema.org\",\"@graph\":[{\"@type\":\"WebPage\",\"@id\":\"https:\/\/arxiusoberts.gir.cat\/ca\/arxiu\/bachos-y-ceres\/\",\"url\":\"https:\/\/arxiusoberts.gir.cat\/ca\/arxiu\/bachos-y-ceres\/\",\"name\":\"Bachos y Ceres - Arxius Oberts\",\"isPartOf\":{\"@id\":\"https:\/\/arxiusoberts.gir.cat\/ca\/#website\"},\"datePublished\":\"2021-12-12T22:04:42+00:00\",\"dateModified\":\"2022-02-03T17:10:00+00:00\",\"breadcrumb\":{\"@id\":\"https:\/\/arxiusoberts.gir.cat\/ca\/arxiu\/bachos-y-ceres\/#breadcrumb\"},\"inLanguage\":\"ca\",\"potentialAction\":[{\"@type\":\"ReadAction\",\"target\":[\"https:\/\/arxiusoberts.gir.cat\/ca\/arxiu\/bachos-y-ceres\/\"]}]},{\"@type\":\"BreadcrumbList\",\"@id\":\"https:\/\/arxiusoberts.gir.cat\/ca\/arxiu\/bachos-y-ceres\/#breadcrumb\",\"itemListElement\":[{\"@type\":\"ListItem\",\"position\":1,\"name\":\"Inici\",\"item\":\"https:\/\/arxiusoberts.gir.cat\/ca\/\"},{\"@type\":\"ListItem\",\"position\":2,\"name\":\"Bachos y Ceres\"}]},{\"@type\":\"WebSite\",\"@id\":\"https:\/\/arxiusoberts.gir.cat\/ca\/#website\",\"url\":\"https:\/\/arxiusoberts.gir.cat\/ca\/\",\"name\":\"Arxius Oberts\",\"description\":\"Narratives comunit\u00e0ries de Barcelona\",\"potentialAction\":[{\"@type\":\"SearchAction\",\"target\":{\"@type\":\"EntryPoint\",\"urlTemplate\":\"https:\/\/arxiusoberts.gir.cat\/ca\/?s={search_term_string}\"},\"query-input\":\"required name=search_term_string\"}],\"inLanguage\":\"ca\"}]}<\/script>\n<!-- \/ Yoast SEO plugin. -->","yoast_head_json":{"title":"Bachos y Ceres - Arxius Oberts","robots":{"index":"index","follow":"follow","max-snippet":"max-snippet:-1","max-image-preview":"max-image-preview:large","max-video-preview":"max-video-preview:-1"},"canonical":"https:\/\/arxiusoberts.gir.cat\/ca\/arxiu\/bachos-y-ceres\/","og_locale":"ca_ES","og_type":"article","og_title":"Bachos y Ceres - Arxius Oberts","og_description":"Guardiola va ser un pintor format a la Llotja de Barcelona i a Madrid (1891). Tot i que va comen\u00e7ar a decorar peces de cer\u00e0mica el 1914, no va ser fins el 1918 quan pr\u00e0cticament va deixar de banda la pintura i es va dedicar a la decoraci\u00f3 de plats, gerros i rajoles de ornamentals [&hellip;]","og_url":"https:\/\/arxiusoberts.gir.cat\/ca\/arxiu\/bachos-y-ceres\/","og_site_name":"Arxius Oberts","article_modified_time":"2022-02-03T17:10:00+00:00","og_image":[{"width":799,"height":800,"url":"https:\/\/arxiusoberts.gir.cat\/wp-content\/uploads\/2021\/12\/https3A2F2Fcoeli-icub-hum.s3-eu-west-1.amazonaws.com2Fpublic2FHeritageObject2FH3697292Fc7f00e3720c5f922333e0bfd52e72ce12Ffull2Foriginal2F02Fdefault.jpg","type":"image\/jpeg"}],"twitter_card":"summary_large_image","twitter_misc":{"Temps estimat de lectura":"1 minut"},"schema":{"@context":"https:\/\/schema.org","@graph":[{"@type":"WebPage","@id":"https:\/\/arxiusoberts.gir.cat\/ca\/arxiu\/bachos-y-ceres\/","url":"https:\/\/arxiusoberts.gir.cat\/ca\/arxiu\/bachos-y-ceres\/","name":"Bachos y Ceres - Arxius Oberts","isPartOf":{"@id":"https:\/\/arxiusoberts.gir.cat\/ca\/#website"},"datePublished":"2021-12-12T22:04:42+00:00","dateModified":"2022-02-03T17:10:00+00:00","breadcrumb":{"@id":"https:\/\/arxiusoberts.gir.cat\/ca\/arxiu\/bachos-y-ceres\/#breadcrumb"},"inLanguage":"ca","potentialAction":[{"@type":"ReadAction","target":["https:\/\/arxiusoberts.gir.cat\/ca\/arxiu\/bachos-y-ceres\/"]}]},{"@type":"BreadcrumbList","@id":"https:\/\/arxiusoberts.gir.cat\/ca\/arxiu\/bachos-y-ceres\/#breadcrumb","itemListElement":[{"@type":"ListItem","position":1,"name":"Inici","item":"https:\/\/arxiusoberts.gir.cat\/ca\/"},{"@type":"ListItem","position":2,"name":"Bachos y Ceres"}]},{"@type":"WebSite","@id":"https:\/\/arxiusoberts.gir.cat\/ca\/#website","url":"https:\/\/arxiusoberts.gir.cat\/ca\/","name":"Arxius Oberts","description":"Narratives comunit\u00e0ries de Barcelona","potentialAction":[{"@type":"SearchAction","target":{"@type":"EntryPoint","urlTemplate":"https:\/\/arxiusoberts.gir.cat\/ca\/?s={search_term_string}"},"query-input":"required name=search_term_string"}],"inLanguage":"ca"}]}},"_links":{"self":[{"href":"https:\/\/arxiusoberts.gir.cat\/ca\/wp-json\/wp\/v2\/arxius\/2674"}],"collection":[{"href":"https:\/\/arxiusoberts.gir.cat\/ca\/wp-json\/wp\/v2\/arxius"}],"about":[{"href":"https:\/\/arxiusoberts.gir.cat\/ca\/wp-json\/wp\/v2\/types\/arxius"}],"wp:featuredmedia":[{"embeddable":true,"href":"https:\/\/arxiusoberts.gir.cat\/ca\/wp-json\/wp\/v2\/media\/2675"}],"wp:attachment":[{"href":"https:\/\/arxiusoberts.gir.cat\/ca\/wp-json\/wp\/v2\/media?parent=2674"}],"curies":[{"name":"wp","href":"https:\/\/api.w.org\/{rel}","templated":true}]}}

<p>Guardiola va ser un pintor format a la Llotja de Barcelona i a Madrid (1891). Tot i que va començar a decorar peces de ceràmica el 1914, no va ser fins el 1918 quan pràcticament va deixar de banda la pintura i es va dedicar  a la decoració de plats, gerros i rajoles de ornamentals de pisa, que va exposar per primera vegada el 1818 a la sala Parés i més tard el1931 i el 1935. Va aprendre la tècnica a la terrisseria de Lluís Diví d&#8217;Esplugues de Llobregat i també a la manufactura de Sèvres a on, l&#8217;any 1934 va ser convidat pel director Ms. Lechevallier Chevignard. A Sèvres va treballar per primera vegada amb gres i va experimentar amb diferents tècniques, entre las que destaca l&#8217;aplicació del color sense un mitjà gras que atorga a les composicions una transparència molt propera a la de l&#8217;aquarel·la. Els anys 1937 i 1939 va tornar a Sèvres a on també va treballar amb porcellana. Va cultivar un estil noucentista abarrocat i els temes clàssics i mitològics.</p>

<!-- This site is optimized with the Yoast SEO plugin v21.7 - https://yoast.com/wordpress/plugins/seo/ -->
<title>Bachos y Ceres - Arxius Oberts</title>
<meta name="robots" content="index, follow, max-snippet:-1, max-image-preview:large, max-video-preview:-1" />
<link rel="canonical" href="https://arxiusoberts.gir.cat/ca/arxiu/bachos-y-ceres/" />
<meta property="og:locale" content="ca_ES" />
<meta property="og:type" content="article" />
<meta property="og:title" content="Bachos y Ceres - Arxius Oberts" />
<meta property="og:description" content="Guardiola va ser un pintor format a la Llotja de Barcelona i a Madrid (1891). Tot i que va començar a decorar peces de ceràmica el 1914, no va ser fins el 1918 quan pràcticament va deixar de banda la pintura i es va dedicar a la decoració de plats, gerros i rajoles de ornamentals [&hellip;]" />
<meta property="og:url" content="https://arxiusoberts.gir.cat/ca/arxiu/bachos-y-ceres/" />
<meta property="og:site_name" content="Arxius Oberts" />
<meta property="article:modified_time" content="2022-02-03T17:10:00+00:00" />
<meta property="og:image" content="https://arxiusoberts.gir.cat/wp-content/uploads/2021/12/https3A2F2Fcoeli-icub-hum.s3-eu-west-1.amazonaws.com2Fpublic2FHeritageObject2FH3697292Fc7f00e3720c5f922333e0bfd52e72ce12Ffull2Foriginal2F02Fdefault.jpg" />
	<meta property="og:image:width" content="799" />
	<meta property="og:image:height" content="800" />
	<meta property="og:image:type" content="image/jpeg" />
<meta name="twitter:card" content="summary_large_image" />
<meta name="twitter:label1" content="Temps estimat de lectura" />
	<meta name="twitter:data1" content="1 minut" />
<script type="application/ld+json" class="yoast-schema-graph">{"@context":"https://schema.org","@graph":[{"@type":"WebPage","@id":"https://arxiusoberts.gir.cat/ca/arxiu/bachos-y-ceres/","url":"https://arxiusoberts.gir.cat/ca/arxiu/bachos-y-ceres/","name":"Bachos y Ceres - Arxius Oberts","isPartOf":{"@id":"https://arxiusoberts.gir.cat/ca/#website"},"datePublished":"2021-12-12T22:04:42+00:00","dateModified":"2022-02-03T17:10:00+00:00","breadcrumb":{"@id":"https://arxiusoberts.gir.cat/ca/arxiu/bachos-y-ceres/#breadcrumb"},"inLanguage":"ca","potentialAction":[{"@type":"ReadAction","target":["https://arxiusoberts.gir.cat/ca/arxiu/bachos-y-ceres/"]}]},{"@type":"BreadcrumbList","@id":"https://arxiusoberts.gir.cat/ca/arxiu/bachos-y-ceres/#breadcrumb","itemListElement":[{"@type":"ListItem","position":1,"name":"Inici","item":"https://arxiusoberts.gir.cat/ca/"},{"@type":"ListItem","position":2,"name":"Bachos y Ceres"}]},{"@type":"WebSite","@id":"https://arxiusoberts.gir.cat/ca/#website","url":"https://arxiusoberts.gir.cat/ca/","name":"Arxius Oberts","description":"Narratives comunitàries de Barcelona","potentialAction":[{"@type":"SearchAction","target":{"@type":"EntryPoint","urlTemplate":"https://arxiusoberts.gir.cat/ca/?s={search_term_string}"},"query-input":"required name=search_term_string"}],"inLanguage":"ca"}]}</script>
<!-- / Yoast SEO plugin. -->

Guardiola va ser un pintor format a la Llotja de Barcelona i a Madrid (1891). Tot i que va començar a decorar peces de ceràmica el 1914, no va ser fins el 1918 quan pràcticament va deixar de banda la pintura i es va dedicar a la decoració de plats, gerros i rajoles de ornamentals [&hellip;]

Narratives comunitàries de Barcelona
