 {"id":2676,"date":"2021-12-13T00:04:42","date_gmt":"2021-12-12T22:04:42","guid":{"rendered":"http:\/\/localhost\/arxiusoberts.cat\/ca\/?post_type=arxius&#038;p=2676"},"modified":"2022-02-03T19:10:00","modified_gmt":"2022-02-03T17:10:00","slug":"banquet-obit","status":"publish","type":"arxius","link":"https:\/\/arxiusoberts.gir.cat\/ca\/arxiu\/banquet-obit\/","title":{"rendered":"Banquet-\u00d2bit"},"content":{"rendered":"<p>Composici\u00f3 formada per 68 peces de gres i porcellana cuites a 1.280 \u00b0C i acabades amb esmalt, exhibides dintre d\u2019un atuell de ferro a mode de paella.<\/p>\n<p>Parlar de Xavier Masero, \u00e9s parlar d\u2019un artista multidisciplinari i inquiet que comen\u00e7a la seva traject\u00f2ria cursant estudis de Pintura a l\u2019Escola Massana i els complementa al taller de prestigiosos artistes com Josep Guinovart i Paolo Vitali. La seva obra est\u00e0 avalada per una llarga i ininterrompuda traject\u00f2ria d\u2019exposicions individuals des dels anys noranta fins a avui dia.nEn la seva obra personal dona via a la seva creativitat a trav\u00e9s de molt diverses disciplines art\u00edstiques com ara la pintura, l\u2019escultura, la cer\u00e0mica i les videoinstal\u2022lacions.nEn la disciplina cer\u00e0mica destaca per les seves creacions arriscades. Amb el seu Banquet-\u00d2bit, l\u2019artista presenta 68 elements de mides diferents en forma de musclos dins d\u2019una paella, i les submergeix en aigua de mar, de manera que l\u2019objecte cer\u00e0mic va adquirint un aspecte cada cop m\u00e9s proper a la naturalesa marina.nEn paraules de l\u2019autor, l\u2019obra es presenta a mode de \u201cvanitas contemporani, ja que Banquet-\u00d2bit \u00e9s alhora una advert\u00e8ncia sobre la fi de les coses i una celebraci\u00f3 per la perman\u00e8ncia de les seves estructures. Una vida esdev\u00e9 finalment una petjada\u201d.n<\/p>\n<p>Isabel Fern\u00e1ndez del Moraln2021<\/p>\n","protected":false},"featured_media":2677,"template":"","yoast_head":"<!-- This site is optimized with the Yoast SEO plugin v21.7 - https:\/\/yoast.com\/wordpress\/plugins\/seo\/ -->\n<title>Banquet-\u00d2bit - Arxius Oberts<\/title>\n<meta name=\"robots\" content=\"index, follow, max-snippet:-1, max-image-preview:large, max-video-preview:-1\" \/>\n<link rel=\"canonical\" href=\"https:\/\/arxiusoberts.gir.cat\/ca\/arxiu\/banquet-obit\/\" \/>\n<meta property=\"og:locale\" content=\"ca_ES\" \/>\n<meta property=\"og:type\" content=\"article\" \/>\n<meta property=\"og:title\" content=\"Banquet-\u00d2bit - Arxius Oberts\" \/>\n<meta property=\"og:description\" content=\"Composici\u00f3 formada per 68 peces de gres i porcellana cuites a 1.280 \u00b0C i acabades amb esmalt, exhibides dintre d\u2019un atuell de ferro a mode de paella. Parlar de Xavier Masero, \u00e9s parlar d\u2019un artista multidisciplinari i inquiet que comen\u00e7a la seva traject\u00f2ria cursant estudis de Pintura a l\u2019Escola Massana i els complementa al taller [&hellip;]\" \/>\n<meta property=\"og:url\" content=\"https:\/\/arxiusoberts.gir.cat\/ca\/arxiu\/banquet-obit\/\" \/>\n<meta property=\"og:site_name\" content=\"Arxius Oberts\" \/>\n<meta property=\"article:modified_time\" content=\"2022-02-03T17:10:00+00:00\" \/>\n<meta property=\"og:image\" content=\"https:\/\/arxiusoberts.gir.cat\/wp-content\/uploads\/2021\/12\/https3A2F2Fcoeli-icub-hum.s3-eu-west-1.amazonaws.com2Fpublic2FHeritageObject2FH7706572F256ecac286f0352a5e7f1e376111037b2Ffull2Foriginal2F02Fdefault.jpeg\" \/>\n\t<meta property=\"og:image:width\" content=\"800\" \/>\n\t<meta property=\"og:image:height\" content=\"800\" \/>\n\t<meta property=\"og:image:type\" content=\"image\/jpeg\" \/>\n<meta name=\"twitter:card\" content=\"summary_large_image\" \/>\n<meta name=\"twitter:label1\" content=\"Temps estimat de lectura\" \/>\n\t<meta name=\"twitter:data1\" content=\"1 minut\" \/>\n<script type=\"application\/ld+json\" class=\"yoast-schema-graph\">{\"@context\":\"https:\/\/schema.org\",\"@graph\":[{\"@type\":\"WebPage\",\"@id\":\"https:\/\/arxiusoberts.gir.cat\/ca\/arxiu\/banquet-obit\/\",\"url\":\"https:\/\/arxiusoberts.gir.cat\/ca\/arxiu\/banquet-obit\/\",\"name\":\"Banquet-\u00d2bit - Arxius Oberts\",\"isPartOf\":{\"@id\":\"https:\/\/arxiusoberts.gir.cat\/ca\/#website\"},\"datePublished\":\"2021-12-12T22:04:42+00:00\",\"dateModified\":\"2022-02-03T17:10:00+00:00\",\"breadcrumb\":{\"@id\":\"https:\/\/arxiusoberts.gir.cat\/ca\/arxiu\/banquet-obit\/#breadcrumb\"},\"inLanguage\":\"ca\",\"potentialAction\":[{\"@type\":\"ReadAction\",\"target\":[\"https:\/\/arxiusoberts.gir.cat\/ca\/arxiu\/banquet-obit\/\"]}]},{\"@type\":\"BreadcrumbList\",\"@id\":\"https:\/\/arxiusoberts.gir.cat\/ca\/arxiu\/banquet-obit\/#breadcrumb\",\"itemListElement\":[{\"@type\":\"ListItem\",\"position\":1,\"name\":\"Inici\",\"item\":\"https:\/\/arxiusoberts.gir.cat\/ca\/\"},{\"@type\":\"ListItem\",\"position\":2,\"name\":\"Banquet-\u00d2bit\"}]},{\"@type\":\"WebSite\",\"@id\":\"https:\/\/arxiusoberts.gir.cat\/ca\/#website\",\"url\":\"https:\/\/arxiusoberts.gir.cat\/ca\/\",\"name\":\"Arxius Oberts\",\"description\":\"Narratives comunit\u00e0ries de Barcelona\",\"potentialAction\":[{\"@type\":\"SearchAction\",\"target\":{\"@type\":\"EntryPoint\",\"urlTemplate\":\"https:\/\/arxiusoberts.gir.cat\/ca\/?s={search_term_string}\"},\"query-input\":\"required name=search_term_string\"}],\"inLanguage\":\"ca\"}]}<\/script>\n<!-- \/ Yoast SEO plugin. -->","yoast_head_json":{"title":"Banquet-\u00d2bit - Arxius Oberts","robots":{"index":"index","follow":"follow","max-snippet":"max-snippet:-1","max-image-preview":"max-image-preview:large","max-video-preview":"max-video-preview:-1"},"canonical":"https:\/\/arxiusoberts.gir.cat\/ca\/arxiu\/banquet-obit\/","og_locale":"ca_ES","og_type":"article","og_title":"Banquet-\u00d2bit - Arxius Oberts","og_description":"Composici\u00f3 formada per 68 peces de gres i porcellana cuites a 1.280 \u00b0C i acabades amb esmalt, exhibides dintre d\u2019un atuell de ferro a mode de paella. Parlar de Xavier Masero, \u00e9s parlar d\u2019un artista multidisciplinari i inquiet que comen\u00e7a la seva traject\u00f2ria cursant estudis de Pintura a l\u2019Escola Massana i els complementa al taller [&hellip;]","og_url":"https:\/\/arxiusoberts.gir.cat\/ca\/arxiu\/banquet-obit\/","og_site_name":"Arxius Oberts","article_modified_time":"2022-02-03T17:10:00+00:00","og_image":[{"width":800,"height":800,"url":"https:\/\/arxiusoberts.gir.cat\/wp-content\/uploads\/2021\/12\/https3A2F2Fcoeli-icub-hum.s3-eu-west-1.amazonaws.com2Fpublic2FHeritageObject2FH7706572F256ecac286f0352a5e7f1e376111037b2Ffull2Foriginal2F02Fdefault.jpeg","type":"image\/jpeg"}],"twitter_card":"summary_large_image","twitter_misc":{"Temps estimat de lectura":"1 minut"},"schema":{"@context":"https:\/\/schema.org","@graph":[{"@type":"WebPage","@id":"https:\/\/arxiusoberts.gir.cat\/ca\/arxiu\/banquet-obit\/","url":"https:\/\/arxiusoberts.gir.cat\/ca\/arxiu\/banquet-obit\/","name":"Banquet-\u00d2bit - Arxius Oberts","isPartOf":{"@id":"https:\/\/arxiusoberts.gir.cat\/ca\/#website"},"datePublished":"2021-12-12T22:04:42+00:00","dateModified":"2022-02-03T17:10:00+00:00","breadcrumb":{"@id":"https:\/\/arxiusoberts.gir.cat\/ca\/arxiu\/banquet-obit\/#breadcrumb"},"inLanguage":"ca","potentialAction":[{"@type":"ReadAction","target":["https:\/\/arxiusoberts.gir.cat\/ca\/arxiu\/banquet-obit\/"]}]},{"@type":"BreadcrumbList","@id":"https:\/\/arxiusoberts.gir.cat\/ca\/arxiu\/banquet-obit\/#breadcrumb","itemListElement":[{"@type":"ListItem","position":1,"name":"Inici","item":"https:\/\/arxiusoberts.gir.cat\/ca\/"},{"@type":"ListItem","position":2,"name":"Banquet-\u00d2bit"}]},{"@type":"WebSite","@id":"https:\/\/arxiusoberts.gir.cat\/ca\/#website","url":"https:\/\/arxiusoberts.gir.cat\/ca\/","name":"Arxius Oberts","description":"Narratives comunit\u00e0ries de Barcelona","potentialAction":[{"@type":"SearchAction","target":{"@type":"EntryPoint","urlTemplate":"https:\/\/arxiusoberts.gir.cat\/ca\/?s={search_term_string}"},"query-input":"required name=search_term_string"}],"inLanguage":"ca"}]}},"_links":{"self":[{"href":"https:\/\/arxiusoberts.gir.cat\/ca\/wp-json\/wp\/v2\/arxius\/2676"}],"collection":[{"href":"https:\/\/arxiusoberts.gir.cat\/ca\/wp-json\/wp\/v2\/arxius"}],"about":[{"href":"https:\/\/arxiusoberts.gir.cat\/ca\/wp-json\/wp\/v2\/types\/arxius"}],"wp:featuredmedia":[{"embeddable":true,"href":"https:\/\/arxiusoberts.gir.cat\/ca\/wp-json\/wp\/v2\/media\/2677"}],"wp:attachment":[{"href":"https:\/\/arxiusoberts.gir.cat\/ca\/wp-json\/wp\/v2\/media?parent=2676"}],"curies":[{"name":"wp","href":"https:\/\/api.w.org\/{rel}","templated":true}]}}

Banquet-Òbit

<p>Composició formada per 68 peces de gres i porcellana cuites a 1.280 °C i acabades amb esmalt, exhibides dintre d’un atuell de ferro a mode de paella.</p>
<p>Parlar de Xavier Masero, és parlar d’un artista multidisciplinari i inquiet que comença la seva trajectòria cursant estudis de Pintura a l’Escola Massana i els complementa al taller de prestigiosos artistes com Josep Guinovart i Paolo Vitali. La seva obra està avalada per una llarga i ininterrompuda trajectòria d’exposicions individuals des dels anys noranta fins a avui dia.nEn la seva obra personal dona via a la seva creativitat a través de molt diverses disciplines artístiques com ara la pintura, l’escultura, la ceràmica i les videoinstal•lacions.nEn la disciplina ceràmica destaca per les seves creacions arriscades. Amb el seu Banquet-Òbit, l’artista presenta 68 elements de mides diferents en forma de musclos dins d’una paella, i les submergeix en aigua de mar, de manera que l’objecte ceràmic va adquirint un aspecte cada cop més proper a la naturalesa marina.nEn paraules de l’autor, l’obra es presenta a mode de “vanitas contemporani, ja que Banquet-Òbit és alhora una advertència sobre la fi de les coses i una celebració per la permanència de les seves estructures. Una vida esdevé finalment una petjada”.n</p>
<p>Isabel Fernández del Moraln2021</p>

<!-- This site is optimized with the Yoast SEO plugin v21.7 - https://yoast.com/wordpress/plugins/seo/ -->
<title>Banquet-Òbit - Arxius Oberts</title>
<meta name="robots" content="index, follow, max-snippet:-1, max-image-preview:large, max-video-preview:-1" />
<link rel="canonical" href="https://arxiusoberts.gir.cat/ca/arxiu/banquet-obit/" />
<meta property="og:locale" content="ca_ES" />
<meta property="og:type" content="article" />
<meta property="og:title" content="Banquet-Òbit - Arxius Oberts" />
<meta property="og:description" content="Composició formada per 68 peces de gres i porcellana cuites a 1.280 °C i acabades amb esmalt, exhibides dintre d’un atuell de ferro a mode de paella. Parlar de Xavier Masero, és parlar d’un artista multidisciplinari i inquiet que comença la seva trajectòria cursant estudis de Pintura a l’Escola Massana i els complementa al taller [&hellip;]" />
<meta property="og:url" content="https://arxiusoberts.gir.cat/ca/arxiu/banquet-obit/" />
<meta property="og:site_name" content="Arxius Oberts" />
<meta property="article:modified_time" content="2022-02-03T17:10:00+00:00" />
<meta property="og:image" content="https://arxiusoberts.gir.cat/wp-content/uploads/2021/12/https3A2F2Fcoeli-icub-hum.s3-eu-west-1.amazonaws.com2Fpublic2FHeritageObject2FH7706572F256ecac286f0352a5e7f1e376111037b2Ffull2Foriginal2F02Fdefault.jpeg" />
	<meta property="og:image:width" content="800" />
	<meta property="og:image:height" content="800" />
	<meta property="og:image:type" content="image/jpeg" />
<meta name="twitter:card" content="summary_large_image" />
<meta name="twitter:label1" content="Temps estimat de lectura" />
	<meta name="twitter:data1" content="1 minut" />
<script type="application/ld+json" class="yoast-schema-graph">{"@context":"https://schema.org","@graph":[{"@type":"WebPage","@id":"https://arxiusoberts.gir.cat/ca/arxiu/banquet-obit/","url":"https://arxiusoberts.gir.cat/ca/arxiu/banquet-obit/","name":"Banquet-Òbit - Arxius Oberts","isPartOf":{"@id":"https://arxiusoberts.gir.cat/ca/#website"},"datePublished":"2021-12-12T22:04:42+00:00","dateModified":"2022-02-03T17:10:00+00:00","breadcrumb":{"@id":"https://arxiusoberts.gir.cat/ca/arxiu/banquet-obit/#breadcrumb"},"inLanguage":"ca","potentialAction":[{"@type":"ReadAction","target":["https://arxiusoberts.gir.cat/ca/arxiu/banquet-obit/"]}]},{"@type":"BreadcrumbList","@id":"https://arxiusoberts.gir.cat/ca/arxiu/banquet-obit/#breadcrumb","itemListElement":[{"@type":"ListItem","position":1,"name":"Inici","item":"https://arxiusoberts.gir.cat/ca/"},{"@type":"ListItem","position":2,"name":"Banquet-Òbit"}]},{"@type":"WebSite","@id":"https://arxiusoberts.gir.cat/ca/#website","url":"https://arxiusoberts.gir.cat/ca/","name":"Arxius Oberts","description":"Narratives comunitàries de Barcelona","potentialAction":[{"@type":"SearchAction","target":{"@type":"EntryPoint","urlTemplate":"https://arxiusoberts.gir.cat/ca/?s={search_term_string}"},"query-input":"required name=search_term_string"}],"inLanguage":"ca"}]}</script>
<!-- / Yoast SEO plugin. -->

Banquet-Òbit - Arxius Oberts

Composició formada per 68 peces de gres i porcellana cuites a 1.280 °C i acabades amb esmalt, exhibides dintre d’un atuell de ferro a mode de paella. Parlar de Xavier Masero, és parlar d’un artista multidisciplinari i inquiet que comença la seva trajectòria cursant estudis de Pintura a l’Escola Massana i els complementa al taller [&hellip;]

Narratives comunitàries de Barcelona
