 {"id":2678,"date":"2021-12-13T00:04:42","date_gmt":"2021-12-12T22:04:42","guid":{"rendered":"http:\/\/localhost\/arxiusoberts.cat\/ca\/?post_type=arxius&#038;p=2678"},"modified":"2022-02-03T19:10:00","modified_gmt":"2022-02-03T17:10:00","slug":"ceramica-in-utilitaria","status":"publish","type":"arxius","link":"https:\/\/arxiusoberts.gir.cat\/ca\/arxiu\/ceramica-in-utilitaria\/","title":{"rendered":"Cer\u00e0mica in-utilit\u00e0ria"},"content":{"rendered":"<p>Recipient realitzat amb argila vermella i sotm\u00e8s a cocci\u00f3 en atmosfera reductora, sense oxigen, per tal d\u2019aconseguir una pe\u00e7a de color negre. S\u2019hi afegeixen elements met\u00e0l\u00b7lics com ara les nanses per acabar de donar forma, aparentment utilit\u00e0ria, a l\u2019obra.<\/p>\n<p>Barbaformosa va comen\u00e7ar estudiant un m\u00f2dul de cer\u00e0mica a l\u2019Escola Massana de Barcelona mentre feia d\u2019ajudant al taller de Jordi Aguad\u00e9, qui seria el seu mestre i del qual n\u2019aprendria no nom\u00e9s la t\u00e8cnica, sin\u00f3 tamb\u00e9 a desenvolupar la seva creativitat art\u00edstica. En aquells temps, va sentir la necessitat d\u2019estudiar Belles Arts i va entrar en un per\u00edode en el qual treballaria intensament les escultures de ferro i cer\u00e0mica. Membre de l\u2019Acad\u00e9mie Internationale de la C\u00e9ramique.<\/p>\n<p>La seva traject\u00f2ria com a ceramista es desenvolupa en paral\u00b7lel a la seva tasca docent a la Massana, on \u00e9s professora de torn. Sembla contradictori, per\u00f2, que precisament la seva obra trenqui els esquemes de l\u2019obra cl\u00e0ssica realitzada amb aquesta eina.<\/p>\n<p>El projecte \u201cCer\u00e0mica in-utilit\u00e0ria\u201d forma part d\u2019un cicle d\u2019experimentaci\u00f3 en el qual l\u2019artista parteix de formes \u00fatils i les fa evolucionar cap a formes noves sense utilitat, emprant materials i pastes diverses i que presenten un acabat superficial sense esmalts, amb esquerdes i fissures provocades. En aquesta pe\u00e7a mostra tamb\u00e9 l\u2019experi\u00e8ncia en la combinaci\u00f3 del material cer\u00e0mic amb d\u2019altres com l\u2019acer i el coure, incorporats despr\u00e9s de la cocci\u00f3.<\/p>\n<p>Isabel Fern\u00e1ndez del Moral<\/p>\n","protected":false},"featured_media":2679,"template":"","yoast_head":"<!-- This site is optimized with the Yoast SEO plugin v21.7 - https:\/\/yoast.com\/wordpress\/plugins\/seo\/ -->\n<title>Cer\u00e0mica in-utilit\u00e0ria - Arxius Oberts<\/title>\n<meta name=\"robots\" content=\"index, follow, max-snippet:-1, max-image-preview:large, max-video-preview:-1\" \/>\n<link rel=\"canonical\" href=\"https:\/\/arxiusoberts.gir.cat\/ca\/arxiu\/ceramica-in-utilitaria\/\" \/>\n<meta property=\"og:locale\" content=\"ca_ES\" \/>\n<meta property=\"og:type\" content=\"article\" \/>\n<meta property=\"og:title\" content=\"Cer\u00e0mica in-utilit\u00e0ria - Arxius Oberts\" \/>\n<meta property=\"og:description\" content=\"Recipient realitzat amb argila vermella i sotm\u00e8s a cocci\u00f3 en atmosfera reductora, sense oxigen, per tal d\u2019aconseguir una pe\u00e7a de color negre. S\u2019hi afegeixen elements met\u00e0l\u00b7lics com ara les nanses per acabar de donar forma, aparentment utilit\u00e0ria, a l\u2019obra. Barbaformosa va comen\u00e7ar estudiant un m\u00f2dul de cer\u00e0mica a l\u2019Escola Massana de Barcelona mentre feia d\u2019ajudant [&hellip;]\" \/>\n<meta property=\"og:url\" content=\"https:\/\/arxiusoberts.gir.cat\/ca\/arxiu\/ceramica-in-utilitaria\/\" \/>\n<meta property=\"og:site_name\" content=\"Arxius Oberts\" \/>\n<meta property=\"article:modified_time\" content=\"2022-02-03T17:10:00+00:00\" \/>\n<meta property=\"og:image\" content=\"https:\/\/arxiusoberts.gir.cat\/wp-content\/uploads\/2021\/12\/https3A2F2Fcoeli-icub-hum.s3-eu-west-1.amazonaws.com2Fpublic2FHeritageObject2FH7500202Fca21289b5a8391cfc5e5c3ffed85e0c62Ffull2Foriginal2F02Fdefault.jpg\" \/>\n\t<meta property=\"og:image:width\" content=\"800\" \/>\n\t<meta property=\"og:image:height\" content=\"800\" \/>\n\t<meta property=\"og:image:type\" content=\"image\/jpeg\" \/>\n<meta name=\"twitter:card\" content=\"summary_large_image\" \/>\n<meta name=\"twitter:label1\" content=\"Temps estimat de lectura\" \/>\n\t<meta name=\"twitter:data1\" content=\"1 minut\" \/>\n<script type=\"application\/ld+json\" class=\"yoast-schema-graph\">{\"@context\":\"https:\/\/schema.org\",\"@graph\":[{\"@type\":\"WebPage\",\"@id\":\"https:\/\/arxiusoberts.gir.cat\/ca\/arxiu\/ceramica-in-utilitaria\/\",\"url\":\"https:\/\/arxiusoberts.gir.cat\/ca\/arxiu\/ceramica-in-utilitaria\/\",\"name\":\"Cer\u00e0mica in-utilit\u00e0ria - Arxius Oberts\",\"isPartOf\":{\"@id\":\"https:\/\/arxiusoberts.gir.cat\/ca\/#website\"},\"datePublished\":\"2021-12-12T22:04:42+00:00\",\"dateModified\":\"2022-02-03T17:10:00+00:00\",\"breadcrumb\":{\"@id\":\"https:\/\/arxiusoberts.gir.cat\/ca\/arxiu\/ceramica-in-utilitaria\/#breadcrumb\"},\"inLanguage\":\"ca\",\"potentialAction\":[{\"@type\":\"ReadAction\",\"target\":[\"https:\/\/arxiusoberts.gir.cat\/ca\/arxiu\/ceramica-in-utilitaria\/\"]}]},{\"@type\":\"BreadcrumbList\",\"@id\":\"https:\/\/arxiusoberts.gir.cat\/ca\/arxiu\/ceramica-in-utilitaria\/#breadcrumb\",\"itemListElement\":[{\"@type\":\"ListItem\",\"position\":1,\"name\":\"Inici\",\"item\":\"https:\/\/arxiusoberts.gir.cat\/ca\/\"},{\"@type\":\"ListItem\",\"position\":2,\"name\":\"Cer\u00e0mica in-utilit\u00e0ria\"}]},{\"@type\":\"WebSite\",\"@id\":\"https:\/\/arxiusoberts.gir.cat\/ca\/#website\",\"url\":\"https:\/\/arxiusoberts.gir.cat\/ca\/\",\"name\":\"Arxius Oberts\",\"description\":\"Narratives comunit\u00e0ries de Barcelona\",\"potentialAction\":[{\"@type\":\"SearchAction\",\"target\":{\"@type\":\"EntryPoint\",\"urlTemplate\":\"https:\/\/arxiusoberts.gir.cat\/ca\/?s={search_term_string}\"},\"query-input\":\"required name=search_term_string\"}],\"inLanguage\":\"ca\"}]}<\/script>\n<!-- \/ Yoast SEO plugin. -->","yoast_head_json":{"title":"Cer\u00e0mica in-utilit\u00e0ria - Arxius Oberts","robots":{"index":"index","follow":"follow","max-snippet":"max-snippet:-1","max-image-preview":"max-image-preview:large","max-video-preview":"max-video-preview:-1"},"canonical":"https:\/\/arxiusoberts.gir.cat\/ca\/arxiu\/ceramica-in-utilitaria\/","og_locale":"ca_ES","og_type":"article","og_title":"Cer\u00e0mica in-utilit\u00e0ria - Arxius Oberts","og_description":"Recipient realitzat amb argila vermella i sotm\u00e8s a cocci\u00f3 en atmosfera reductora, sense oxigen, per tal d\u2019aconseguir una pe\u00e7a de color negre. S\u2019hi afegeixen elements met\u00e0l\u00b7lics com ara les nanses per acabar de donar forma, aparentment utilit\u00e0ria, a l\u2019obra. Barbaformosa va comen\u00e7ar estudiant un m\u00f2dul de cer\u00e0mica a l\u2019Escola Massana de Barcelona mentre feia d\u2019ajudant [&hellip;]","og_url":"https:\/\/arxiusoberts.gir.cat\/ca\/arxiu\/ceramica-in-utilitaria\/","og_site_name":"Arxius Oberts","article_modified_time":"2022-02-03T17:10:00+00:00","og_image":[{"width":800,"height":800,"url":"https:\/\/arxiusoberts.gir.cat\/wp-content\/uploads\/2021\/12\/https3A2F2Fcoeli-icub-hum.s3-eu-west-1.amazonaws.com2Fpublic2FHeritageObject2FH7500202Fca21289b5a8391cfc5e5c3ffed85e0c62Ffull2Foriginal2F02Fdefault.jpg","type":"image\/jpeg"}],"twitter_card":"summary_large_image","twitter_misc":{"Temps estimat de lectura":"1 minut"},"schema":{"@context":"https:\/\/schema.org","@graph":[{"@type":"WebPage","@id":"https:\/\/arxiusoberts.gir.cat\/ca\/arxiu\/ceramica-in-utilitaria\/","url":"https:\/\/arxiusoberts.gir.cat\/ca\/arxiu\/ceramica-in-utilitaria\/","name":"Cer\u00e0mica in-utilit\u00e0ria - Arxius Oberts","isPartOf":{"@id":"https:\/\/arxiusoberts.gir.cat\/ca\/#website"},"datePublished":"2021-12-12T22:04:42+00:00","dateModified":"2022-02-03T17:10:00+00:00","breadcrumb":{"@id":"https:\/\/arxiusoberts.gir.cat\/ca\/arxiu\/ceramica-in-utilitaria\/#breadcrumb"},"inLanguage":"ca","potentialAction":[{"@type":"ReadAction","target":["https:\/\/arxiusoberts.gir.cat\/ca\/arxiu\/ceramica-in-utilitaria\/"]}]},{"@type":"BreadcrumbList","@id":"https:\/\/arxiusoberts.gir.cat\/ca\/arxiu\/ceramica-in-utilitaria\/#breadcrumb","itemListElement":[{"@type":"ListItem","position":1,"name":"Inici","item":"https:\/\/arxiusoberts.gir.cat\/ca\/"},{"@type":"ListItem","position":2,"name":"Cer\u00e0mica in-utilit\u00e0ria"}]},{"@type":"WebSite","@id":"https:\/\/arxiusoberts.gir.cat\/ca\/#website","url":"https:\/\/arxiusoberts.gir.cat\/ca\/","name":"Arxius Oberts","description":"Narratives comunit\u00e0ries de Barcelona","potentialAction":[{"@type":"SearchAction","target":{"@type":"EntryPoint","urlTemplate":"https:\/\/arxiusoberts.gir.cat\/ca\/?s={search_term_string}"},"query-input":"required name=search_term_string"}],"inLanguage":"ca"}]}},"_links":{"self":[{"href":"https:\/\/arxiusoberts.gir.cat\/ca\/wp-json\/wp\/v2\/arxius\/2678"}],"collection":[{"href":"https:\/\/arxiusoberts.gir.cat\/ca\/wp-json\/wp\/v2\/arxius"}],"about":[{"href":"https:\/\/arxiusoberts.gir.cat\/ca\/wp-json\/wp\/v2\/types\/arxius"}],"wp:featuredmedia":[{"embeddable":true,"href":"https:\/\/arxiusoberts.gir.cat\/ca\/wp-json\/wp\/v2\/media\/2679"}],"wp:attachment":[{"href":"https:\/\/arxiusoberts.gir.cat\/ca\/wp-json\/wp\/v2\/media?parent=2678"}],"curies":[{"name":"wp","href":"https:\/\/api.w.org\/{rel}","templated":true}]}}

Ceràmica in-utilitària

<p>Recipient realitzat amb argila vermella i sotmès a cocció en atmosfera reductora, sense oxigen, per tal d’aconseguir una peça de color negre. S’hi afegeixen elements metàl·lics com ara les nanses per acabar de donar forma, aparentment utilitària, a l’obra.</p>
<p>Barbaformosa va començar estudiant un mòdul de ceràmica a l’Escola Massana de Barcelona mentre feia d’ajudant al taller de Jordi Aguadé, qui seria el seu mestre i del qual n’aprendria no només la tècnica, sinó també a desenvolupar la seva creativitat artística. En aquells temps, va sentir la necessitat d’estudiar Belles Arts i va entrar en un període en el qual treballaria intensament les escultures de ferro i ceràmica. Membre de l’Académie Internationale de la Céramique.</p>
<p>La seva trajectòria com a ceramista es desenvolupa en paral·lel a la seva tasca docent a la Massana, on és professora de torn. Sembla contradictori, però, que precisament la seva obra trenqui els esquemes de l’obra clàssica realitzada amb aquesta eina.</p>
<p>El projecte “Ceràmica in-utilitària” forma part d’un cicle d’experimentació en el qual l’artista parteix de formes útils i les fa evolucionar cap a formes noves sense utilitat, emprant materials i pastes diverses i que presenten un acabat superficial sense esmalts, amb esquerdes i fissures provocades. En aquesta peça mostra també l’experiència en la combinació del material ceràmic amb d’altres com l’acer i el coure, incorporats després de la cocció.</p>
<p>Isabel Fernández del Moral</p>

<!-- This site is optimized with the Yoast SEO plugin v21.7 - https://yoast.com/wordpress/plugins/seo/ -->
<title>Ceràmica in-utilitària - Arxius Oberts</title>
<meta name="robots" content="index, follow, max-snippet:-1, max-image-preview:large, max-video-preview:-1" />
<link rel="canonical" href="https://arxiusoberts.gir.cat/ca/arxiu/ceramica-in-utilitaria/" />
<meta property="og:locale" content="ca_ES" />
<meta property="og:type" content="article" />
<meta property="og:title" content="Ceràmica in-utilitària - Arxius Oberts" />
<meta property="og:description" content="Recipient realitzat amb argila vermella i sotmès a cocció en atmosfera reductora, sense oxigen, per tal d’aconseguir una peça de color negre. S’hi afegeixen elements metàl·lics com ara les nanses per acabar de donar forma, aparentment utilitària, a l’obra. Barbaformosa va començar estudiant un mòdul de ceràmica a l’Escola Massana de Barcelona mentre feia d’ajudant [&hellip;]" />
<meta property="og:url" content="https://arxiusoberts.gir.cat/ca/arxiu/ceramica-in-utilitaria/" />
<meta property="og:site_name" content="Arxius Oberts" />
<meta property="article:modified_time" content="2022-02-03T17:10:00+00:00" />
<meta property="og:image" content="https://arxiusoberts.gir.cat/wp-content/uploads/2021/12/https3A2F2Fcoeli-icub-hum.s3-eu-west-1.amazonaws.com2Fpublic2FHeritageObject2FH7500202Fca21289b5a8391cfc5e5c3ffed85e0c62Ffull2Foriginal2F02Fdefault.jpg" />
	<meta property="og:image:width" content="800" />
	<meta property="og:image:height" content="800" />
	<meta property="og:image:type" content="image/jpeg" />
<meta name="twitter:card" content="summary_large_image" />
<meta name="twitter:label1" content="Temps estimat de lectura" />
	<meta name="twitter:data1" content="1 minut" />
<script type="application/ld+json" class="yoast-schema-graph">{"@context":"https://schema.org","@graph":[{"@type":"WebPage","@id":"https://arxiusoberts.gir.cat/ca/arxiu/ceramica-in-utilitaria/","url":"https://arxiusoberts.gir.cat/ca/arxiu/ceramica-in-utilitaria/","name":"Ceràmica in-utilitària - Arxius Oberts","isPartOf":{"@id":"https://arxiusoberts.gir.cat/ca/#website"},"datePublished":"2021-12-12T22:04:42+00:00","dateModified":"2022-02-03T17:10:00+00:00","breadcrumb":{"@id":"https://arxiusoberts.gir.cat/ca/arxiu/ceramica-in-utilitaria/#breadcrumb"},"inLanguage":"ca","potentialAction":[{"@type":"ReadAction","target":["https://arxiusoberts.gir.cat/ca/arxiu/ceramica-in-utilitaria/"]}]},{"@type":"BreadcrumbList","@id":"https://arxiusoberts.gir.cat/ca/arxiu/ceramica-in-utilitaria/#breadcrumb","itemListElement":[{"@type":"ListItem","position":1,"name":"Inici","item":"https://arxiusoberts.gir.cat/ca/"},{"@type":"ListItem","position":2,"name":"Ceràmica in-utilitària"}]},{"@type":"WebSite","@id":"https://arxiusoberts.gir.cat/ca/#website","url":"https://arxiusoberts.gir.cat/ca/","name":"Arxius Oberts","description":"Narratives comunitàries de Barcelona","potentialAction":[{"@type":"SearchAction","target":{"@type":"EntryPoint","urlTemplate":"https://arxiusoberts.gir.cat/ca/?s={search_term_string}"},"query-input":"required name=search_term_string"}],"inLanguage":"ca"}]}</script>
<!-- / Yoast SEO plugin. -->

Ceràmica in-utilitària - Arxius Oberts

Recipient realitzat amb argila vermella i sotmès a cocció en atmosfera reductora, sense oxigen, per tal d’aconseguir una peça de color negre. S’hi afegeixen elements metàl·lics com ara les nanses per acabar de donar forma, aparentment utilitària, a l’obra. Barbaformosa va començar estudiant un mòdul de ceràmica a l’Escola Massana de Barcelona mentre feia d’ajudant [&hellip;]

Narratives comunitàries de Barcelona
