 {"id":2712,"date":"2021-12-13T00:04:42","date_gmt":"2021-12-12T22:04:42","guid":{"rendered":"http:\/\/localhost\/arxiusoberts.cat\/ca\/?post_type=arxius&#038;p=2712"},"modified":"2022-02-03T19:10:01","modified_gmt":"2022-02-03T17:10:01","slug":"mascara-2","status":"publish","type":"arxius","link":"https:\/\/arxiusoberts.gir.cat\/ca\/arxiu\/mascara-2\/","title":{"rendered":"m\u00e0scara"},"content":{"rendered":"<p>Joan Mir\u00f3 est\u00e0 considerat el pare de l&#8217;art contempor\u00e0ni per la llibertat de creaci\u00f3, la manera amb que s&#8217;enfronta als materials amb els que treballa, pel contingut de la seva obra i per la seva influ\u00e8ncia en altres artistes espanyols i estrangers. Va treballar amb Josep Llorens Artigas a Barcelona i Gallifa i amb Joanet Gardy Artigas a partir de 1960.  Les diferents etapes de treball van ser (1944-1946), (1954-1956),  (1962-1971) i (1976-1980).<\/p>\n","protected":false},"featured_media":2713,"template":"","yoast_head":"<!-- This site is optimized with the Yoast SEO plugin v21.7 - https:\/\/yoast.com\/wordpress\/plugins\/seo\/ -->\n<title>m\u00e0scara - Arxius Oberts<\/title>\n<meta name=\"robots\" content=\"index, follow, max-snippet:-1, max-image-preview:large, max-video-preview:-1\" \/>\n<link rel=\"canonical\" href=\"https:\/\/arxiusoberts.gir.cat\/ca\/arxiu\/mascara-2\/\" \/>\n<meta property=\"og:locale\" content=\"ca_ES\" \/>\n<meta property=\"og:type\" content=\"article\" \/>\n<meta property=\"og:title\" content=\"m\u00e0scara - Arxius Oberts\" \/>\n<meta property=\"og:description\" content=\"Joan Mir\u00f3 est\u00e0 considerat el pare de l&#8217;art contempor\u00e0ni per la llibertat de creaci\u00f3, la manera amb que s&#8217;enfronta als materials amb els que treballa, pel contingut de la seva obra i per la seva influ\u00e8ncia en altres artistes espanyols i estrangers. Va treballar amb Josep Llorens Artigas a Barcelona i Gallifa i amb Joanet [&hellip;]\" \/>\n<meta property=\"og:url\" content=\"https:\/\/arxiusoberts.gir.cat\/ca\/arxiu\/mascara-2\/\" \/>\n<meta property=\"og:site_name\" content=\"Arxius Oberts\" \/>\n<meta property=\"article:modified_time\" content=\"2022-02-03T17:10:01+00:00\" \/>\n<meta property=\"og:image\" content=\"https:\/\/arxiusoberts.gir.cat\/wp-content\/uploads\/2021\/12\/https3A2F2Fcoeli-icub-hum.s3-eu-west-1.amazonaws.com2Fpublic2FHeritageObject2FH3722242F2d424ec322e2d8c447fc632d688dd5fd2Ffull2Foriginal2F02Fdefault.jpg\" \/>\n\t<meta property=\"og:image:width\" content=\"800\" \/>\n\t<meta property=\"og:image:height\" content=\"800\" \/>\n\t<meta property=\"og:image:type\" content=\"image\/jpeg\" \/>\n<meta name=\"twitter:card\" content=\"summary_large_image\" \/>\n<script type=\"application\/ld+json\" class=\"yoast-schema-graph\">{\"@context\":\"https:\/\/schema.org\",\"@graph\":[{\"@type\":\"WebPage\",\"@id\":\"https:\/\/arxiusoberts.gir.cat\/ca\/arxiu\/mascara-2\/\",\"url\":\"https:\/\/arxiusoberts.gir.cat\/ca\/arxiu\/mascara-2\/\",\"name\":\"m\u00e0scara - Arxius Oberts\",\"isPartOf\":{\"@id\":\"https:\/\/arxiusoberts.gir.cat\/ca\/#website\"},\"datePublished\":\"2021-12-12T22:04:42+00:00\",\"dateModified\":\"2022-02-03T17:10:01+00:00\",\"breadcrumb\":{\"@id\":\"https:\/\/arxiusoberts.gir.cat\/ca\/arxiu\/mascara-2\/#breadcrumb\"},\"inLanguage\":\"ca\",\"potentialAction\":[{\"@type\":\"ReadAction\",\"target\":[\"https:\/\/arxiusoberts.gir.cat\/ca\/arxiu\/mascara-2\/\"]}]},{\"@type\":\"BreadcrumbList\",\"@id\":\"https:\/\/arxiusoberts.gir.cat\/ca\/arxiu\/mascara-2\/#breadcrumb\",\"itemListElement\":[{\"@type\":\"ListItem\",\"position\":1,\"name\":\"Inici\",\"item\":\"https:\/\/arxiusoberts.gir.cat\/ca\/\"},{\"@type\":\"ListItem\",\"position\":2,\"name\":\"m\u00e0scara\"}]},{\"@type\":\"WebSite\",\"@id\":\"https:\/\/arxiusoberts.gir.cat\/ca\/#website\",\"url\":\"https:\/\/arxiusoberts.gir.cat\/ca\/\",\"name\":\"Arxius Oberts\",\"description\":\"Narratives comunit\u00e0ries de Barcelona\",\"potentialAction\":[{\"@type\":\"SearchAction\",\"target\":{\"@type\":\"EntryPoint\",\"urlTemplate\":\"https:\/\/arxiusoberts.gir.cat\/ca\/?s={search_term_string}\"},\"query-input\":\"required name=search_term_string\"}],\"inLanguage\":\"ca\"}]}<\/script>\n<!-- \/ Yoast SEO plugin. -->","yoast_head_json":{"title":"m\u00e0scara - Arxius Oberts","robots":{"index":"index","follow":"follow","max-snippet":"max-snippet:-1","max-image-preview":"max-image-preview:large","max-video-preview":"max-video-preview:-1"},"canonical":"https:\/\/arxiusoberts.gir.cat\/ca\/arxiu\/mascara-2\/","og_locale":"ca_ES","og_type":"article","og_title":"m\u00e0scara - Arxius Oberts","og_description":"Joan Mir\u00f3 est\u00e0 considerat el pare de l&#8217;art contempor\u00e0ni per la llibertat de creaci\u00f3, la manera amb que s&#8217;enfronta als materials amb els que treballa, pel contingut de la seva obra i per la seva influ\u00e8ncia en altres artistes espanyols i estrangers. Va treballar amb Josep Llorens Artigas a Barcelona i Gallifa i amb Joanet [&hellip;]","og_url":"https:\/\/arxiusoberts.gir.cat\/ca\/arxiu\/mascara-2\/","og_site_name":"Arxius Oberts","article_modified_time":"2022-02-03T17:10:01+00:00","og_image":[{"width":800,"height":800,"url":"https:\/\/arxiusoberts.gir.cat\/wp-content\/uploads\/2021\/12\/https3A2F2Fcoeli-icub-hum.s3-eu-west-1.amazonaws.com2Fpublic2FHeritageObject2FH3722242F2d424ec322e2d8c447fc632d688dd5fd2Ffull2Foriginal2F02Fdefault.jpg","type":"image\/jpeg"}],"twitter_card":"summary_large_image","schema":{"@context":"https:\/\/schema.org","@graph":[{"@type":"WebPage","@id":"https:\/\/arxiusoberts.gir.cat\/ca\/arxiu\/mascara-2\/","url":"https:\/\/arxiusoberts.gir.cat\/ca\/arxiu\/mascara-2\/","name":"m\u00e0scara - Arxius Oberts","isPartOf":{"@id":"https:\/\/arxiusoberts.gir.cat\/ca\/#website"},"datePublished":"2021-12-12T22:04:42+00:00","dateModified":"2022-02-03T17:10:01+00:00","breadcrumb":{"@id":"https:\/\/arxiusoberts.gir.cat\/ca\/arxiu\/mascara-2\/#breadcrumb"},"inLanguage":"ca","potentialAction":[{"@type":"ReadAction","target":["https:\/\/arxiusoberts.gir.cat\/ca\/arxiu\/mascara-2\/"]}]},{"@type":"BreadcrumbList","@id":"https:\/\/arxiusoberts.gir.cat\/ca\/arxiu\/mascara-2\/#breadcrumb","itemListElement":[{"@type":"ListItem","position":1,"name":"Inici","item":"https:\/\/arxiusoberts.gir.cat\/ca\/"},{"@type":"ListItem","position":2,"name":"m\u00e0scara"}]},{"@type":"WebSite","@id":"https:\/\/arxiusoberts.gir.cat\/ca\/#website","url":"https:\/\/arxiusoberts.gir.cat\/ca\/","name":"Arxius Oberts","description":"Narratives comunit\u00e0ries de Barcelona","potentialAction":[{"@type":"SearchAction","target":{"@type":"EntryPoint","urlTemplate":"https:\/\/arxiusoberts.gir.cat\/ca\/?s={search_term_string}"},"query-input":"required name=search_term_string"}],"inLanguage":"ca"}]}},"_links":{"self":[{"href":"https:\/\/arxiusoberts.gir.cat\/ca\/wp-json\/wp\/v2\/arxius\/2712"}],"collection":[{"href":"https:\/\/arxiusoberts.gir.cat\/ca\/wp-json\/wp\/v2\/arxius"}],"about":[{"href":"https:\/\/arxiusoberts.gir.cat\/ca\/wp-json\/wp\/v2\/types\/arxius"}],"wp:featuredmedia":[{"embeddable":true,"href":"https:\/\/arxiusoberts.gir.cat\/ca\/wp-json\/wp\/v2\/media\/2713"}],"wp:attachment":[{"href":"https:\/\/arxiusoberts.gir.cat\/ca\/wp-json\/wp\/v2\/media?parent=2712"}],"curies":[{"name":"wp","href":"https:\/\/api.w.org\/{rel}","templated":true}]}}

màscara

<p>Joan Miró està considerat el pare de l&#8217;art contemporàni per la llibertat de creació, la manera amb que s&#8217;enfronta als materials amb els que treballa, pel contingut de la seva obra i per la seva influència en altres artistes espanyols i estrangers. Va treballar amb Josep Llorens Artigas a Barcelona i Gallifa i amb Joanet Gardy Artigas a partir de 1960.  Les diferents etapes de treball van ser (1944-1946), (1954-1956),  (1962-1971) i (1976-1980).</p>

<!-- This site is optimized with the Yoast SEO plugin v21.7 - https://yoast.com/wordpress/plugins/seo/ -->
<title>màscara - Arxius Oberts</title>
<meta name="robots" content="index, follow, max-snippet:-1, max-image-preview:large, max-video-preview:-1" />
<link rel="canonical" href="https://arxiusoberts.gir.cat/ca/arxiu/mascara-2/" />
<meta property="og:locale" content="ca_ES" />
<meta property="og:type" content="article" />
<meta property="og:title" content="màscara - Arxius Oberts" />
<meta property="og:description" content="Joan Miró està considerat el pare de l&#8217;art contemporàni per la llibertat de creació, la manera amb que s&#8217;enfronta als materials amb els que treballa, pel contingut de la seva obra i per la seva influència en altres artistes espanyols i estrangers. Va treballar amb Josep Llorens Artigas a Barcelona i Gallifa i amb Joanet [&hellip;]" />
<meta property="og:url" content="https://arxiusoberts.gir.cat/ca/arxiu/mascara-2/" />
<meta property="og:site_name" content="Arxius Oberts" />
<meta property="article:modified_time" content="2022-02-03T17:10:01+00:00" />
<meta property="og:image" content="https://arxiusoberts.gir.cat/wp-content/uploads/2021/12/https3A2F2Fcoeli-icub-hum.s3-eu-west-1.amazonaws.com2Fpublic2FHeritageObject2FH3722242F2d424ec322e2d8c447fc632d688dd5fd2Ffull2Foriginal2F02Fdefault.jpg" />
	<meta property="og:image:width" content="800" />
	<meta property="og:image:height" content="800" />
	<meta property="og:image:type" content="image/jpeg" />
<meta name="twitter:card" content="summary_large_image" />
<script type="application/ld+json" class="yoast-schema-graph">{"@context":"https://schema.org","@graph":[{"@type":"WebPage","@id":"https://arxiusoberts.gir.cat/ca/arxiu/mascara-2/","url":"https://arxiusoberts.gir.cat/ca/arxiu/mascara-2/","name":"màscara - Arxius Oberts","isPartOf":{"@id":"https://arxiusoberts.gir.cat/ca/#website"},"datePublished":"2021-12-12T22:04:42+00:00","dateModified":"2022-02-03T17:10:01+00:00","breadcrumb":{"@id":"https://arxiusoberts.gir.cat/ca/arxiu/mascara-2/#breadcrumb"},"inLanguage":"ca","potentialAction":[{"@type":"ReadAction","target":["https://arxiusoberts.gir.cat/ca/arxiu/mascara-2/"]}]},{"@type":"BreadcrumbList","@id":"https://arxiusoberts.gir.cat/ca/arxiu/mascara-2/#breadcrumb","itemListElement":[{"@type":"ListItem","position":1,"name":"Inici","item":"https://arxiusoberts.gir.cat/ca/"},{"@type":"ListItem","position":2,"name":"màscara"}]},{"@type":"WebSite","@id":"https://arxiusoberts.gir.cat/ca/#website","url":"https://arxiusoberts.gir.cat/ca/","name":"Arxius Oberts","description":"Narratives comunitàries de Barcelona","potentialAction":[{"@type":"SearchAction","target":{"@type":"EntryPoint","urlTemplate":"https://arxiusoberts.gir.cat/ca/?s={search_term_string}"},"query-input":"required name=search_term_string"}],"inLanguage":"ca"}]}</script>
<!-- / Yoast SEO plugin. -->

màscara - Arxius Oberts

Joan Miró està considerat el pare de l&#8217;art contemporàni per la llibertat de creació, la manera amb que s&#8217;enfronta als materials amb els que treballa, pel contingut de la seva obra i per la seva influència en altres artistes espanyols i estrangers. Va treballar amb Josep Llorens Artigas a Barcelona i Gallifa i amb Joanet [&hellip;]

Narratives comunitàries de Barcelona
