 {"id":2792,"date":"2021-12-13T00:12:16","date_gmt":"2021-12-12T22:12:16","guid":{"rendered":"http:\/\/localhost\/arxiusoberts.cat\/ca\/?post_type=arxius&#038;p=2792"},"modified":"2022-02-03T19:05:54","modified_gmt":"2022-02-03T17:05:54","slug":"serie-a-scenografia-barocca","status":"publish","type":"arxius","link":"https:\/\/arxiusoberts.gir.cat\/ca\/arxiu\/serie-a-scenografia-barocca\/","title":{"rendered":"S\u00e8rie a scenografia barocca"},"content":{"rendered":"<p>Plat de pisa decorat en blau amb un paisatge d&#8217;arbre, plantes i arquitectures.  Al centre, amoret amb mantell i poma a la m\u00e0.  El fons blav\u00f3s era habitual en els exemplars italians d&#8217;aquesta \u00e8poca i es coneixen amb el nom de &#8220;berettino&#8221;.  Revers ornamentat -com es feia a la Xina- amb palmetes i altres elements vegetals estilitzats.  Pertany a la s\u00e8rie &#8220;escenografia barroca&#8221; . Al revers porta les inicials: M.C.<\/p>\n","protected":false},"featured_media":2793,"template":"","yoast_head":"<!-- This site is optimized with the Yoast SEO plugin v21.7 - https:\/\/yoast.com\/wordpress\/plugins\/seo\/ -->\n<title>S\u00e8rie a scenografia barocca - Arxius Oberts<\/title>\n<meta name=\"robots\" content=\"index, follow, max-snippet:-1, max-image-preview:large, max-video-preview:-1\" \/>\n<link rel=\"canonical\" href=\"https:\/\/arxiusoberts.gir.cat\/ca\/arxiu\/serie-a-scenografia-barocca\/\" \/>\n<meta property=\"og:locale\" content=\"ca_ES\" \/>\n<meta property=\"og:type\" content=\"article\" \/>\n<meta property=\"og:title\" content=\"S\u00e8rie a scenografia barocca - Arxius Oberts\" \/>\n<meta property=\"og:description\" content=\"Plat de pisa decorat en blau amb un paisatge d&#8217;arbre, plantes i arquitectures. Al centre, amoret amb mantell i poma a la m\u00e0. El fons blav\u00f3s era habitual en els exemplars italians d&#8217;aquesta \u00e8poca i es coneixen amb el nom de &#8220;berettino&#8221;. Revers ornamentat -com es feia a la Xina- amb palmetes i altres elements [&hellip;]\" \/>\n<meta property=\"og:url\" content=\"https:\/\/arxiusoberts.gir.cat\/ca\/arxiu\/serie-a-scenografia-barocca\/\" \/>\n<meta property=\"og:site_name\" content=\"Arxius Oberts\" \/>\n<meta property=\"article:modified_time\" content=\"2022-02-03T17:05:54+00:00\" \/>\n<meta property=\"og:image\" content=\"https:\/\/arxiusoberts.gir.cat\/wp-content\/uploads\/2021\/12\/https3A2F2Fcoeli-icub-hum.s3-eu-west-1.amazonaws.com2Fpublic2FHeritageObject2FH3775462F6a40ff6edad63d49cd89f31db121c4782Ffull2Foriginal2F02Fdefault.jpg\" \/>\n\t<meta property=\"og:image:width\" content=\"800\" \/>\n\t<meta property=\"og:image:height\" content=\"800\" \/>\n\t<meta property=\"og:image:type\" content=\"image\/jpeg\" \/>\n<meta name=\"twitter:card\" content=\"summary_large_image\" \/>\n<script type=\"application\/ld+json\" class=\"yoast-schema-graph\">{\"@context\":\"https:\/\/schema.org\",\"@graph\":[{\"@type\":\"WebPage\",\"@id\":\"https:\/\/arxiusoberts.gir.cat\/ca\/arxiu\/serie-a-scenografia-barocca\/\",\"url\":\"https:\/\/arxiusoberts.gir.cat\/ca\/arxiu\/serie-a-scenografia-barocca\/\",\"name\":\"S\u00e8rie a scenografia barocca - Arxius Oberts\",\"isPartOf\":{\"@id\":\"https:\/\/arxiusoberts.gir.cat\/ca\/#website\"},\"datePublished\":\"2021-12-12T22:12:16+00:00\",\"dateModified\":\"2022-02-03T17:05:54+00:00\",\"breadcrumb\":{\"@id\":\"https:\/\/arxiusoberts.gir.cat\/ca\/arxiu\/serie-a-scenografia-barocca\/#breadcrumb\"},\"inLanguage\":\"ca\",\"potentialAction\":[{\"@type\":\"ReadAction\",\"target\":[\"https:\/\/arxiusoberts.gir.cat\/ca\/arxiu\/serie-a-scenografia-barocca\/\"]}]},{\"@type\":\"BreadcrumbList\",\"@id\":\"https:\/\/arxiusoberts.gir.cat\/ca\/arxiu\/serie-a-scenografia-barocca\/#breadcrumb\",\"itemListElement\":[{\"@type\":\"ListItem\",\"position\":1,\"name\":\"Inici\",\"item\":\"https:\/\/arxiusoberts.gir.cat\/ca\/\"},{\"@type\":\"ListItem\",\"position\":2,\"name\":\"S\u00e8rie a scenografia barocca\"}]},{\"@type\":\"WebSite\",\"@id\":\"https:\/\/arxiusoberts.gir.cat\/ca\/#website\",\"url\":\"https:\/\/arxiusoberts.gir.cat\/ca\/\",\"name\":\"Arxius Oberts\",\"description\":\"Narratives comunit\u00e0ries de Barcelona\",\"potentialAction\":[{\"@type\":\"SearchAction\",\"target\":{\"@type\":\"EntryPoint\",\"urlTemplate\":\"https:\/\/arxiusoberts.gir.cat\/ca\/?s={search_term_string}\"},\"query-input\":\"required name=search_term_string\"}],\"inLanguage\":\"ca\"}]}<\/script>\n<!-- \/ Yoast SEO plugin. -->","yoast_head_json":{"title":"S\u00e8rie a scenografia barocca - Arxius Oberts","robots":{"index":"index","follow":"follow","max-snippet":"max-snippet:-1","max-image-preview":"max-image-preview:large","max-video-preview":"max-video-preview:-1"},"canonical":"https:\/\/arxiusoberts.gir.cat\/ca\/arxiu\/serie-a-scenografia-barocca\/","og_locale":"ca_ES","og_type":"article","og_title":"S\u00e8rie a scenografia barocca - Arxius Oberts","og_description":"Plat de pisa decorat en blau amb un paisatge d&#8217;arbre, plantes i arquitectures. Al centre, amoret amb mantell i poma a la m\u00e0. El fons blav\u00f3s era habitual en els exemplars italians d&#8217;aquesta \u00e8poca i es coneixen amb el nom de &#8220;berettino&#8221;. Revers ornamentat -com es feia a la Xina- amb palmetes i altres elements [&hellip;]","og_url":"https:\/\/arxiusoberts.gir.cat\/ca\/arxiu\/serie-a-scenografia-barocca\/","og_site_name":"Arxius Oberts","article_modified_time":"2022-02-03T17:05:54+00:00","og_image":[{"width":800,"height":800,"url":"https:\/\/arxiusoberts.gir.cat\/wp-content\/uploads\/2021\/12\/https3A2F2Fcoeli-icub-hum.s3-eu-west-1.amazonaws.com2Fpublic2FHeritageObject2FH3775462F6a40ff6edad63d49cd89f31db121c4782Ffull2Foriginal2F02Fdefault.jpg","type":"image\/jpeg"}],"twitter_card":"summary_large_image","schema":{"@context":"https:\/\/schema.org","@graph":[{"@type":"WebPage","@id":"https:\/\/arxiusoberts.gir.cat\/ca\/arxiu\/serie-a-scenografia-barocca\/","url":"https:\/\/arxiusoberts.gir.cat\/ca\/arxiu\/serie-a-scenografia-barocca\/","name":"S\u00e8rie a scenografia barocca - Arxius Oberts","isPartOf":{"@id":"https:\/\/arxiusoberts.gir.cat\/ca\/#website"},"datePublished":"2021-12-12T22:12:16+00:00","dateModified":"2022-02-03T17:05:54+00:00","breadcrumb":{"@id":"https:\/\/arxiusoberts.gir.cat\/ca\/arxiu\/serie-a-scenografia-barocca\/#breadcrumb"},"inLanguage":"ca","potentialAction":[{"@type":"ReadAction","target":["https:\/\/arxiusoberts.gir.cat\/ca\/arxiu\/serie-a-scenografia-barocca\/"]}]},{"@type":"BreadcrumbList","@id":"https:\/\/arxiusoberts.gir.cat\/ca\/arxiu\/serie-a-scenografia-barocca\/#breadcrumb","itemListElement":[{"@type":"ListItem","position":1,"name":"Inici","item":"https:\/\/arxiusoberts.gir.cat\/ca\/"},{"@type":"ListItem","position":2,"name":"S\u00e8rie a scenografia barocca"}]},{"@type":"WebSite","@id":"https:\/\/arxiusoberts.gir.cat\/ca\/#website","url":"https:\/\/arxiusoberts.gir.cat\/ca\/","name":"Arxius Oberts","description":"Narratives comunit\u00e0ries de Barcelona","potentialAction":[{"@type":"SearchAction","target":{"@type":"EntryPoint","urlTemplate":"https:\/\/arxiusoberts.gir.cat\/ca\/?s={search_term_string}"},"query-input":"required name=search_term_string"}],"inLanguage":"ca"}]}},"_links":{"self":[{"href":"https:\/\/arxiusoberts.gir.cat\/ca\/wp-json\/wp\/v2\/arxius\/2792"}],"collection":[{"href":"https:\/\/arxiusoberts.gir.cat\/ca\/wp-json\/wp\/v2\/arxius"}],"about":[{"href":"https:\/\/arxiusoberts.gir.cat\/ca\/wp-json\/wp\/v2\/types\/arxius"}],"wp:featuredmedia":[{"embeddable":true,"href":"https:\/\/arxiusoberts.gir.cat\/ca\/wp-json\/wp\/v2\/media\/2793"}],"wp:attachment":[{"href":"https:\/\/arxiusoberts.gir.cat\/ca\/wp-json\/wp\/v2\/media?parent=2792"}],"curies":[{"name":"wp","href":"https:\/\/api.w.org\/{rel}","templated":true}]}}

Sèrie a scenografia barocca

<p>Plat de pisa decorat en blau amb un paisatge d&#8217;arbre, plantes i arquitectures.  Al centre, amoret amb mantell i poma a la mà.  El fons blavós era habitual en els exemplars italians d&#8217;aquesta època i es coneixen amb el nom de &#8220;berettino&#8221;.  Revers ornamentat -com es feia a la Xina- amb palmetes i altres elements vegetals estilitzats.  Pertany a la sèrie &#8220;escenografia barroca&#8221; . Al revers porta les inicials: M.C.</p>

<!-- This site is optimized with the Yoast SEO plugin v21.7 - https://yoast.com/wordpress/plugins/seo/ -->
<title>Sèrie a scenografia barocca - Arxius Oberts</title>
<meta name="robots" content="index, follow, max-snippet:-1, max-image-preview:large, max-video-preview:-1" />
<link rel="canonical" href="https://arxiusoberts.gir.cat/ca/arxiu/serie-a-scenografia-barocca/" />
<meta property="og:locale" content="ca_ES" />
<meta property="og:type" content="article" />
<meta property="og:title" content="Sèrie a scenografia barocca - Arxius Oberts" />
<meta property="og:description" content="Plat de pisa decorat en blau amb un paisatge d&#8217;arbre, plantes i arquitectures. Al centre, amoret amb mantell i poma a la mà. El fons blavós era habitual en els exemplars italians d&#8217;aquesta època i es coneixen amb el nom de &#8220;berettino&#8221;. Revers ornamentat -com es feia a la Xina- amb palmetes i altres elements [&hellip;]" />
<meta property="og:url" content="https://arxiusoberts.gir.cat/ca/arxiu/serie-a-scenografia-barocca/" />
<meta property="og:site_name" content="Arxius Oberts" />
<meta property="article:modified_time" content="2022-02-03T17:05:54+00:00" />
<meta property="og:image" content="https://arxiusoberts.gir.cat/wp-content/uploads/2021/12/https3A2F2Fcoeli-icub-hum.s3-eu-west-1.amazonaws.com2Fpublic2FHeritageObject2FH3775462F6a40ff6edad63d49cd89f31db121c4782Ffull2Foriginal2F02Fdefault.jpg" />
	<meta property="og:image:width" content="800" />
	<meta property="og:image:height" content="800" />
	<meta property="og:image:type" content="image/jpeg" />
<meta name="twitter:card" content="summary_large_image" />
<script type="application/ld+json" class="yoast-schema-graph">{"@context":"https://schema.org","@graph":[{"@type":"WebPage","@id":"https://arxiusoberts.gir.cat/ca/arxiu/serie-a-scenografia-barocca/","url":"https://arxiusoberts.gir.cat/ca/arxiu/serie-a-scenografia-barocca/","name":"Sèrie a scenografia barocca - Arxius Oberts","isPartOf":{"@id":"https://arxiusoberts.gir.cat/ca/#website"},"datePublished":"2021-12-12T22:12:16+00:00","dateModified":"2022-02-03T17:05:54+00:00","breadcrumb":{"@id":"https://arxiusoberts.gir.cat/ca/arxiu/serie-a-scenografia-barocca/#breadcrumb"},"inLanguage":"ca","potentialAction":[{"@type":"ReadAction","target":["https://arxiusoberts.gir.cat/ca/arxiu/serie-a-scenografia-barocca/"]}]},{"@type":"BreadcrumbList","@id":"https://arxiusoberts.gir.cat/ca/arxiu/serie-a-scenografia-barocca/#breadcrumb","itemListElement":[{"@type":"ListItem","position":1,"name":"Inici","item":"https://arxiusoberts.gir.cat/ca/"},{"@type":"ListItem","position":2,"name":"Sèrie a scenografia barocca"}]},{"@type":"WebSite","@id":"https://arxiusoberts.gir.cat/ca/#website","url":"https://arxiusoberts.gir.cat/ca/","name":"Arxius Oberts","description":"Narratives comunitàries de Barcelona","potentialAction":[{"@type":"SearchAction","target":{"@type":"EntryPoint","urlTemplate":"https://arxiusoberts.gir.cat/ca/?s={search_term_string}"},"query-input":"required name=search_term_string"}],"inLanguage":"ca"}]}</script>
<!-- / Yoast SEO plugin. -->

Sèrie a scenografia barocca - Arxius Oberts

Plat de pisa decorat en blau amb un paisatge d&#8217;arbre, plantes i arquitectures. Al centre, amoret amb mantell i poma a la mà. El fons blavós era habitual en els exemplars italians d&#8217;aquesta època i es coneixen amb el nom de &#8220;berettino&#8221;. Revers ornamentat -com es feia a la Xina- amb palmetes i altres elements [&hellip;]

Narratives comunitàries de Barcelona
