 {"id":2810,"date":"2021-12-13T00:12:16","date_gmt":"2021-12-12T22:12:16","guid":{"rendered":"http:\/\/localhost\/arxiusoberts.cat\/ca\/?post_type=arxius&#038;p=2810"},"modified":"2022-02-03T19:05:54","modified_gmt":"2022-02-03T17:05:54","slug":"serie-orientalizzante-naturalistico","status":"publish","type":"arxius","link":"https:\/\/arxiusoberts.gir.cat\/ca\/arxiu\/serie-orientalizzante-naturalistico\/","title":{"rendered":"S\u00e8rie orientalizzante naturalistico"},"content":{"rendered":"<p>Ampolla de pisa policroma, de base quadrangular polilobulada i boca estreta i c\u00f2nica amb vora d&#8217;anell . Ornamentada amb plantes aqu\u00e0tiques, aus i edifici en forma de pagoda, distribu\u00efdes en dos bandes, la central ampla, i la superior estreta. Sanefa inferior de l\u00ednees paral\u00b7leles, coneguda a It\u00e0lia amb el nom de &#8220;scaletta&#8221;. Pertany a la s\u00e8rie orientalizante-naturalistico.<\/p>\n","protected":false},"featured_media":2811,"template":"","yoast_head":"<!-- This site is optimized with the Yoast SEO plugin v21.7 - https:\/\/yoast.com\/wordpress\/plugins\/seo\/ -->\n<title>S\u00e8rie orientalizzante naturalistico - Arxius Oberts<\/title>\n<meta name=\"robots\" content=\"index, follow, max-snippet:-1, max-image-preview:large, max-video-preview:-1\" \/>\n<link rel=\"canonical\" href=\"https:\/\/arxiusoberts.gir.cat\/ca\/arxiu\/serie-orientalizzante-naturalistico\/\" \/>\n<meta property=\"og:locale\" content=\"ca_ES\" \/>\n<meta property=\"og:type\" content=\"article\" \/>\n<meta property=\"og:title\" content=\"S\u00e8rie orientalizzante naturalistico - Arxius Oberts\" \/>\n<meta property=\"og:description\" content=\"Ampolla de pisa policroma, de base quadrangular polilobulada i boca estreta i c\u00f2nica amb vora d&#8217;anell . Ornamentada amb plantes aqu\u00e0tiques, aus i edifici en forma de pagoda, distribu\u00efdes en dos bandes, la central ampla, i la superior estreta. Sanefa inferior de l\u00ednees paral\u00b7leles, coneguda a It\u00e0lia amb el nom de &#8220;scaletta&#8221;. Pertany a la [&hellip;]\" \/>\n<meta property=\"og:url\" content=\"https:\/\/arxiusoberts.gir.cat\/ca\/arxiu\/serie-orientalizzante-naturalistico\/\" \/>\n<meta property=\"og:site_name\" content=\"Arxius Oberts\" \/>\n<meta property=\"article:modified_time\" content=\"2022-02-03T17:05:54+00:00\" \/>\n<meta property=\"og:image\" content=\"https:\/\/arxiusoberts.gir.cat\/wp-content\/uploads\/2021\/12\/https3A2F2Fcoeli-icub-hum.s3-eu-west-1.amazonaws.com2Fpublic2FHeritageObject2FH3697862F3b3848e04c3a5e84a255f9629aeed5d52Ffull2Foriginal2F02Fdefault.jpg\" \/>\n\t<meta property=\"og:image:width\" content=\"800\" \/>\n\t<meta property=\"og:image:height\" content=\"800\" \/>\n\t<meta property=\"og:image:type\" content=\"image\/jpeg\" \/>\n<meta name=\"twitter:card\" content=\"summary_large_image\" \/>\n<script type=\"application\/ld+json\" class=\"yoast-schema-graph\">{\"@context\":\"https:\/\/schema.org\",\"@graph\":[{\"@type\":\"WebPage\",\"@id\":\"https:\/\/arxiusoberts.gir.cat\/ca\/arxiu\/serie-orientalizzante-naturalistico\/\",\"url\":\"https:\/\/arxiusoberts.gir.cat\/ca\/arxiu\/serie-orientalizzante-naturalistico\/\",\"name\":\"S\u00e8rie orientalizzante naturalistico - Arxius Oberts\",\"isPartOf\":{\"@id\":\"https:\/\/arxiusoberts.gir.cat\/ca\/#website\"},\"datePublished\":\"2021-12-12T22:12:16+00:00\",\"dateModified\":\"2022-02-03T17:05:54+00:00\",\"breadcrumb\":{\"@id\":\"https:\/\/arxiusoberts.gir.cat\/ca\/arxiu\/serie-orientalizzante-naturalistico\/#breadcrumb\"},\"inLanguage\":\"ca\",\"potentialAction\":[{\"@type\":\"ReadAction\",\"target\":[\"https:\/\/arxiusoberts.gir.cat\/ca\/arxiu\/serie-orientalizzante-naturalistico\/\"]}]},{\"@type\":\"BreadcrumbList\",\"@id\":\"https:\/\/arxiusoberts.gir.cat\/ca\/arxiu\/serie-orientalizzante-naturalistico\/#breadcrumb\",\"itemListElement\":[{\"@type\":\"ListItem\",\"position\":1,\"name\":\"Inici\",\"item\":\"https:\/\/arxiusoberts.gir.cat\/ca\/\"},{\"@type\":\"ListItem\",\"position\":2,\"name\":\"S\u00e8rie orientalizzante naturalistico\"}]},{\"@type\":\"WebSite\",\"@id\":\"https:\/\/arxiusoberts.gir.cat\/ca\/#website\",\"url\":\"https:\/\/arxiusoberts.gir.cat\/ca\/\",\"name\":\"Arxius Oberts\",\"description\":\"Narratives comunit\u00e0ries de Barcelona\",\"potentialAction\":[{\"@type\":\"SearchAction\",\"target\":{\"@type\":\"EntryPoint\",\"urlTemplate\":\"https:\/\/arxiusoberts.gir.cat\/ca\/?s={search_term_string}\"},\"query-input\":\"required name=search_term_string\"}],\"inLanguage\":\"ca\"}]}<\/script>\n<!-- \/ Yoast SEO plugin. -->","yoast_head_json":{"title":"S\u00e8rie orientalizzante naturalistico - Arxius Oberts","robots":{"index":"index","follow":"follow","max-snippet":"max-snippet:-1","max-image-preview":"max-image-preview:large","max-video-preview":"max-video-preview:-1"},"canonical":"https:\/\/arxiusoberts.gir.cat\/ca\/arxiu\/serie-orientalizzante-naturalistico\/","og_locale":"ca_ES","og_type":"article","og_title":"S\u00e8rie orientalizzante naturalistico - Arxius Oberts","og_description":"Ampolla de pisa policroma, de base quadrangular polilobulada i boca estreta i c\u00f2nica amb vora d&#8217;anell . Ornamentada amb plantes aqu\u00e0tiques, aus i edifici en forma de pagoda, distribu\u00efdes en dos bandes, la central ampla, i la superior estreta. Sanefa inferior de l\u00ednees paral\u00b7leles, coneguda a It\u00e0lia amb el nom de &#8220;scaletta&#8221;. Pertany a la [&hellip;]","og_url":"https:\/\/arxiusoberts.gir.cat\/ca\/arxiu\/serie-orientalizzante-naturalistico\/","og_site_name":"Arxius Oberts","article_modified_time":"2022-02-03T17:05:54+00:00","og_image":[{"width":800,"height":800,"url":"https:\/\/arxiusoberts.gir.cat\/wp-content\/uploads\/2021\/12\/https3A2F2Fcoeli-icub-hum.s3-eu-west-1.amazonaws.com2Fpublic2FHeritageObject2FH3697862F3b3848e04c3a5e84a255f9629aeed5d52Ffull2Foriginal2F02Fdefault.jpg","type":"image\/jpeg"}],"twitter_card":"summary_large_image","schema":{"@context":"https:\/\/schema.org","@graph":[{"@type":"WebPage","@id":"https:\/\/arxiusoberts.gir.cat\/ca\/arxiu\/serie-orientalizzante-naturalistico\/","url":"https:\/\/arxiusoberts.gir.cat\/ca\/arxiu\/serie-orientalizzante-naturalistico\/","name":"S\u00e8rie orientalizzante naturalistico - Arxius Oberts","isPartOf":{"@id":"https:\/\/arxiusoberts.gir.cat\/ca\/#website"},"datePublished":"2021-12-12T22:12:16+00:00","dateModified":"2022-02-03T17:05:54+00:00","breadcrumb":{"@id":"https:\/\/arxiusoberts.gir.cat\/ca\/arxiu\/serie-orientalizzante-naturalistico\/#breadcrumb"},"inLanguage":"ca","potentialAction":[{"@type":"ReadAction","target":["https:\/\/arxiusoberts.gir.cat\/ca\/arxiu\/serie-orientalizzante-naturalistico\/"]}]},{"@type":"BreadcrumbList","@id":"https:\/\/arxiusoberts.gir.cat\/ca\/arxiu\/serie-orientalizzante-naturalistico\/#breadcrumb","itemListElement":[{"@type":"ListItem","position":1,"name":"Inici","item":"https:\/\/arxiusoberts.gir.cat\/ca\/"},{"@type":"ListItem","position":2,"name":"S\u00e8rie orientalizzante naturalistico"}]},{"@type":"WebSite","@id":"https:\/\/arxiusoberts.gir.cat\/ca\/#website","url":"https:\/\/arxiusoberts.gir.cat\/ca\/","name":"Arxius Oberts","description":"Narratives comunit\u00e0ries de Barcelona","potentialAction":[{"@type":"SearchAction","target":{"@type":"EntryPoint","urlTemplate":"https:\/\/arxiusoberts.gir.cat\/ca\/?s={search_term_string}"},"query-input":"required name=search_term_string"}],"inLanguage":"ca"}]}},"_links":{"self":[{"href":"https:\/\/arxiusoberts.gir.cat\/ca\/wp-json\/wp\/v2\/arxius\/2810"}],"collection":[{"href":"https:\/\/arxiusoberts.gir.cat\/ca\/wp-json\/wp\/v2\/arxius"}],"about":[{"href":"https:\/\/arxiusoberts.gir.cat\/ca\/wp-json\/wp\/v2\/types\/arxius"}],"wp:featuredmedia":[{"embeddable":true,"href":"https:\/\/arxiusoberts.gir.cat\/ca\/wp-json\/wp\/v2\/media\/2811"}],"wp:attachment":[{"href":"https:\/\/arxiusoberts.gir.cat\/ca\/wp-json\/wp\/v2\/media?parent=2810"}],"curies":[{"name":"wp","href":"https:\/\/api.w.org\/{rel}","templated":true}]}}

Sèrie orientalizzante naturalistico

<p>Ampolla de pisa policroma, de base quadrangular polilobulada i boca estreta i cònica amb vora d&#8217;anell . Ornamentada amb plantes aquàtiques, aus i edifici en forma de pagoda, distribuïdes en dos bandes, la central ampla, i la superior estreta. Sanefa inferior de línees paral·leles, coneguda a Itàlia amb el nom de &#8220;scaletta&#8221;. Pertany a la sèrie orientalizante-naturalistico.</p>

<!-- This site is optimized with the Yoast SEO plugin v21.7 - https://yoast.com/wordpress/plugins/seo/ -->
<title>Sèrie orientalizzante naturalistico - Arxius Oberts</title>
<meta name="robots" content="index, follow, max-snippet:-1, max-image-preview:large, max-video-preview:-1" />
<link rel="canonical" href="https://arxiusoberts.gir.cat/ca/arxiu/serie-orientalizzante-naturalistico/" />
<meta property="og:locale" content="ca_ES" />
<meta property="og:type" content="article" />
<meta property="og:title" content="Sèrie orientalizzante naturalistico - Arxius Oberts" />
<meta property="og:description" content="Ampolla de pisa policroma, de base quadrangular polilobulada i boca estreta i cònica amb vora d&#8217;anell . Ornamentada amb plantes aquàtiques, aus i edifici en forma de pagoda, distribuïdes en dos bandes, la central ampla, i la superior estreta. Sanefa inferior de línees paral·leles, coneguda a Itàlia amb el nom de &#8220;scaletta&#8221;. Pertany a la [&hellip;]" />
<meta property="og:url" content="https://arxiusoberts.gir.cat/ca/arxiu/serie-orientalizzante-naturalistico/" />
<meta property="og:site_name" content="Arxius Oberts" />
<meta property="article:modified_time" content="2022-02-03T17:05:54+00:00" />
<meta property="og:image" content="https://arxiusoberts.gir.cat/wp-content/uploads/2021/12/https3A2F2Fcoeli-icub-hum.s3-eu-west-1.amazonaws.com2Fpublic2FHeritageObject2FH3697862F3b3848e04c3a5e84a255f9629aeed5d52Ffull2Foriginal2F02Fdefault.jpg" />
	<meta property="og:image:width" content="800" />
	<meta property="og:image:height" content="800" />
	<meta property="og:image:type" content="image/jpeg" />
<meta name="twitter:card" content="summary_large_image" />
<script type="application/ld+json" class="yoast-schema-graph">{"@context":"https://schema.org","@graph":[{"@type":"WebPage","@id":"https://arxiusoberts.gir.cat/ca/arxiu/serie-orientalizzante-naturalistico/","url":"https://arxiusoberts.gir.cat/ca/arxiu/serie-orientalizzante-naturalistico/","name":"Sèrie orientalizzante naturalistico - Arxius Oberts","isPartOf":{"@id":"https://arxiusoberts.gir.cat/ca/#website"},"datePublished":"2021-12-12T22:12:16+00:00","dateModified":"2022-02-03T17:05:54+00:00","breadcrumb":{"@id":"https://arxiusoberts.gir.cat/ca/arxiu/serie-orientalizzante-naturalistico/#breadcrumb"},"inLanguage":"ca","potentialAction":[{"@type":"ReadAction","target":["https://arxiusoberts.gir.cat/ca/arxiu/serie-orientalizzante-naturalistico/"]}]},{"@type":"BreadcrumbList","@id":"https://arxiusoberts.gir.cat/ca/arxiu/serie-orientalizzante-naturalistico/#breadcrumb","itemListElement":[{"@type":"ListItem","position":1,"name":"Inici","item":"https://arxiusoberts.gir.cat/ca/"},{"@type":"ListItem","position":2,"name":"Sèrie orientalizzante naturalistico"}]},{"@type":"WebSite","@id":"https://arxiusoberts.gir.cat/ca/#website","url":"https://arxiusoberts.gir.cat/ca/","name":"Arxius Oberts","description":"Narratives comunitàries de Barcelona","potentialAction":[{"@type":"SearchAction","target":{"@type":"EntryPoint","urlTemplate":"https://arxiusoberts.gir.cat/ca/?s={search_term_string}"},"query-input":"required name=search_term_string"}],"inLanguage":"ca"}]}</script>
<!-- / Yoast SEO plugin. -->

Sèrie orientalizzante naturalistico - Arxius Oberts

Ampolla de pisa policroma, de base quadrangular polilobulada i boca estreta i cònica amb vora d&#8217;anell . Ornamentada amb plantes aquàtiques, aus i edifici en forma de pagoda, distribuïdes en dos bandes, la central ampla, i la superior estreta. Sanefa inferior de línees paral·leles, coneguda a Itàlia amb el nom de &#8220;scaletta&#8221;. Pertany a la [&hellip;]

Narratives comunitàries de Barcelona
