 {"id":2838,"date":"2021-12-13T00:12:16","date_gmt":"2021-12-12T22:12:16","guid":{"rendered":"http:\/\/localhost\/arxiusoberts.cat\/ca\/?post_type=arxius&#038;p=2838"},"modified":"2022-02-03T19:05:53","modified_gmt":"2022-02-03T17:05:53","slug":"serie-blava-dels-esglaons","status":"publish","type":"arxius","link":"https:\/\/arxiusoberts.gir.cat\/ca\/arxiu\/serie-blava-dels-esglaons\/","title":{"rendered":"S\u00e8rie blava dels esglaons"},"content":{"rendered":"<p>Plat circular de pisa policroma. Centre ocupat per una llebre envoltada de fulles partides i en forma de voluta de colors blau, verd i groc\/taronja. Ala ornamentada en blau amb una sanefa de motius vegetals en forma de palmes. Espais lliures ocupats per un petit motiu en forma de pir\u00e0mide esglaonada. Aquesta orla ha estat clasificada per Josep A. Cerd\u00e0 i Albert Telese amb el nom de: palma triple i esglaons. Aquesta tem\u00e0tica incorpora dos elemnets arcaizants ja tractats ailladament des del segle XV a Val\u00e8ncia, tot i que el seu origen es isl\u00e0mic. La cronologia ha estat precisada pel jaciment del castell de Voltrera.  \u00c9s unaornamentaci\u00f3 poc frequent de la que nomes es con\u00e8ixen uns quinze exemplars.<\/p>\n","protected":false},"featured_media":2839,"template":"","yoast_head":"<!-- This site is optimized with the Yoast SEO plugin v21.7 - https:\/\/yoast.com\/wordpress\/plugins\/seo\/ -->\n<title>S\u00e8rie blava dels esglaons - Arxius Oberts<\/title>\n<meta name=\"robots\" content=\"index, follow, max-snippet:-1, max-image-preview:large, max-video-preview:-1\" \/>\n<link rel=\"canonical\" href=\"https:\/\/arxiusoberts.gir.cat\/ca\/arxiu\/serie-blava-dels-esglaons\/\" \/>\n<meta property=\"og:locale\" content=\"ca_ES\" \/>\n<meta property=\"og:type\" content=\"article\" \/>\n<meta property=\"og:title\" content=\"S\u00e8rie blava dels esglaons - Arxius Oberts\" \/>\n<meta property=\"og:description\" content=\"Plat circular de pisa policroma. Centre ocupat per una llebre envoltada de fulles partides i en forma de voluta de colors blau, verd i groc\/taronja. Ala ornamentada en blau amb una sanefa de motius vegetals en forma de palmes. Espais lliures ocupats per un petit motiu en forma de pir\u00e0mide esglaonada. Aquesta orla ha estat [&hellip;]\" \/>\n<meta property=\"og:url\" content=\"https:\/\/arxiusoberts.gir.cat\/ca\/arxiu\/serie-blava-dels-esglaons\/\" \/>\n<meta property=\"og:site_name\" content=\"Arxius Oberts\" \/>\n<meta property=\"article:modified_time\" content=\"2022-02-03T17:05:53+00:00\" \/>\n<meta property=\"og:image\" content=\"https:\/\/arxiusoberts.gir.cat\/wp-content\/uploads\/2021\/12\/https3A2F2Fcoeli-icub-hum.s3-eu-west-1.amazonaws.com2Fpublic2FHeritageObject2FH3800012F8260cfbce3187fa4718482600ba446a72Ffull2Foriginal2F02Fdefault.jpg\" \/>\n\t<meta property=\"og:image:width\" content=\"800\" \/>\n\t<meta property=\"og:image:height\" content=\"800\" \/>\n\t<meta property=\"og:image:type\" content=\"image\/jpeg\" \/>\n<meta name=\"twitter:card\" content=\"summary_large_image\" \/>\n<meta name=\"twitter:label1\" content=\"Temps estimat de lectura\" \/>\n\t<meta name=\"twitter:data1\" content=\"1 minut\" \/>\n<script type=\"application\/ld+json\" class=\"yoast-schema-graph\">{\"@context\":\"https:\/\/schema.org\",\"@graph\":[{\"@type\":\"WebPage\",\"@id\":\"https:\/\/arxiusoberts.gir.cat\/ca\/arxiu\/serie-blava-dels-esglaons\/\",\"url\":\"https:\/\/arxiusoberts.gir.cat\/ca\/arxiu\/serie-blava-dels-esglaons\/\",\"name\":\"S\u00e8rie blava dels esglaons - Arxius Oberts\",\"isPartOf\":{\"@id\":\"https:\/\/arxiusoberts.gir.cat\/ca\/#website\"},\"datePublished\":\"2021-12-12T22:12:16+00:00\",\"dateModified\":\"2022-02-03T17:05:53+00:00\",\"breadcrumb\":{\"@id\":\"https:\/\/arxiusoberts.gir.cat\/ca\/arxiu\/serie-blava-dels-esglaons\/#breadcrumb\"},\"inLanguage\":\"ca\",\"potentialAction\":[{\"@type\":\"ReadAction\",\"target\":[\"https:\/\/arxiusoberts.gir.cat\/ca\/arxiu\/serie-blava-dels-esglaons\/\"]}]},{\"@type\":\"BreadcrumbList\",\"@id\":\"https:\/\/arxiusoberts.gir.cat\/ca\/arxiu\/serie-blava-dels-esglaons\/#breadcrumb\",\"itemListElement\":[{\"@type\":\"ListItem\",\"position\":1,\"name\":\"Inici\",\"item\":\"https:\/\/arxiusoberts.gir.cat\/ca\/\"},{\"@type\":\"ListItem\",\"position\":2,\"name\":\"S\u00e8rie blava dels esglaons\"}]},{\"@type\":\"WebSite\",\"@id\":\"https:\/\/arxiusoberts.gir.cat\/ca\/#website\",\"url\":\"https:\/\/arxiusoberts.gir.cat\/ca\/\",\"name\":\"Arxius Oberts\",\"description\":\"Narratives comunit\u00e0ries de Barcelona\",\"potentialAction\":[{\"@type\":\"SearchAction\",\"target\":{\"@type\":\"EntryPoint\",\"urlTemplate\":\"https:\/\/arxiusoberts.gir.cat\/ca\/?s={search_term_string}\"},\"query-input\":\"required name=search_term_string\"}],\"inLanguage\":\"ca\"}]}<\/script>\n<!-- \/ Yoast SEO plugin. -->","yoast_head_json":{"title":"S\u00e8rie blava dels esglaons - Arxius Oberts","robots":{"index":"index","follow":"follow","max-snippet":"max-snippet:-1","max-image-preview":"max-image-preview:large","max-video-preview":"max-video-preview:-1"},"canonical":"https:\/\/arxiusoberts.gir.cat\/ca\/arxiu\/serie-blava-dels-esglaons\/","og_locale":"ca_ES","og_type":"article","og_title":"S\u00e8rie blava dels esglaons - Arxius Oberts","og_description":"Plat circular de pisa policroma. Centre ocupat per una llebre envoltada de fulles partides i en forma de voluta de colors blau, verd i groc\/taronja. Ala ornamentada en blau amb una sanefa de motius vegetals en forma de palmes. Espais lliures ocupats per un petit motiu en forma de pir\u00e0mide esglaonada. Aquesta orla ha estat [&hellip;]","og_url":"https:\/\/arxiusoberts.gir.cat\/ca\/arxiu\/serie-blava-dels-esglaons\/","og_site_name":"Arxius Oberts","article_modified_time":"2022-02-03T17:05:53+00:00","og_image":[{"width":800,"height":800,"url":"https:\/\/arxiusoberts.gir.cat\/wp-content\/uploads\/2021\/12\/https3A2F2Fcoeli-icub-hum.s3-eu-west-1.amazonaws.com2Fpublic2FHeritageObject2FH3800012F8260cfbce3187fa4718482600ba446a72Ffull2Foriginal2F02Fdefault.jpg","type":"image\/jpeg"}],"twitter_card":"summary_large_image","twitter_misc":{"Temps estimat de lectura":"1 minut"},"schema":{"@context":"https:\/\/schema.org","@graph":[{"@type":"WebPage","@id":"https:\/\/arxiusoberts.gir.cat\/ca\/arxiu\/serie-blava-dels-esglaons\/","url":"https:\/\/arxiusoberts.gir.cat\/ca\/arxiu\/serie-blava-dels-esglaons\/","name":"S\u00e8rie blava dels esglaons - Arxius Oberts","isPartOf":{"@id":"https:\/\/arxiusoberts.gir.cat\/ca\/#website"},"datePublished":"2021-12-12T22:12:16+00:00","dateModified":"2022-02-03T17:05:53+00:00","breadcrumb":{"@id":"https:\/\/arxiusoberts.gir.cat\/ca\/arxiu\/serie-blava-dels-esglaons\/#breadcrumb"},"inLanguage":"ca","potentialAction":[{"@type":"ReadAction","target":["https:\/\/arxiusoberts.gir.cat\/ca\/arxiu\/serie-blava-dels-esglaons\/"]}]},{"@type":"BreadcrumbList","@id":"https:\/\/arxiusoberts.gir.cat\/ca\/arxiu\/serie-blava-dels-esglaons\/#breadcrumb","itemListElement":[{"@type":"ListItem","position":1,"name":"Inici","item":"https:\/\/arxiusoberts.gir.cat\/ca\/"},{"@type":"ListItem","position":2,"name":"S\u00e8rie blava dels esglaons"}]},{"@type":"WebSite","@id":"https:\/\/arxiusoberts.gir.cat\/ca\/#website","url":"https:\/\/arxiusoberts.gir.cat\/ca\/","name":"Arxius Oberts","description":"Narratives comunit\u00e0ries de Barcelona","potentialAction":[{"@type":"SearchAction","target":{"@type":"EntryPoint","urlTemplate":"https:\/\/arxiusoberts.gir.cat\/ca\/?s={search_term_string}"},"query-input":"required name=search_term_string"}],"inLanguage":"ca"}]}},"_links":{"self":[{"href":"https:\/\/arxiusoberts.gir.cat\/ca\/wp-json\/wp\/v2\/arxius\/2838"}],"collection":[{"href":"https:\/\/arxiusoberts.gir.cat\/ca\/wp-json\/wp\/v2\/arxius"}],"about":[{"href":"https:\/\/arxiusoberts.gir.cat\/ca\/wp-json\/wp\/v2\/types\/arxius"}],"wp:featuredmedia":[{"embeddable":true,"href":"https:\/\/arxiusoberts.gir.cat\/ca\/wp-json\/wp\/v2\/media\/2839"}],"wp:attachment":[{"href":"https:\/\/arxiusoberts.gir.cat\/ca\/wp-json\/wp\/v2\/media?parent=2838"}],"curies":[{"name":"wp","href":"https:\/\/api.w.org\/{rel}","templated":true}]}}

Sèrie blava dels esglaons

<p>Plat circular de pisa policroma. Centre ocupat per una llebre envoltada de fulles partides i en forma de voluta de colors blau, verd i groc/taronja. Ala ornamentada en blau amb una sanefa de motius vegetals en forma de palmes. Espais lliures ocupats per un petit motiu en forma de piràmide esglaonada. Aquesta orla ha estat clasificada per Josep A. Cerdà i Albert Telese amb el nom de: palma triple i esglaons. Aquesta temàtica incorpora dos elemnets arcaizants ja tractats ailladament des del segle XV a València, tot i que el seu origen es islàmic. La cronologia ha estat precisada pel jaciment del castell de Voltrera.  És unaornamentació poc frequent de la que nomes es conèixen uns quinze exemplars.</p>

<!-- This site is optimized with the Yoast SEO plugin v21.7 - https://yoast.com/wordpress/plugins/seo/ -->
<title>Sèrie blava dels esglaons - Arxius Oberts</title>
<meta name="robots" content="index, follow, max-snippet:-1, max-image-preview:large, max-video-preview:-1" />
<link rel="canonical" href="https://arxiusoberts.gir.cat/ca/arxiu/serie-blava-dels-esglaons/" />
<meta property="og:locale" content="ca_ES" />
<meta property="og:type" content="article" />
<meta property="og:title" content="Sèrie blava dels esglaons - Arxius Oberts" />
<meta property="og:description" content="Plat circular de pisa policroma. Centre ocupat per una llebre envoltada de fulles partides i en forma de voluta de colors blau, verd i groc/taronja. Ala ornamentada en blau amb una sanefa de motius vegetals en forma de palmes. Espais lliures ocupats per un petit motiu en forma de piràmide esglaonada. Aquesta orla ha estat [&hellip;]" />
<meta property="og:url" content="https://arxiusoberts.gir.cat/ca/arxiu/serie-blava-dels-esglaons/" />
<meta property="og:site_name" content="Arxius Oberts" />
<meta property="article:modified_time" content="2022-02-03T17:05:53+00:00" />
<meta property="og:image" content="https://arxiusoberts.gir.cat/wp-content/uploads/2021/12/https3A2F2Fcoeli-icub-hum.s3-eu-west-1.amazonaws.com2Fpublic2FHeritageObject2FH3800012F8260cfbce3187fa4718482600ba446a72Ffull2Foriginal2F02Fdefault.jpg" />
	<meta property="og:image:width" content="800" />
	<meta property="og:image:height" content="800" />
	<meta property="og:image:type" content="image/jpeg" />
<meta name="twitter:card" content="summary_large_image" />
<meta name="twitter:label1" content="Temps estimat de lectura" />
	<meta name="twitter:data1" content="1 minut" />
<script type="application/ld+json" class="yoast-schema-graph">{"@context":"https://schema.org","@graph":[{"@type":"WebPage","@id":"https://arxiusoberts.gir.cat/ca/arxiu/serie-blava-dels-esglaons/","url":"https://arxiusoberts.gir.cat/ca/arxiu/serie-blava-dels-esglaons/","name":"Sèrie blava dels esglaons - Arxius Oberts","isPartOf":{"@id":"https://arxiusoberts.gir.cat/ca/#website"},"datePublished":"2021-12-12T22:12:16+00:00","dateModified":"2022-02-03T17:05:53+00:00","breadcrumb":{"@id":"https://arxiusoberts.gir.cat/ca/arxiu/serie-blava-dels-esglaons/#breadcrumb"},"inLanguage":"ca","potentialAction":[{"@type":"ReadAction","target":["https://arxiusoberts.gir.cat/ca/arxiu/serie-blava-dels-esglaons/"]}]},{"@type":"BreadcrumbList","@id":"https://arxiusoberts.gir.cat/ca/arxiu/serie-blava-dels-esglaons/#breadcrumb","itemListElement":[{"@type":"ListItem","position":1,"name":"Inici","item":"https://arxiusoberts.gir.cat/ca/"},{"@type":"ListItem","position":2,"name":"Sèrie blava dels esglaons"}]},{"@type":"WebSite","@id":"https://arxiusoberts.gir.cat/ca/#website","url":"https://arxiusoberts.gir.cat/ca/","name":"Arxius Oberts","description":"Narratives comunitàries de Barcelona","potentialAction":[{"@type":"SearchAction","target":{"@type":"EntryPoint","urlTemplate":"https://arxiusoberts.gir.cat/ca/?s={search_term_string}"},"query-input":"required name=search_term_string"}],"inLanguage":"ca"}]}</script>
<!-- / Yoast SEO plugin. -->

Sèrie blava dels esglaons - Arxius Oberts

Plat circular de pisa policroma. Centre ocupat per una llebre envoltada de fulles partides i en forma de voluta de colors blau, verd i groc/taronja. Ala ornamentada en blau amb una sanefa de motius vegetals en forma de palmes. Espais lliures ocupats per un petit motiu en forma de piràmide esglaonada. Aquesta orla ha estat [&hellip;]

Narratives comunitàries de Barcelona
