 {"id":2842,"date":"2021-12-13T00:12:16","date_gmt":"2021-12-12T22:12:16","guid":{"rendered":"http:\/\/localhost\/arxiusoberts.cat\/ca\/?post_type=arxius&#038;p=2842"},"modified":"2022-02-03T19:05:53","modified_gmt":"2022-02-03T17:05:53","slug":"serie-dinfluencia-de-savona","status":"publish","type":"arxius","link":"https:\/\/arxiusoberts.gir.cat\/ca\/arxiu\/serie-dinfluencia-de-savona\/","title":{"rendered":"S\u00e8rie d&#8217;influ\u00e8ncia de Savona"},"content":{"rendered":"<p>Gerra de farm\u00e0cia de pisa decorada en blau amb un paisatge amb arquitectures, vaixell i figura de camperol amb barret i estendard amb la V de vict\u00f2ria.  Cartel\u00b7la en diagonal, acabada en volutes amb la inscripci\u00f3:  D. PIMPINELLAE. Aquesta ornamentaci\u00f3 respon a la influ\u00e8ncia de la cer\u00e0mica italiana del segle XVII, de Savona (It\u00e0lia) de la s\u00e8rie &#8220;scenografia baroca&#8221;.<\/p>\n","protected":false},"featured_media":2843,"template":"","yoast_head":"<!-- This site is optimized with the Yoast SEO plugin v21.7 - https:\/\/yoast.com\/wordpress\/plugins\/seo\/ -->\n<title>S\u00e8rie d&#039;influ\u00e8ncia de Savona - Arxius Oberts<\/title>\n<meta name=\"robots\" content=\"index, follow, max-snippet:-1, max-image-preview:large, max-video-preview:-1\" \/>\n<link rel=\"canonical\" href=\"https:\/\/arxiusoberts.gir.cat\/ca\/arxiu\/serie-dinfluencia-de-savona\/\" \/>\n<meta property=\"og:locale\" content=\"ca_ES\" \/>\n<meta property=\"og:type\" content=\"article\" \/>\n<meta property=\"og:title\" content=\"S\u00e8rie d&#039;influ\u00e8ncia de Savona - Arxius Oberts\" \/>\n<meta property=\"og:description\" content=\"Gerra de farm\u00e0cia de pisa decorada en blau amb un paisatge amb arquitectures, vaixell i figura de camperol amb barret i estendard amb la V de vict\u00f2ria. Cartel\u00b7la en diagonal, acabada en volutes amb la inscripci\u00f3: D. PIMPINELLAE. Aquesta ornamentaci\u00f3 respon a la influ\u00e8ncia de la cer\u00e0mica italiana del segle XVII, de Savona (It\u00e0lia) de [&hellip;]\" \/>\n<meta property=\"og:url\" content=\"https:\/\/arxiusoberts.gir.cat\/ca\/arxiu\/serie-dinfluencia-de-savona\/\" \/>\n<meta property=\"og:site_name\" content=\"Arxius Oberts\" \/>\n<meta property=\"article:modified_time\" content=\"2022-02-03T17:05:53+00:00\" \/>\n<meta property=\"og:image\" content=\"https:\/\/arxiusoberts.gir.cat\/wp-content\/uploads\/2021\/12\/https3A2F2Fcoeli-icub-hum.s3-eu-west-1.amazonaws.com2Fpublic2FHeritageObject2FH3772632Fe603c06c20378c89207294cff950ce5f2Ffull2Foriginal2F02Fdefault.jpg\" \/>\n\t<meta property=\"og:image:width\" content=\"800\" \/>\n\t<meta property=\"og:image:height\" content=\"800\" \/>\n\t<meta property=\"og:image:type\" content=\"image\/jpeg\" \/>\n<meta name=\"twitter:card\" content=\"summary_large_image\" \/>\n<script type=\"application\/ld+json\" class=\"yoast-schema-graph\">{\"@context\":\"https:\/\/schema.org\",\"@graph\":[{\"@type\":\"WebPage\",\"@id\":\"https:\/\/arxiusoberts.gir.cat\/ca\/arxiu\/serie-dinfluencia-de-savona\/\",\"url\":\"https:\/\/arxiusoberts.gir.cat\/ca\/arxiu\/serie-dinfluencia-de-savona\/\",\"name\":\"S\u00e8rie d'influ\u00e8ncia de Savona - Arxius Oberts\",\"isPartOf\":{\"@id\":\"https:\/\/arxiusoberts.gir.cat\/ca\/#website\"},\"datePublished\":\"2021-12-12T22:12:16+00:00\",\"dateModified\":\"2022-02-03T17:05:53+00:00\",\"breadcrumb\":{\"@id\":\"https:\/\/arxiusoberts.gir.cat\/ca\/arxiu\/serie-dinfluencia-de-savona\/#breadcrumb\"},\"inLanguage\":\"ca\",\"potentialAction\":[{\"@type\":\"ReadAction\",\"target\":[\"https:\/\/arxiusoberts.gir.cat\/ca\/arxiu\/serie-dinfluencia-de-savona\/\"]}]},{\"@type\":\"BreadcrumbList\",\"@id\":\"https:\/\/arxiusoberts.gir.cat\/ca\/arxiu\/serie-dinfluencia-de-savona\/#breadcrumb\",\"itemListElement\":[{\"@type\":\"ListItem\",\"position\":1,\"name\":\"Inici\",\"item\":\"https:\/\/arxiusoberts.gir.cat\/ca\/\"},{\"@type\":\"ListItem\",\"position\":2,\"name\":\"S\u00e8rie d&#8217;influ\u00e8ncia de Savona\"}]},{\"@type\":\"WebSite\",\"@id\":\"https:\/\/arxiusoberts.gir.cat\/ca\/#website\",\"url\":\"https:\/\/arxiusoberts.gir.cat\/ca\/\",\"name\":\"Arxius Oberts\",\"description\":\"Narratives comunit\u00e0ries de Barcelona\",\"potentialAction\":[{\"@type\":\"SearchAction\",\"target\":{\"@type\":\"EntryPoint\",\"urlTemplate\":\"https:\/\/arxiusoberts.gir.cat\/ca\/?s={search_term_string}\"},\"query-input\":\"required name=search_term_string\"}],\"inLanguage\":\"ca\"}]}<\/script>\n<!-- \/ Yoast SEO plugin. -->","yoast_head_json":{"title":"S\u00e8rie d'influ\u00e8ncia de Savona - Arxius Oberts","robots":{"index":"index","follow":"follow","max-snippet":"max-snippet:-1","max-image-preview":"max-image-preview:large","max-video-preview":"max-video-preview:-1"},"canonical":"https:\/\/arxiusoberts.gir.cat\/ca\/arxiu\/serie-dinfluencia-de-savona\/","og_locale":"ca_ES","og_type":"article","og_title":"S\u00e8rie d'influ\u00e8ncia de Savona - Arxius Oberts","og_description":"Gerra de farm\u00e0cia de pisa decorada en blau amb un paisatge amb arquitectures, vaixell i figura de camperol amb barret i estendard amb la V de vict\u00f2ria. Cartel\u00b7la en diagonal, acabada en volutes amb la inscripci\u00f3: D. PIMPINELLAE. Aquesta ornamentaci\u00f3 respon a la influ\u00e8ncia de la cer\u00e0mica italiana del segle XVII, de Savona (It\u00e0lia) de [&hellip;]","og_url":"https:\/\/arxiusoberts.gir.cat\/ca\/arxiu\/serie-dinfluencia-de-savona\/","og_site_name":"Arxius Oberts","article_modified_time":"2022-02-03T17:05:53+00:00","og_image":[{"width":800,"height":800,"url":"https:\/\/arxiusoberts.gir.cat\/wp-content\/uploads\/2021\/12\/https3A2F2Fcoeli-icub-hum.s3-eu-west-1.amazonaws.com2Fpublic2FHeritageObject2FH3772632Fe603c06c20378c89207294cff950ce5f2Ffull2Foriginal2F02Fdefault.jpg","type":"image\/jpeg"}],"twitter_card":"summary_large_image","schema":{"@context":"https:\/\/schema.org","@graph":[{"@type":"WebPage","@id":"https:\/\/arxiusoberts.gir.cat\/ca\/arxiu\/serie-dinfluencia-de-savona\/","url":"https:\/\/arxiusoberts.gir.cat\/ca\/arxiu\/serie-dinfluencia-de-savona\/","name":"S\u00e8rie d'influ\u00e8ncia de Savona - Arxius Oberts","isPartOf":{"@id":"https:\/\/arxiusoberts.gir.cat\/ca\/#website"},"datePublished":"2021-12-12T22:12:16+00:00","dateModified":"2022-02-03T17:05:53+00:00","breadcrumb":{"@id":"https:\/\/arxiusoberts.gir.cat\/ca\/arxiu\/serie-dinfluencia-de-savona\/#breadcrumb"},"inLanguage":"ca","potentialAction":[{"@type":"ReadAction","target":["https:\/\/arxiusoberts.gir.cat\/ca\/arxiu\/serie-dinfluencia-de-savona\/"]}]},{"@type":"BreadcrumbList","@id":"https:\/\/arxiusoberts.gir.cat\/ca\/arxiu\/serie-dinfluencia-de-savona\/#breadcrumb","itemListElement":[{"@type":"ListItem","position":1,"name":"Inici","item":"https:\/\/arxiusoberts.gir.cat\/ca\/"},{"@type":"ListItem","position":2,"name":"S\u00e8rie d&#8217;influ\u00e8ncia de Savona"}]},{"@type":"WebSite","@id":"https:\/\/arxiusoberts.gir.cat\/ca\/#website","url":"https:\/\/arxiusoberts.gir.cat\/ca\/","name":"Arxius Oberts","description":"Narratives comunit\u00e0ries de Barcelona","potentialAction":[{"@type":"SearchAction","target":{"@type":"EntryPoint","urlTemplate":"https:\/\/arxiusoberts.gir.cat\/ca\/?s={search_term_string}"},"query-input":"required name=search_term_string"}],"inLanguage":"ca"}]}},"_links":{"self":[{"href":"https:\/\/arxiusoberts.gir.cat\/ca\/wp-json\/wp\/v2\/arxius\/2842"}],"collection":[{"href":"https:\/\/arxiusoberts.gir.cat\/ca\/wp-json\/wp\/v2\/arxius"}],"about":[{"href":"https:\/\/arxiusoberts.gir.cat\/ca\/wp-json\/wp\/v2\/types\/arxius"}],"wp:featuredmedia":[{"embeddable":true,"href":"https:\/\/arxiusoberts.gir.cat\/ca\/wp-json\/wp\/v2\/media\/2843"}],"wp:attachment":[{"href":"https:\/\/arxiusoberts.gir.cat\/ca\/wp-json\/wp\/v2\/media?parent=2842"}],"curies":[{"name":"wp","href":"https:\/\/api.w.org\/{rel}","templated":true}]}}

Sèrie d&#8217;influència de Savona

<p>Gerra de farmàcia de pisa decorada en blau amb un paisatge amb arquitectures, vaixell i figura de camperol amb barret i estendard amb la V de victòria.  Cartel·la en diagonal, acabada en volutes amb la inscripció:  D. PIMPINELLAE. Aquesta ornamentació respon a la influència de la ceràmica italiana del segle XVII, de Savona (Itàlia) de la sèrie &#8220;scenografia baroca&#8221;.</p>

<!-- This site is optimized with the Yoast SEO plugin v21.7 - https://yoast.com/wordpress/plugins/seo/ -->
<title>Sèrie d&#039;influència de Savona - Arxius Oberts</title>
<meta name="robots" content="index, follow, max-snippet:-1, max-image-preview:large, max-video-preview:-1" />
<link rel="canonical" href="https://arxiusoberts.gir.cat/ca/arxiu/serie-dinfluencia-de-savona/" />
<meta property="og:locale" content="ca_ES" />
<meta property="og:type" content="article" />
<meta property="og:title" content="Sèrie d&#039;influència de Savona - Arxius Oberts" />
<meta property="og:description" content="Gerra de farmàcia de pisa decorada en blau amb un paisatge amb arquitectures, vaixell i figura de camperol amb barret i estendard amb la V de victòria. Cartel·la en diagonal, acabada en volutes amb la inscripció: D. PIMPINELLAE. Aquesta ornamentació respon a la influència de la ceràmica italiana del segle XVII, de Savona (Itàlia) de [&hellip;]" />
<meta property="og:url" content="https://arxiusoberts.gir.cat/ca/arxiu/serie-dinfluencia-de-savona/" />
<meta property="og:site_name" content="Arxius Oberts" />
<meta property="article:modified_time" content="2022-02-03T17:05:53+00:00" />
<meta property="og:image" content="https://arxiusoberts.gir.cat/wp-content/uploads/2021/12/https3A2F2Fcoeli-icub-hum.s3-eu-west-1.amazonaws.com2Fpublic2FHeritageObject2FH3772632Fe603c06c20378c89207294cff950ce5f2Ffull2Foriginal2F02Fdefault.jpg" />
	<meta property="og:image:width" content="800" />
	<meta property="og:image:height" content="800" />
	<meta property="og:image:type" content="image/jpeg" />
<meta name="twitter:card" content="summary_large_image" />
<script type="application/ld+json" class="yoast-schema-graph">{"@context":"https://schema.org","@graph":[{"@type":"WebPage","@id":"https://arxiusoberts.gir.cat/ca/arxiu/serie-dinfluencia-de-savona/","url":"https://arxiusoberts.gir.cat/ca/arxiu/serie-dinfluencia-de-savona/","name":"Sèrie d'influència de Savona - Arxius Oberts","isPartOf":{"@id":"https://arxiusoberts.gir.cat/ca/#website"},"datePublished":"2021-12-12T22:12:16+00:00","dateModified":"2022-02-03T17:05:53+00:00","breadcrumb":{"@id":"https://arxiusoberts.gir.cat/ca/arxiu/serie-dinfluencia-de-savona/#breadcrumb"},"inLanguage":"ca","potentialAction":[{"@type":"ReadAction","target":["https://arxiusoberts.gir.cat/ca/arxiu/serie-dinfluencia-de-savona/"]}]},{"@type":"BreadcrumbList","@id":"https://arxiusoberts.gir.cat/ca/arxiu/serie-dinfluencia-de-savona/#breadcrumb","itemListElement":[{"@type":"ListItem","position":1,"name":"Inici","item":"https://arxiusoberts.gir.cat/ca/"},{"@type":"ListItem","position":2,"name":"Sèrie d&#8217;influència de Savona"}]},{"@type":"WebSite","@id":"https://arxiusoberts.gir.cat/ca/#website","url":"https://arxiusoberts.gir.cat/ca/","name":"Arxius Oberts","description":"Narratives comunitàries de Barcelona","potentialAction":[{"@type":"SearchAction","target":{"@type":"EntryPoint","urlTemplate":"https://arxiusoberts.gir.cat/ca/?s={search_term_string}"},"query-input":"required name=search_term_string"}],"inLanguage":"ca"}]}</script>
<!-- / Yoast SEO plugin. -->

Sèrie d'influència de Savona - Arxius Oberts

Gerra de farmàcia de pisa decorada en blau amb un paisatge amb arquitectures, vaixell i figura de camperol amb barret i estendard amb la V de victòria. Cartel·la en diagonal, acabada en volutes amb la inscripció: D. PIMPINELLAE. Aquesta ornamentació respon a la influència de la ceràmica italiana del segle XVII, de Savona (Itàlia) de [&hellip;]

Narratives comunitàries de Barcelona
