 {"id":2858,"date":"2021-12-13T00:12:15","date_gmt":"2021-12-12T22:12:15","guid":{"rendered":"http:\/\/localhost\/arxiusoberts.cat\/ca\/?post_type=arxius&#038;p=2858"},"modified":"2022-02-03T19:05:55","modified_gmt":"2022-02-03T17:05:55","slug":"serie-de-les-puntes-de-coixi","status":"publish","type":"arxius","link":"https:\/\/arxiusoberts.gir.cat\/ca\/arxiu\/serie-de-les-puntes-de-coixi\/","title":{"rendered":"S\u00e8rie de les puntes de coix\u00ed"},"content":{"rendered":"<p>Gerra de pico de forma inspirada en un model d&#8217;orfebrer\u00eda de principi del segle XVII. Pisa decorada en morat i blau amb sanefa de puntes de coix\u00ed,  a la vora i a la part inferior del cos.  Centre amb escut coronat i envoltat de volutes, ocupat amb la creu de l&#8217;ordre de Santiago i la inscripci\u00f3: D. Teresa de Perea.  Aquesta decoraci\u00f3 pertany a la s\u00e8rie de les &#8220;puntes de coix\u00ed&#8221; que configura un grup de peces selectes i poc abundant relacionada amb els objectes de la s\u00e8rie portuguesa coneguda amb el nom de &#8220;randes&#8221;.  La mateixa vil\u00b7la de Talavera comptava amb una important ind\u00fastria de puntes de coix\u00ed en fil d&#8221;or i plata que va influir en aquesta s\u00e8rie. En escasses ocasions es van utilitzar sanefes de puntes de coix\u00ed per emmarcar escenes historiades plasmades sobre rajoles. Aquesta ornamentaci\u00f3 tamb\u00e9 es va fer en blau i policromia.<\/p>\n","protected":false},"featured_media":2859,"template":"","yoast_head":"<!-- This site is optimized with the Yoast SEO plugin v21.7 - https:\/\/yoast.com\/wordpress\/plugins\/seo\/ -->\n<title>S\u00e8rie de les puntes de coix\u00ed - Arxius Oberts<\/title>\n<meta name=\"robots\" content=\"index, follow, max-snippet:-1, max-image-preview:large, max-video-preview:-1\" \/>\n<link rel=\"canonical\" href=\"https:\/\/arxiusoberts.gir.cat\/ca\/arxiu\/serie-de-les-puntes-de-coixi\/\" \/>\n<meta property=\"og:locale\" content=\"ca_ES\" \/>\n<meta property=\"og:type\" content=\"article\" \/>\n<meta property=\"og:title\" content=\"S\u00e8rie de les puntes de coix\u00ed - Arxius Oberts\" \/>\n<meta property=\"og:description\" content=\"Gerra de pico de forma inspirada en un model d&#8217;orfebrer\u00eda de principi del segle XVII. Pisa decorada en morat i blau amb sanefa de puntes de coix\u00ed, a la vora i a la part inferior del cos. Centre amb escut coronat i envoltat de volutes, ocupat amb la creu de l&#8217;ordre de Santiago i la [&hellip;]\" \/>\n<meta property=\"og:url\" content=\"https:\/\/arxiusoberts.gir.cat\/ca\/arxiu\/serie-de-les-puntes-de-coixi\/\" \/>\n<meta property=\"og:site_name\" content=\"Arxius Oberts\" \/>\n<meta property=\"article:modified_time\" content=\"2022-02-03T17:05:55+00:00\" \/>\n<meta property=\"og:image\" content=\"https:\/\/arxiusoberts.gir.cat\/wp-content\/uploads\/2021\/12\/https3A2F2Fcoeli-icub-hum.s3-eu-west-1.amazonaws.com2Fpublic2FHeritageObject2FH3800782F8e39e600af3bc38b15046dd195b3be3e2Ffull2Foriginal2F02Fdefault.jpg\" \/>\n\t<meta property=\"og:image:width\" content=\"800\" \/>\n\t<meta property=\"og:image:height\" content=\"800\" \/>\n\t<meta property=\"og:image:type\" content=\"image\/jpeg\" \/>\n<meta name=\"twitter:card\" content=\"summary_large_image\" \/>\n<meta name=\"twitter:label1\" content=\"Temps estimat de lectura\" \/>\n\t<meta name=\"twitter:data1\" content=\"1 minut\" \/>\n<script type=\"application\/ld+json\" class=\"yoast-schema-graph\">{\"@context\":\"https:\/\/schema.org\",\"@graph\":[{\"@type\":\"WebPage\",\"@id\":\"https:\/\/arxiusoberts.gir.cat\/ca\/arxiu\/serie-de-les-puntes-de-coixi\/\",\"url\":\"https:\/\/arxiusoberts.gir.cat\/ca\/arxiu\/serie-de-les-puntes-de-coixi\/\",\"name\":\"S\u00e8rie de les puntes de coix\u00ed - Arxius Oberts\",\"isPartOf\":{\"@id\":\"https:\/\/arxiusoberts.gir.cat\/ca\/#website\"},\"datePublished\":\"2021-12-12T22:12:15+00:00\",\"dateModified\":\"2022-02-03T17:05:55+00:00\",\"breadcrumb\":{\"@id\":\"https:\/\/arxiusoberts.gir.cat\/ca\/arxiu\/serie-de-les-puntes-de-coixi\/#breadcrumb\"},\"inLanguage\":\"ca\",\"potentialAction\":[{\"@type\":\"ReadAction\",\"target\":[\"https:\/\/arxiusoberts.gir.cat\/ca\/arxiu\/serie-de-les-puntes-de-coixi\/\"]}]},{\"@type\":\"BreadcrumbList\",\"@id\":\"https:\/\/arxiusoberts.gir.cat\/ca\/arxiu\/serie-de-les-puntes-de-coixi\/#breadcrumb\",\"itemListElement\":[{\"@type\":\"ListItem\",\"position\":1,\"name\":\"Inici\",\"item\":\"https:\/\/arxiusoberts.gir.cat\/ca\/\"},{\"@type\":\"ListItem\",\"position\":2,\"name\":\"S\u00e8rie de les puntes de coix\u00ed\"}]},{\"@type\":\"WebSite\",\"@id\":\"https:\/\/arxiusoberts.gir.cat\/ca\/#website\",\"url\":\"https:\/\/arxiusoberts.gir.cat\/ca\/\",\"name\":\"Arxius Oberts\",\"description\":\"Narratives comunit\u00e0ries de Barcelona\",\"potentialAction\":[{\"@type\":\"SearchAction\",\"target\":{\"@type\":\"EntryPoint\",\"urlTemplate\":\"https:\/\/arxiusoberts.gir.cat\/ca\/?s={search_term_string}\"},\"query-input\":\"required name=search_term_string\"}],\"inLanguage\":\"ca\"}]}<\/script>\n<!-- \/ Yoast SEO plugin. -->","yoast_head_json":{"title":"S\u00e8rie de les puntes de coix\u00ed - Arxius Oberts","robots":{"index":"index","follow":"follow","max-snippet":"max-snippet:-1","max-image-preview":"max-image-preview:large","max-video-preview":"max-video-preview:-1"},"canonical":"https:\/\/arxiusoberts.gir.cat\/ca\/arxiu\/serie-de-les-puntes-de-coixi\/","og_locale":"ca_ES","og_type":"article","og_title":"S\u00e8rie de les puntes de coix\u00ed - Arxius Oberts","og_description":"Gerra de pico de forma inspirada en un model d&#8217;orfebrer\u00eda de principi del segle XVII. Pisa decorada en morat i blau amb sanefa de puntes de coix\u00ed, a la vora i a la part inferior del cos. Centre amb escut coronat i envoltat de volutes, ocupat amb la creu de l&#8217;ordre de Santiago i la [&hellip;]","og_url":"https:\/\/arxiusoberts.gir.cat\/ca\/arxiu\/serie-de-les-puntes-de-coixi\/","og_site_name":"Arxius Oberts","article_modified_time":"2022-02-03T17:05:55+00:00","og_image":[{"width":800,"height":800,"url":"https:\/\/arxiusoberts.gir.cat\/wp-content\/uploads\/2021\/12\/https3A2F2Fcoeli-icub-hum.s3-eu-west-1.amazonaws.com2Fpublic2FHeritageObject2FH3800782F8e39e600af3bc38b15046dd195b3be3e2Ffull2Foriginal2F02Fdefault.jpg","type":"image\/jpeg"}],"twitter_card":"summary_large_image","twitter_misc":{"Temps estimat de lectura":"1 minut"},"schema":{"@context":"https:\/\/schema.org","@graph":[{"@type":"WebPage","@id":"https:\/\/arxiusoberts.gir.cat\/ca\/arxiu\/serie-de-les-puntes-de-coixi\/","url":"https:\/\/arxiusoberts.gir.cat\/ca\/arxiu\/serie-de-les-puntes-de-coixi\/","name":"S\u00e8rie de les puntes de coix\u00ed - Arxius Oberts","isPartOf":{"@id":"https:\/\/arxiusoberts.gir.cat\/ca\/#website"},"datePublished":"2021-12-12T22:12:15+00:00","dateModified":"2022-02-03T17:05:55+00:00","breadcrumb":{"@id":"https:\/\/arxiusoberts.gir.cat\/ca\/arxiu\/serie-de-les-puntes-de-coixi\/#breadcrumb"},"inLanguage":"ca","potentialAction":[{"@type":"ReadAction","target":["https:\/\/arxiusoberts.gir.cat\/ca\/arxiu\/serie-de-les-puntes-de-coixi\/"]}]},{"@type":"BreadcrumbList","@id":"https:\/\/arxiusoberts.gir.cat\/ca\/arxiu\/serie-de-les-puntes-de-coixi\/#breadcrumb","itemListElement":[{"@type":"ListItem","position":1,"name":"Inici","item":"https:\/\/arxiusoberts.gir.cat\/ca\/"},{"@type":"ListItem","position":2,"name":"S\u00e8rie de les puntes de coix\u00ed"}]},{"@type":"WebSite","@id":"https:\/\/arxiusoberts.gir.cat\/ca\/#website","url":"https:\/\/arxiusoberts.gir.cat\/ca\/","name":"Arxius Oberts","description":"Narratives comunit\u00e0ries de Barcelona","potentialAction":[{"@type":"SearchAction","target":{"@type":"EntryPoint","urlTemplate":"https:\/\/arxiusoberts.gir.cat\/ca\/?s={search_term_string}"},"query-input":"required name=search_term_string"}],"inLanguage":"ca"}]}},"_links":{"self":[{"href":"https:\/\/arxiusoberts.gir.cat\/ca\/wp-json\/wp\/v2\/arxius\/2858"}],"collection":[{"href":"https:\/\/arxiusoberts.gir.cat\/ca\/wp-json\/wp\/v2\/arxius"}],"about":[{"href":"https:\/\/arxiusoberts.gir.cat\/ca\/wp-json\/wp\/v2\/types\/arxius"}],"wp:featuredmedia":[{"embeddable":true,"href":"https:\/\/arxiusoberts.gir.cat\/ca\/wp-json\/wp\/v2\/media\/2859"}],"wp:attachment":[{"href":"https:\/\/arxiusoberts.gir.cat\/ca\/wp-json\/wp\/v2\/media?parent=2858"}],"curies":[{"name":"wp","href":"https:\/\/api.w.org\/{rel}","templated":true}]}}

Sèrie de les puntes de coixí

<p>Gerra de pico de forma inspirada en un model d&#8217;orfebrería de principi del segle XVII. Pisa decorada en morat i blau amb sanefa de puntes de coixí,  a la vora i a la part inferior del cos.  Centre amb escut coronat i envoltat de volutes, ocupat amb la creu de l&#8217;ordre de Santiago i la inscripció: D. Teresa de Perea.  Aquesta decoració pertany a la sèrie de les &#8220;puntes de coixí&#8221; que configura un grup de peces selectes i poc abundant relacionada amb els objectes de la sèrie portuguesa coneguda amb el nom de &#8220;randes&#8221;.  La mateixa vil·la de Talavera comptava amb una important indústria de puntes de coixí en fil d&#8221;or i plata que va influir en aquesta sèrie. En escasses ocasions es van utilitzar sanefes de puntes de coixí per emmarcar escenes historiades plasmades sobre rajoles. Aquesta ornamentació també es va fer en blau i policromia.</p>

<!-- This site is optimized with the Yoast SEO plugin v21.7 - https://yoast.com/wordpress/plugins/seo/ -->
<title>Sèrie de les puntes de coixí - Arxius Oberts</title>
<meta name="robots" content="index, follow, max-snippet:-1, max-image-preview:large, max-video-preview:-1" />
<link rel="canonical" href="https://arxiusoberts.gir.cat/ca/arxiu/serie-de-les-puntes-de-coixi/" />
<meta property="og:locale" content="ca_ES" />
<meta property="og:type" content="article" />
<meta property="og:title" content="Sèrie de les puntes de coixí - Arxius Oberts" />
<meta property="og:description" content="Gerra de pico de forma inspirada en un model d&#8217;orfebrería de principi del segle XVII. Pisa decorada en morat i blau amb sanefa de puntes de coixí, a la vora i a la part inferior del cos. Centre amb escut coronat i envoltat de volutes, ocupat amb la creu de l&#8217;ordre de Santiago i la [&hellip;]" />
<meta property="og:url" content="https://arxiusoberts.gir.cat/ca/arxiu/serie-de-les-puntes-de-coixi/" />
<meta property="og:site_name" content="Arxius Oberts" />
<meta property="article:modified_time" content="2022-02-03T17:05:55+00:00" />
<meta property="og:image" content="https://arxiusoberts.gir.cat/wp-content/uploads/2021/12/https3A2F2Fcoeli-icub-hum.s3-eu-west-1.amazonaws.com2Fpublic2FHeritageObject2FH3800782F8e39e600af3bc38b15046dd195b3be3e2Ffull2Foriginal2F02Fdefault.jpg" />
	<meta property="og:image:width" content="800" />
	<meta property="og:image:height" content="800" />
	<meta property="og:image:type" content="image/jpeg" />
<meta name="twitter:card" content="summary_large_image" />
<meta name="twitter:label1" content="Temps estimat de lectura" />
	<meta name="twitter:data1" content="1 minut" />
<script type="application/ld+json" class="yoast-schema-graph">{"@context":"https://schema.org","@graph":[{"@type":"WebPage","@id":"https://arxiusoberts.gir.cat/ca/arxiu/serie-de-les-puntes-de-coixi/","url":"https://arxiusoberts.gir.cat/ca/arxiu/serie-de-les-puntes-de-coixi/","name":"Sèrie de les puntes de coixí - Arxius Oberts","isPartOf":{"@id":"https://arxiusoberts.gir.cat/ca/#website"},"datePublished":"2021-12-12T22:12:15+00:00","dateModified":"2022-02-03T17:05:55+00:00","breadcrumb":{"@id":"https://arxiusoberts.gir.cat/ca/arxiu/serie-de-les-puntes-de-coixi/#breadcrumb"},"inLanguage":"ca","potentialAction":[{"@type":"ReadAction","target":["https://arxiusoberts.gir.cat/ca/arxiu/serie-de-les-puntes-de-coixi/"]}]},{"@type":"BreadcrumbList","@id":"https://arxiusoberts.gir.cat/ca/arxiu/serie-de-les-puntes-de-coixi/#breadcrumb","itemListElement":[{"@type":"ListItem","position":1,"name":"Inici","item":"https://arxiusoberts.gir.cat/ca/"},{"@type":"ListItem","position":2,"name":"Sèrie de les puntes de coixí"}]},{"@type":"WebSite","@id":"https://arxiusoberts.gir.cat/ca/#website","url":"https://arxiusoberts.gir.cat/ca/","name":"Arxius Oberts","description":"Narratives comunitàries de Barcelona","potentialAction":[{"@type":"SearchAction","target":{"@type":"EntryPoint","urlTemplate":"https://arxiusoberts.gir.cat/ca/?s={search_term_string}"},"query-input":"required name=search_term_string"}],"inLanguage":"ca"}]}</script>
<!-- / Yoast SEO plugin. -->

Sèrie de les puntes de coixí - Arxius Oberts

Gerra de pico de forma inspirada en un model d&#8217;orfebrería de principi del segle XVII. Pisa decorada en morat i blau amb sanefa de puntes de coixí, a la vora i a la part inferior del cos. Centre amb escut coronat i envoltat de volutes, ocupat amb la creu de l&#8217;ordre de Santiago i la [&hellip;]

Narratives comunitàries de Barcelona
