 {"id":2934,"date":"2021-12-13T00:12:14","date_gmt":"2021-12-12T22:12:14","guid":{"rendered":"http:\/\/localhost\/arxiusoberts.cat\/ca\/?post_type=arxius&#038;p=2934"},"modified":"2022-02-03T19:05:55","modified_gmt":"2022-02-03T17:05:55","slug":"alfama","status":"publish","type":"arxius","link":"https:\/\/arxiusoberts.gir.cat\/ca\/arxiu\/alfama\/","title":{"rendered":"Alfama"},"content":{"rendered":"<p>Aquest llum de peu Alfama forma part de la s\u00e8rie de llums que l\u2019equip d\u2019arquitectes, dissenyadors i interioristes Llu\u00eds Pau, Josep Martorell, Oriol Bohigas i David Mackay (integrants d\u2019IDP) van idear l\u2019any 1976. El primer model va ser de sostre i va donar nom al llum, dissenyat expressament per a una casa particular de Sant Jordi d\u2019Alfama (urbanitzaci\u00f3 de l\u2019Ametlla de Mar) on l\u2019equip d\u2019arquitectura MBM havia constru\u00eft dues cases i IDP (aleshores PAU-MBM) en va fer l\u2019interiorisme. El model de sostre va donar pas al llum de peu (aquest n\u2019\u00e9s el prototip) i tamb\u00e9 al de paret que es col\u00b7locaren en un habitatge del carrer Sor Eul\u00e0lia d\u2019Anzizu de Barcelona.<\/p>\n<p>La s\u00e8rie pretenia utilitzar conjuntament dos tipus d\u2019il\u00b7luminaci\u00f3: una directa amb deu l\u00e0mpades de linestra, i una d\u2019indirecta mitjan\u00e7ant un fluorescent situat a la part posterior de la caixa, i que b\u00e9 pot oferir llum blanca, de color o negra segons la varietat escollida.<\/p>\n<p>El llum est\u00e0 format per una base circular de planxa d\u2019acer de color negre, travessada per una franja blanca en la qual hi ha els interruptors. D\u2019aqu\u00ed parteix el peu, de perfil rectangular, que suporta la caixa del llum on s\u2019hi distribueixen els deu portal\u00e0mpades de les linestres, que poden ser de 30 cm de llargada (35 W) o b\u00e9 de 50 cm (60 W), i que es poden encendre totes alhora o b\u00e9 alternades. La caixa, en el punt on descansa sobre el peu, pot oscil\u00b7lar per orientar la il\u00b7luminaci\u00f3 a voluntat.<\/p>\n<p>Rossend Casanova<\/p>\n","protected":false},"featured_media":2935,"template":"","yoast_head":"<!-- This site is optimized with the Yoast SEO plugin v21.7 - https:\/\/yoast.com\/wordpress\/plugins\/seo\/ -->\n<title>Alfama - Arxius Oberts<\/title>\n<meta name=\"robots\" content=\"index, follow, max-snippet:-1, max-image-preview:large, max-video-preview:-1\" \/>\n<link rel=\"canonical\" href=\"https:\/\/arxiusoberts.gir.cat\/ca\/arxiu\/alfama\/\" \/>\n<meta property=\"og:locale\" content=\"ca_ES\" \/>\n<meta property=\"og:type\" content=\"article\" \/>\n<meta property=\"og:title\" content=\"Alfama - Arxius Oberts\" \/>\n<meta property=\"og:description\" content=\"Aquest llum de peu Alfama forma part de la s\u00e8rie de llums que l\u2019equip d\u2019arquitectes, dissenyadors i interioristes Llu\u00eds Pau, Josep Martorell, Oriol Bohigas i David Mackay (integrants d\u2019IDP) van idear l\u2019any 1976. El primer model va ser de sostre i va donar nom al llum, dissenyat expressament per a una casa particular de Sant [&hellip;]\" \/>\n<meta property=\"og:url\" content=\"https:\/\/arxiusoberts.gir.cat\/ca\/arxiu\/alfama\/\" \/>\n<meta property=\"og:site_name\" content=\"Arxius Oberts\" \/>\n<meta property=\"article:modified_time\" content=\"2022-02-03T17:05:55+00:00\" \/>\n<meta property=\"og:image\" content=\"https:\/\/arxiusoberts.gir.cat\/wp-content\/uploads\/2021\/12\/https3A2F2Fcoeli-icub-hum.s3-eu-west-1.amazonaws.com2Fpublic2FHeritageObject2FH6693422Fa03922f28c543377279395bec1abd1cd2Ffull2Foriginal2F02Fdefault.jpg\" \/>\n\t<meta property=\"og:image:width\" content=\"519\" \/>\n\t<meta property=\"og:image:height\" content=\"800\" \/>\n\t<meta property=\"og:image:type\" content=\"image\/jpeg\" \/>\n<meta name=\"twitter:card\" content=\"summary_large_image\" \/>\n<meta name=\"twitter:label1\" content=\"Temps estimat de lectura\" \/>\n\t<meta name=\"twitter:data1\" content=\"1 minut\" \/>\n<script type=\"application\/ld+json\" class=\"yoast-schema-graph\">{\"@context\":\"https:\/\/schema.org\",\"@graph\":[{\"@type\":\"WebPage\",\"@id\":\"https:\/\/arxiusoberts.gir.cat\/ca\/arxiu\/alfama\/\",\"url\":\"https:\/\/arxiusoberts.gir.cat\/ca\/arxiu\/alfama\/\",\"name\":\"Alfama - Arxius Oberts\",\"isPartOf\":{\"@id\":\"https:\/\/arxiusoberts.gir.cat\/ca\/#website\"},\"datePublished\":\"2021-12-12T22:12:14+00:00\",\"dateModified\":\"2022-02-03T17:05:55+00:00\",\"breadcrumb\":{\"@id\":\"https:\/\/arxiusoberts.gir.cat\/ca\/arxiu\/alfama\/#breadcrumb\"},\"inLanguage\":\"ca\",\"potentialAction\":[{\"@type\":\"ReadAction\",\"target\":[\"https:\/\/arxiusoberts.gir.cat\/ca\/arxiu\/alfama\/\"]}]},{\"@type\":\"BreadcrumbList\",\"@id\":\"https:\/\/arxiusoberts.gir.cat\/ca\/arxiu\/alfama\/#breadcrumb\",\"itemListElement\":[{\"@type\":\"ListItem\",\"position\":1,\"name\":\"Inici\",\"item\":\"https:\/\/arxiusoberts.gir.cat\/ca\/\"},{\"@type\":\"ListItem\",\"position\":2,\"name\":\"Alfama\"}]},{\"@type\":\"WebSite\",\"@id\":\"https:\/\/arxiusoberts.gir.cat\/ca\/#website\",\"url\":\"https:\/\/arxiusoberts.gir.cat\/ca\/\",\"name\":\"Arxius Oberts\",\"description\":\"Narratives comunit\u00e0ries de Barcelona\",\"potentialAction\":[{\"@type\":\"SearchAction\",\"target\":{\"@type\":\"EntryPoint\",\"urlTemplate\":\"https:\/\/arxiusoberts.gir.cat\/ca\/?s={search_term_string}\"},\"query-input\":\"required name=search_term_string\"}],\"inLanguage\":\"ca\"}]}<\/script>\n<!-- \/ Yoast SEO plugin. -->","yoast_head_json":{"title":"Alfama - Arxius Oberts","robots":{"index":"index","follow":"follow","max-snippet":"max-snippet:-1","max-image-preview":"max-image-preview:large","max-video-preview":"max-video-preview:-1"},"canonical":"https:\/\/arxiusoberts.gir.cat\/ca\/arxiu\/alfama\/","og_locale":"ca_ES","og_type":"article","og_title":"Alfama - Arxius Oberts","og_description":"Aquest llum de peu Alfama forma part de la s\u00e8rie de llums que l\u2019equip d\u2019arquitectes, dissenyadors i interioristes Llu\u00eds Pau, Josep Martorell, Oriol Bohigas i David Mackay (integrants d\u2019IDP) van idear l\u2019any 1976. El primer model va ser de sostre i va donar nom al llum, dissenyat expressament per a una casa particular de Sant [&hellip;]","og_url":"https:\/\/arxiusoberts.gir.cat\/ca\/arxiu\/alfama\/","og_site_name":"Arxius Oberts","article_modified_time":"2022-02-03T17:05:55+00:00","og_image":[{"width":519,"height":800,"url":"https:\/\/arxiusoberts.gir.cat\/wp-content\/uploads\/2021\/12\/https3A2F2Fcoeli-icub-hum.s3-eu-west-1.amazonaws.com2Fpublic2FHeritageObject2FH6693422Fa03922f28c543377279395bec1abd1cd2Ffull2Foriginal2F02Fdefault.jpg","type":"image\/jpeg"}],"twitter_card":"summary_large_image","twitter_misc":{"Temps estimat de lectura":"1 minut"},"schema":{"@context":"https:\/\/schema.org","@graph":[{"@type":"WebPage","@id":"https:\/\/arxiusoberts.gir.cat\/ca\/arxiu\/alfama\/","url":"https:\/\/arxiusoberts.gir.cat\/ca\/arxiu\/alfama\/","name":"Alfama - Arxius Oberts","isPartOf":{"@id":"https:\/\/arxiusoberts.gir.cat\/ca\/#website"},"datePublished":"2021-12-12T22:12:14+00:00","dateModified":"2022-02-03T17:05:55+00:00","breadcrumb":{"@id":"https:\/\/arxiusoberts.gir.cat\/ca\/arxiu\/alfama\/#breadcrumb"},"inLanguage":"ca","potentialAction":[{"@type":"ReadAction","target":["https:\/\/arxiusoberts.gir.cat\/ca\/arxiu\/alfama\/"]}]},{"@type":"BreadcrumbList","@id":"https:\/\/arxiusoberts.gir.cat\/ca\/arxiu\/alfama\/#breadcrumb","itemListElement":[{"@type":"ListItem","position":1,"name":"Inici","item":"https:\/\/arxiusoberts.gir.cat\/ca\/"},{"@type":"ListItem","position":2,"name":"Alfama"}]},{"@type":"WebSite","@id":"https:\/\/arxiusoberts.gir.cat\/ca\/#website","url":"https:\/\/arxiusoberts.gir.cat\/ca\/","name":"Arxius Oberts","description":"Narratives comunit\u00e0ries de Barcelona","potentialAction":[{"@type":"SearchAction","target":{"@type":"EntryPoint","urlTemplate":"https:\/\/arxiusoberts.gir.cat\/ca\/?s={search_term_string}"},"query-input":"required name=search_term_string"}],"inLanguage":"ca"}]}},"_links":{"self":[{"href":"https:\/\/arxiusoberts.gir.cat\/ca\/wp-json\/wp\/v2\/arxius\/2934"}],"collection":[{"href":"https:\/\/arxiusoberts.gir.cat\/ca\/wp-json\/wp\/v2\/arxius"}],"about":[{"href":"https:\/\/arxiusoberts.gir.cat\/ca\/wp-json\/wp\/v2\/types\/arxius"}],"wp:featuredmedia":[{"embeddable":true,"href":"https:\/\/arxiusoberts.gir.cat\/ca\/wp-json\/wp\/v2\/media\/2935"}],"wp:attachment":[{"href":"https:\/\/arxiusoberts.gir.cat\/ca\/wp-json\/wp\/v2\/media?parent=2934"}],"curies":[{"name":"wp","href":"https:\/\/api.w.org\/{rel}","templated":true}]}}

<p>Aquest llum de peu Alfama forma part de la sèrie de llums que l’equip d’arquitectes, dissenyadors i interioristes Lluís Pau, Josep Martorell, Oriol Bohigas i David Mackay (integrants d’IDP) van idear l’any 1976. El primer model va ser de sostre i va donar nom al llum, dissenyat expressament per a una casa particular de Sant Jordi d’Alfama (urbanització de l’Ametlla de Mar) on l’equip d’arquitectura MBM havia construït dues cases i IDP (aleshores PAU-MBM) en va fer l’interiorisme. El model de sostre va donar pas al llum de peu (aquest n’és el prototip) i també al de paret que es col·locaren en un habitatge del carrer Sor Eulàlia d’Anzizu de Barcelona.</p>
<p>La sèrie pretenia utilitzar conjuntament dos tipus d’il·luminació: una directa amb deu làmpades de linestra, i una d’indirecta mitjançant un fluorescent situat a la part posterior de la caixa, i que bé pot oferir llum blanca, de color o negra segons la varietat escollida.</p>
<p>El llum està format per una base circular de planxa d’acer de color negre, travessada per una franja blanca en la qual hi ha els interruptors. D’aquí parteix el peu, de perfil rectangular, que suporta la caixa del llum on s’hi distribueixen els deu portalàmpades de les linestres, que poden ser de 30 cm de llargada (35 W) o bé de 50 cm (60 W), i que es poden encendre totes alhora o bé alternades. La caixa, en el punt on descansa sobre el peu, pot oscil·lar per orientar la il·luminació a voluntat.</p>
<p>Rossend Casanova</p>

<!-- This site is optimized with the Yoast SEO plugin v21.7 - https://yoast.com/wordpress/plugins/seo/ -->
<title>Alfama - Arxius Oberts</title>
<meta name="robots" content="index, follow, max-snippet:-1, max-image-preview:large, max-video-preview:-1" />
<link rel="canonical" href="https://arxiusoberts.gir.cat/ca/arxiu/alfama/" />
<meta property="og:locale" content="ca_ES" />
<meta property="og:type" content="article" />
<meta property="og:title" content="Alfama - Arxius Oberts" />
<meta property="og:description" content="Aquest llum de peu Alfama forma part de la sèrie de llums que l’equip d’arquitectes, dissenyadors i interioristes Lluís Pau, Josep Martorell, Oriol Bohigas i David Mackay (integrants d’IDP) van idear l’any 1976. El primer model va ser de sostre i va donar nom al llum, dissenyat expressament per a una casa particular de Sant [&hellip;]" />
<meta property="og:url" content="https://arxiusoberts.gir.cat/ca/arxiu/alfama/" />
<meta property="og:site_name" content="Arxius Oberts" />
<meta property="article:modified_time" content="2022-02-03T17:05:55+00:00" />
<meta property="og:image" content="https://arxiusoberts.gir.cat/wp-content/uploads/2021/12/https3A2F2Fcoeli-icub-hum.s3-eu-west-1.amazonaws.com2Fpublic2FHeritageObject2FH6693422Fa03922f28c543377279395bec1abd1cd2Ffull2Foriginal2F02Fdefault.jpg" />
	<meta property="og:image:width" content="519" />
	<meta property="og:image:height" content="800" />
	<meta property="og:image:type" content="image/jpeg" />
<meta name="twitter:card" content="summary_large_image" />
<meta name="twitter:label1" content="Temps estimat de lectura" />
	<meta name="twitter:data1" content="1 minut" />
<script type="application/ld+json" class="yoast-schema-graph">{"@context":"https://schema.org","@graph":[{"@type":"WebPage","@id":"https://arxiusoberts.gir.cat/ca/arxiu/alfama/","url":"https://arxiusoberts.gir.cat/ca/arxiu/alfama/","name":"Alfama - Arxius Oberts","isPartOf":{"@id":"https://arxiusoberts.gir.cat/ca/#website"},"datePublished":"2021-12-12T22:12:14+00:00","dateModified":"2022-02-03T17:05:55+00:00","breadcrumb":{"@id":"https://arxiusoberts.gir.cat/ca/arxiu/alfama/#breadcrumb"},"inLanguage":"ca","potentialAction":[{"@type":"ReadAction","target":["https://arxiusoberts.gir.cat/ca/arxiu/alfama/"]}]},{"@type":"BreadcrumbList","@id":"https://arxiusoberts.gir.cat/ca/arxiu/alfama/#breadcrumb","itemListElement":[{"@type":"ListItem","position":1,"name":"Inici","item":"https://arxiusoberts.gir.cat/ca/"},{"@type":"ListItem","position":2,"name":"Alfama"}]},{"@type":"WebSite","@id":"https://arxiusoberts.gir.cat/ca/#website","url":"https://arxiusoberts.gir.cat/ca/","name":"Arxius Oberts","description":"Narratives comunitàries de Barcelona","potentialAction":[{"@type":"SearchAction","target":{"@type":"EntryPoint","urlTemplate":"https://arxiusoberts.gir.cat/ca/?s={search_term_string}"},"query-input":"required name=search_term_string"}],"inLanguage":"ca"}]}</script>
<!-- / Yoast SEO plugin. -->

Aquest llum de peu Alfama forma part de la sèrie de llums que l’equip d’arquitectes, dissenyadors i interioristes Lluís Pau, Josep Martorell, Oriol Bohigas i David Mackay (integrants d’IDP) van idear l’any 1976. El primer model va ser de sostre i va donar nom al llum, dissenyat expressament per a una casa particular de Sant [&hellip;]

Narratives comunitàries de Barcelona
