 {"id":3116,"date":"2022-01-18T12:27:43","date_gmt":"2022-01-18T10:27:43","guid":{"rendered":"http:\/\/localhost\/arxiusoberts.cat\/ca\/?post_type=arxius&#038;p=3116"},"modified":"2022-02-15T15:32:05","modified_gmt":"2022-02-15T13:32:05","slug":"placa-de-langel-i-carrer-de-la-boria","status":"publish","type":"arxius","link":"https:\/\/arxiusoberts.gir.cat\/ca\/arxiu\/placa-de-langel-i-carrer-de-la-boria\/","title":{"rendered":"Pla\u00e7a de l&#8217;\u00c0ngel i carrer de la B\u00f2ria"},"content":{"rendered":"<p>Fotografia presentada al concurs que l&#8217;Ajuntament de Barcelona va organitzar amb l&#8217;objectiu de documentar els carrers i els habitatges que havien de desapar\u00e8ixer, total o parcialment, amb l&#8217;obertura de la Via Laietana. Pla\u00e7a de l&#8217;\u00c0ngel i carrer de la B\u00f2ria. Destaca el cartell publicitari de l&#8217;estudi fotogr\u00e0fic Napoleon<\/p>\n","protected":false},"featured_media":3117,"template":"","yoast_head":"<!-- This site is optimized with the Yoast SEO plugin v21.7 - https:\/\/yoast.com\/wordpress\/plugins\/seo\/ -->\n<title>Pla\u00e7a de l&#039;\u00c0ngel i carrer de la B\u00f2ria - Arxius Oberts<\/title>\n<meta name=\"robots\" content=\"index, follow, max-snippet:-1, max-image-preview:large, max-video-preview:-1\" \/>\n<link rel=\"canonical\" href=\"https:\/\/arxiusoberts.gir.cat\/ca\/arxiu\/placa-de-langel-i-carrer-de-la-boria\/\" \/>\n<meta property=\"og:locale\" content=\"ca_ES\" \/>\n<meta property=\"og:type\" content=\"article\" \/>\n<meta property=\"og:title\" content=\"Pla\u00e7a de l&#039;\u00c0ngel i carrer de la B\u00f2ria - Arxius Oberts\" \/>\n<meta property=\"og:description\" content=\"Fotografia presentada al concurs que l&#8217;Ajuntament de Barcelona va organitzar amb l&#8217;objectiu de documentar els carrers i els habitatges que havien de desapar\u00e8ixer, total o parcialment, amb l&#8217;obertura de la Via Laietana. Pla\u00e7a de l&#8217;\u00c0ngel i carrer de la B\u00f2ria. Destaca el cartell publicitari de l&#8217;estudi fotogr\u00e0fic Napoleon\" \/>\n<meta property=\"og:url\" content=\"https:\/\/arxiusoberts.gir.cat\/ca\/arxiu\/placa-de-langel-i-carrer-de-la-boria\/\" \/>\n<meta property=\"og:site_name\" content=\"Arxius Oberts\" \/>\n<meta property=\"article:modified_time\" content=\"2022-02-15T13:32:05+00:00\" \/>\n<meta property=\"og:image\" content=\"https:\/\/arxiusoberts.gir.cat\/wp-content\/uploads\/2022\/01\/pl_angel_cr_de_la_boira.jpg\" \/>\n\t<meta property=\"og:image:width\" content=\"1191\" \/>\n\t<meta property=\"og:image:height\" content=\"862\" \/>\n\t<meta property=\"og:image:type\" content=\"image\/jpeg\" \/>\n<meta name=\"twitter:card\" content=\"summary_large_image\" \/>\n<script type=\"application\/ld+json\" class=\"yoast-schema-graph\">{\"@context\":\"https:\/\/schema.org\",\"@graph\":[{\"@type\":\"WebPage\",\"@id\":\"https:\/\/arxiusoberts.gir.cat\/ca\/arxiu\/placa-de-langel-i-carrer-de-la-boria\/\",\"url\":\"https:\/\/arxiusoberts.gir.cat\/ca\/arxiu\/placa-de-langel-i-carrer-de-la-boria\/\",\"name\":\"Pla\u00e7a de l'\u00c0ngel i carrer de la B\u00f2ria - Arxius Oberts\",\"isPartOf\":{\"@id\":\"https:\/\/arxiusoberts.gir.cat\/ca\/#website\"},\"datePublished\":\"2022-01-18T10:27:43+00:00\",\"dateModified\":\"2022-02-15T13:32:05+00:00\",\"breadcrumb\":{\"@id\":\"https:\/\/arxiusoberts.gir.cat\/ca\/arxiu\/placa-de-langel-i-carrer-de-la-boria\/#breadcrumb\"},\"inLanguage\":\"ca\",\"potentialAction\":[{\"@type\":\"ReadAction\",\"target\":[\"https:\/\/arxiusoberts.gir.cat\/ca\/arxiu\/placa-de-langel-i-carrer-de-la-boria\/\"]}]},{\"@type\":\"BreadcrumbList\",\"@id\":\"https:\/\/arxiusoberts.gir.cat\/ca\/arxiu\/placa-de-langel-i-carrer-de-la-boria\/#breadcrumb\",\"itemListElement\":[{\"@type\":\"ListItem\",\"position\":1,\"name\":\"Inici\",\"item\":\"https:\/\/arxiusoberts.gir.cat\/ca\/\"},{\"@type\":\"ListItem\",\"position\":2,\"name\":\"Pla\u00e7a de l&#8217;\u00c0ngel i carrer de la B\u00f2ria\"}]},{\"@type\":\"WebSite\",\"@id\":\"https:\/\/arxiusoberts.gir.cat\/ca\/#website\",\"url\":\"https:\/\/arxiusoberts.gir.cat\/ca\/\",\"name\":\"Arxius Oberts\",\"description\":\"Narratives comunit\u00e0ries de Barcelona\",\"potentialAction\":[{\"@type\":\"SearchAction\",\"target\":{\"@type\":\"EntryPoint\",\"urlTemplate\":\"https:\/\/arxiusoberts.gir.cat\/ca\/?s={search_term_string}\"},\"query-input\":\"required name=search_term_string\"}],\"inLanguage\":\"ca\"}]}<\/script>\n<!-- \/ Yoast SEO plugin. -->","yoast_head_json":{"title":"Pla\u00e7a de l'\u00c0ngel i carrer de la B\u00f2ria - Arxius Oberts","robots":{"index":"index","follow":"follow","max-snippet":"max-snippet:-1","max-image-preview":"max-image-preview:large","max-video-preview":"max-video-preview:-1"},"canonical":"https:\/\/arxiusoberts.gir.cat\/ca\/arxiu\/placa-de-langel-i-carrer-de-la-boria\/","og_locale":"ca_ES","og_type":"article","og_title":"Pla\u00e7a de l'\u00c0ngel i carrer de la B\u00f2ria - Arxius Oberts","og_description":"Fotografia presentada al concurs que l&#8217;Ajuntament de Barcelona va organitzar amb l&#8217;objectiu de documentar els carrers i els habitatges que havien de desapar\u00e8ixer, total o parcialment, amb l&#8217;obertura de la Via Laietana. Pla\u00e7a de l&#8217;\u00c0ngel i carrer de la B\u00f2ria. Destaca el cartell publicitari de l&#8217;estudi fotogr\u00e0fic Napoleon","og_url":"https:\/\/arxiusoberts.gir.cat\/ca\/arxiu\/placa-de-langel-i-carrer-de-la-boria\/","og_site_name":"Arxius Oberts","article_modified_time":"2022-02-15T13:32:05+00:00","og_image":[{"width":1191,"height":862,"url":"https:\/\/arxiusoberts.gir.cat\/wp-content\/uploads\/2022\/01\/pl_angel_cr_de_la_boira.jpg","type":"image\/jpeg"}],"twitter_card":"summary_large_image","schema":{"@context":"https:\/\/schema.org","@graph":[{"@type":"WebPage","@id":"https:\/\/arxiusoberts.gir.cat\/ca\/arxiu\/placa-de-langel-i-carrer-de-la-boria\/","url":"https:\/\/arxiusoberts.gir.cat\/ca\/arxiu\/placa-de-langel-i-carrer-de-la-boria\/","name":"Pla\u00e7a de l'\u00c0ngel i carrer de la B\u00f2ria - Arxius Oberts","isPartOf":{"@id":"https:\/\/arxiusoberts.gir.cat\/ca\/#website"},"datePublished":"2022-01-18T10:27:43+00:00","dateModified":"2022-02-15T13:32:05+00:00","breadcrumb":{"@id":"https:\/\/arxiusoberts.gir.cat\/ca\/arxiu\/placa-de-langel-i-carrer-de-la-boria\/#breadcrumb"},"inLanguage":"ca","potentialAction":[{"@type":"ReadAction","target":["https:\/\/arxiusoberts.gir.cat\/ca\/arxiu\/placa-de-langel-i-carrer-de-la-boria\/"]}]},{"@type":"BreadcrumbList","@id":"https:\/\/arxiusoberts.gir.cat\/ca\/arxiu\/placa-de-langel-i-carrer-de-la-boria\/#breadcrumb","itemListElement":[{"@type":"ListItem","position":1,"name":"Inici","item":"https:\/\/arxiusoberts.gir.cat\/ca\/"},{"@type":"ListItem","position":2,"name":"Pla\u00e7a de l&#8217;\u00c0ngel i carrer de la B\u00f2ria"}]},{"@type":"WebSite","@id":"https:\/\/arxiusoberts.gir.cat\/ca\/#website","url":"https:\/\/arxiusoberts.gir.cat\/ca\/","name":"Arxius Oberts","description":"Narratives comunit\u00e0ries de Barcelona","potentialAction":[{"@type":"SearchAction","target":{"@type":"EntryPoint","urlTemplate":"https:\/\/arxiusoberts.gir.cat\/ca\/?s={search_term_string}"},"query-input":"required name=search_term_string"}],"inLanguage":"ca"}]}},"_links":{"self":[{"href":"https:\/\/arxiusoberts.gir.cat\/ca\/wp-json\/wp\/v2\/arxius\/3116"}],"collection":[{"href":"https:\/\/arxiusoberts.gir.cat\/ca\/wp-json\/wp\/v2\/arxius"}],"about":[{"href":"https:\/\/arxiusoberts.gir.cat\/ca\/wp-json\/wp\/v2\/types\/arxius"}],"wp:featuredmedia":[{"embeddable":true,"href":"https:\/\/arxiusoberts.gir.cat\/ca\/wp-json\/wp\/v2\/media\/3117"}],"wp:attachment":[{"href":"https:\/\/arxiusoberts.gir.cat\/ca\/wp-json\/wp\/v2\/media?parent=3116"}],"curies":[{"name":"wp","href":"https:\/\/api.w.org\/{rel}","templated":true}]}}

Plaça de l&#8217;Àngel i carrer de la Bòria

<p>Fotografia presentada al concurs que l&#8217;Ajuntament de Barcelona va organitzar amb l&#8217;objectiu de documentar els carrers i els habitatges que havien de desaparèixer, total o parcialment, amb l&#8217;obertura de la Via Laietana. Plaça de l&#8217;Àngel i carrer de la Bòria. Destaca el cartell publicitari de l&#8217;estudi fotogràfic Napoleon</p>

<!-- This site is optimized with the Yoast SEO plugin v21.7 - https://yoast.com/wordpress/plugins/seo/ -->
<title>Plaça de l&#039;Àngel i carrer de la Bòria - Arxius Oberts</title>
<meta name="robots" content="index, follow, max-snippet:-1, max-image-preview:large, max-video-preview:-1" />
<link rel="canonical" href="https://arxiusoberts.gir.cat/ca/arxiu/placa-de-langel-i-carrer-de-la-boria/" />
<meta property="og:locale" content="ca_ES" />
<meta property="og:type" content="article" />
<meta property="og:title" content="Plaça de l&#039;Àngel i carrer de la Bòria - Arxius Oberts" />
<meta property="og:description" content="Fotografia presentada al concurs que l&#8217;Ajuntament de Barcelona va organitzar amb l&#8217;objectiu de documentar els carrers i els habitatges que havien de desaparèixer, total o parcialment, amb l&#8217;obertura de la Via Laietana. Plaça de l&#8217;Àngel i carrer de la Bòria. Destaca el cartell publicitari de l&#8217;estudi fotogràfic Napoleon" />
<meta property="og:url" content="https://arxiusoberts.gir.cat/ca/arxiu/placa-de-langel-i-carrer-de-la-boria/" />
<meta property="og:site_name" content="Arxius Oberts" />
<meta property="article:modified_time" content="2022-02-15T13:32:05+00:00" />
<meta property="og:image" content="https://arxiusoberts.gir.cat/wp-content/uploads/2022/01/pl_angel_cr_de_la_boira.jpg" />
	<meta property="og:image:width" content="1191" />
	<meta property="og:image:height" content="862" />
	<meta property="og:image:type" content="image/jpeg" />
<meta name="twitter:card" content="summary_large_image" />
<script type="application/ld+json" class="yoast-schema-graph">{"@context":"https://schema.org","@graph":[{"@type":"WebPage","@id":"https://arxiusoberts.gir.cat/ca/arxiu/placa-de-langel-i-carrer-de-la-boria/","url":"https://arxiusoberts.gir.cat/ca/arxiu/placa-de-langel-i-carrer-de-la-boria/","name":"Plaça de l'Àngel i carrer de la Bòria - Arxius Oberts","isPartOf":{"@id":"https://arxiusoberts.gir.cat/ca/#website"},"datePublished":"2022-01-18T10:27:43+00:00","dateModified":"2022-02-15T13:32:05+00:00","breadcrumb":{"@id":"https://arxiusoberts.gir.cat/ca/arxiu/placa-de-langel-i-carrer-de-la-boria/#breadcrumb"},"inLanguage":"ca","potentialAction":[{"@type":"ReadAction","target":["https://arxiusoberts.gir.cat/ca/arxiu/placa-de-langel-i-carrer-de-la-boria/"]}]},{"@type":"BreadcrumbList","@id":"https://arxiusoberts.gir.cat/ca/arxiu/placa-de-langel-i-carrer-de-la-boria/#breadcrumb","itemListElement":[{"@type":"ListItem","position":1,"name":"Inici","item":"https://arxiusoberts.gir.cat/ca/"},{"@type":"ListItem","position":2,"name":"Plaça de l&#8217;Àngel i carrer de la Bòria"}]},{"@type":"WebSite","@id":"https://arxiusoberts.gir.cat/ca/#website","url":"https://arxiusoberts.gir.cat/ca/","name":"Arxius Oberts","description":"Narratives comunitàries de Barcelona","potentialAction":[{"@type":"SearchAction","target":{"@type":"EntryPoint","urlTemplate":"https://arxiusoberts.gir.cat/ca/?s={search_term_string}"},"query-input":"required name=search_term_string"}],"inLanguage":"ca"}]}</script>
<!-- / Yoast SEO plugin. -->

Plaça de l'Àngel i carrer de la Bòria - Arxius Oberts

Fotografia presentada al concurs que l&#8217;Ajuntament de Barcelona va organitzar amb l&#8217;objectiu de documentar els carrers i els habitatges que havien de desaparèixer, total o parcialment, amb l&#8217;obertura de la Via Laietana. Plaça de l&#8217;Àngel i carrer de la Bòria. Destaca el cartell publicitari de l&#8217;estudi fotogràfic Napoleon

Narratives comunitàries de Barcelona
