 {"id":4460,"date":"2023-10-24T16:28:01","date_gmt":"2023-10-24T14:28:01","guid":{"rendered":"https:\/\/arxiusoberts.gir.cat\/ca\/?post_type=expo-virtual&#038;p=4460"},"modified":"2023-12-18T16:25:28","modified_gmt":"2023-12-18T14:25:28","slug":"40-anys-de-cartelleria-a-lateneu-9-barris","status":"publish","type":"expo-virtual","link":"https:\/\/arxiusoberts.gir.cat\/ca\/expo-virtual\/40-anys-de-cartelleria-a-lateneu-9-barris\/","title":{"rendered":"40 anys de cartelleria a l&#8217;Ateneu 9 Barris"},"content":{"rendered":"<p>Retrospectiva dels 40 anys de circ a l&#8217;Ateneu 9 Barris.<\/p>\n<p>La producci\u00f3 gr\u00e0fica de l\u2019Ateneu durant la seva hist\u00f2ria ha estat impressionat i de molta qualitat.<\/p>\n<p>Nombroses artistes han contribu\u00eft al llarg dels anys a omplir les parets del barri i la ciutat amb la programaci\u00f3 de l\u2019Ateneu.<\/p>\n<p>Durant aquest exercici de mem\u00f2ria hist\u00f2rica i col\u00b7lectiva estem desenvolupant una tasca de digitalitzaci\u00f3 de tots els cartells que hem anant trobant al nostre arxiu i que ens permet reconstruir les l\u00ednies de programaci\u00f3 del projecte.<\/p>\n<p>Aqu\u00ed us oferim una mostra de la cartelleria digitalitzada organitzada cronol\u00f2gicament.<\/p>\n","protected":false},"featured_media":4556,"template":"","class_list":["post-4460","expo-virtual","type-expo-virtual","status-publish","has-post-thumbnail","hentry","districte-ciutat-vella","tematica-fotografia","tematica-historia-de-la-ciutat"],"yoast_head":"<!-- This site is optimized with the Yoast SEO plugin v28.2 - https:\/\/yoast.com\/product\/yoast-seo-wordpress\/ -->\n<title>40 anys de cartelleria a l&#039;Ateneu 9 Barris - Arxius Oberts<\/title>\n<meta name=\"robots\" content=\"index, follow, max-snippet:-1, max-image-preview:large, max-video-preview:-1\" \/>\n<link rel=\"canonical\" href=\"https:\/\/arxiusoberts.gir.cat\/ca\/expo-virtual\/40-anys-de-cartelleria-a-lateneu-9-barris\/\" \/>\n<meta property=\"og:locale\" content=\"ca_ES\" \/>\n<meta property=\"og:type\" content=\"article\" \/>\n<meta property=\"og:title\" content=\"40 anys de cartelleria a l&#039;Ateneu 9 Barris - Arxius Oberts\" \/>\n<meta property=\"og:description\" content=\"Retrospectiva dels 40 anys de circ a l&#8217;Ateneu 9 Barris. La producci\u00f3 gr\u00e0fica de l\u2019Ateneu durant la seva hist\u00f2ria ha estat impressionat i de molta qualitat. Nombroses artistes han contribu\u00eft al llarg dels anys a omplir les parets del barri i la ciutat amb la programaci\u00f3 de l\u2019Ateneu. Durant aquest exercici de mem\u00f2ria hist\u00f2rica i [&hellip;]\" \/>\n<meta property=\"og:url\" content=\"https:\/\/arxiusoberts.gir.cat\/ca\/expo-virtual\/40-anys-de-cartelleria-a-lateneu-9-barris\/\" \/>\n<meta property=\"og:site_name\" content=\"Arxius Oberts\" \/>\n<meta property=\"article:modified_time\" content=\"2023-12-18T14:25:28+00:00\" \/>\n<meta property=\"og:image\" content=\"https:\/\/arxiusoberts.gir.cat\/wp-content\/uploads\/2023\/11\/2003-Ateneu9Barris-Cartell-Foliada.jpg\" \/>\n\t<meta property=\"og:image:width\" content=\"900\" \/>\n\t<meta property=\"og:image:height\" content=\"477\" \/>\n\t<meta property=\"og:image:type\" content=\"image\/jpeg\" \/>\n<meta name=\"twitter:card\" content=\"summary_large_image\" \/>\n<meta name=\"twitter:label1\" content=\"Temps estimat de lectura\" \/>\n\t<meta name=\"twitter:data1\" content=\"1 minut\" \/>\n<script type=\"application\/ld+json\" class=\"yoast-schema-graph\">{\"@context\":\"https:\\\/\\\/schema.org\",\"@graph\":[{\"@type\":\"WebPage\",\"@id\":\"https:\\\/\\\/arxiusoberts.gir.cat\\\/ca\\\/expo-virtual\\\/40-anys-de-cartelleria-a-lateneu-9-barris\\\/\",\"url\":\"https:\\\/\\\/arxiusoberts.gir.cat\\\/ca\\\/expo-virtual\\\/40-anys-de-cartelleria-a-lateneu-9-barris\\\/\",\"name\":\"40 anys de cartelleria a l'Ateneu 9 Barris - Arxius Oberts\",\"isPartOf\":{\"@id\":\"https:\\\/\\\/arxiusoberts.gir.cat\\\/ca\\\/#website\"},\"primaryImageOfPage\":{\"@id\":\"https:\\\/\\\/arxiusoberts.gir.cat\\\/ca\\\/expo-virtual\\\/40-anys-de-cartelleria-a-lateneu-9-barris\\\/#primaryimage\"},\"image\":{\"@id\":\"https:\\\/\\\/arxiusoberts.gir.cat\\\/ca\\\/expo-virtual\\\/40-anys-de-cartelleria-a-lateneu-9-barris\\\/#primaryimage\"},\"thumbnailUrl\":\"https:\\\/\\\/arxiusoberts.gir.cat\\\/wp-content\\\/uploads\\\/2023\\\/11\\\/2003-Ateneu9Barris-Cartell-Foliada.jpg\",\"datePublished\":\"2023-10-24T14:28:01+00:00\",\"dateModified\":\"2023-12-18T14:25:28+00:00\",\"breadcrumb\":{\"@id\":\"https:\\\/\\\/arxiusoberts.gir.cat\\\/ca\\\/expo-virtual\\\/40-anys-de-cartelleria-a-lateneu-9-barris\\\/#breadcrumb\"},\"inLanguage\":\"ca\",\"potentialAction\":[{\"@type\":\"ReadAction\",\"target\":[\"https:\\\/\\\/arxiusoberts.gir.cat\\\/ca\\\/expo-virtual\\\/40-anys-de-cartelleria-a-lateneu-9-barris\\\/\"]}]},{\"@type\":\"ImageObject\",\"inLanguage\":\"ca\",\"@id\":\"https:\\\/\\\/arxiusoberts.gir.cat\\\/ca\\\/expo-virtual\\\/40-anys-de-cartelleria-a-lateneu-9-barris\\\/#primaryimage\",\"url\":\"https:\\\/\\\/arxiusoberts.gir.cat\\\/wp-content\\\/uploads\\\/2023\\\/11\\\/2003-Ateneu9Barris-Cartell-Foliada.jpg\",\"contentUrl\":\"https:\\\/\\\/arxiusoberts.gir.cat\\\/wp-content\\\/uploads\\\/2023\\\/11\\\/2003-Ateneu9Barris-Cartell-Foliada.jpg\",\"width\":900,\"height\":477,\"caption\":\"2\"},{\"@type\":\"BreadcrumbList\",\"@id\":\"https:\\\/\\\/arxiusoberts.gir.cat\\\/ca\\\/expo-virtual\\\/40-anys-de-cartelleria-a-lateneu-9-barris\\\/#breadcrumb\",\"itemListElement\":[{\"@type\":\"ListItem\",\"position\":1,\"name\":\"Inici\",\"item\":\"https:\\\/\\\/arxiusoberts.gir.cat\\\/ca\\\/\"},{\"@type\":\"ListItem\",\"position\":2,\"name\":\"40 anys de cartelleria a l&#8217;Ateneu 9 Barris\"}]},{\"@type\":\"WebSite\",\"@id\":\"https:\\\/\\\/arxiusoberts.gir.cat\\\/ca\\\/#website\",\"url\":\"https:\\\/\\\/arxiusoberts.gir.cat\\\/ca\\\/\",\"name\":\"Arxius Oberts\",\"description\":\"Narratives comunit\u00e0ries de Barcelona\",\"potentialAction\":[{\"@type\":\"SearchAction\",\"target\":{\"@type\":\"EntryPoint\",\"urlTemplate\":\"https:\\\/\\\/arxiusoberts.gir.cat\\\/ca\\\/?s={search_term_string}\"},\"query-input\":{\"@type\":\"PropertyValueSpecification\",\"valueRequired\":true,\"valueName\":\"search_term_string\"}}],\"inLanguage\":\"ca\"}]}<\/script>\n<!-- \/ Yoast SEO plugin. -->","yoast_head_json":{"title":"40 anys de cartelleria a l'Ateneu 9 Barris - Arxius Oberts","robots":{"index":"index","follow":"follow","max-snippet":"max-snippet:-1","max-image-preview":"max-image-preview:large","max-video-preview":"max-video-preview:-1"},"canonical":"https:\/\/arxiusoberts.gir.cat\/ca\/expo-virtual\/40-anys-de-cartelleria-a-lateneu-9-barris\/","og_locale":"ca_ES","og_type":"article","og_title":"40 anys de cartelleria a l'Ateneu 9 Barris - Arxius Oberts","og_description":"Retrospectiva dels 40 anys de circ a l&#8217;Ateneu 9 Barris. La producci\u00f3 gr\u00e0fica de l\u2019Ateneu durant la seva hist\u00f2ria ha estat impressionat i de molta qualitat. Nombroses artistes han contribu\u00eft al llarg dels anys a omplir les parets del barri i la ciutat amb la programaci\u00f3 de l\u2019Ateneu. Durant aquest exercici de mem\u00f2ria hist\u00f2rica i [&hellip;]","og_url":"https:\/\/arxiusoberts.gir.cat\/ca\/expo-virtual\/40-anys-de-cartelleria-a-lateneu-9-barris\/","og_site_name":"Arxius Oberts","article_modified_time":"2023-12-18T14:25:28+00:00","og_image":[{"width":900,"height":477,"url":"https:\/\/arxiusoberts.gir.cat\/wp-content\/uploads\/2023\/11\/2003-Ateneu9Barris-Cartell-Foliada.jpg","type":"image\/jpeg"}],"twitter_card":"summary_large_image","twitter_misc":{"Temps estimat de lectura":"1 minut"},"schema":{"@context":"https:\/\/schema.org","@graph":[{"@type":"WebPage","@id":"https:\/\/arxiusoberts.gir.cat\/ca\/expo-virtual\/40-anys-de-cartelleria-a-lateneu-9-barris\/","url":"https:\/\/arxiusoberts.gir.cat\/ca\/expo-virtual\/40-anys-de-cartelleria-a-lateneu-9-barris\/","name":"40 anys de cartelleria a l'Ateneu 9 Barris - Arxius Oberts","isPartOf":{"@id":"https:\/\/arxiusoberts.gir.cat\/ca\/#website"},"primaryImageOfPage":{"@id":"https:\/\/arxiusoberts.gir.cat\/ca\/expo-virtual\/40-anys-de-cartelleria-a-lateneu-9-barris\/#primaryimage"},"image":{"@id":"https:\/\/arxiusoberts.gir.cat\/ca\/expo-virtual\/40-anys-de-cartelleria-a-lateneu-9-barris\/#primaryimage"},"thumbnailUrl":"https:\/\/arxiusoberts.gir.cat\/wp-content\/uploads\/2023\/11\/2003-Ateneu9Barris-Cartell-Foliada.jpg","datePublished":"2023-10-24T14:28:01+00:00","dateModified":"2023-12-18T14:25:28+00:00","breadcrumb":{"@id":"https:\/\/arxiusoberts.gir.cat\/ca\/expo-virtual\/40-anys-de-cartelleria-a-lateneu-9-barris\/#breadcrumb"},"inLanguage":"ca","potentialAction":[{"@type":"ReadAction","target":["https:\/\/arxiusoberts.gir.cat\/ca\/expo-virtual\/40-anys-de-cartelleria-a-lateneu-9-barris\/"]}]},{"@type":"ImageObject","inLanguage":"ca","@id":"https:\/\/arxiusoberts.gir.cat\/ca\/expo-virtual\/40-anys-de-cartelleria-a-lateneu-9-barris\/#primaryimage","url":"https:\/\/arxiusoberts.gir.cat\/wp-content\/uploads\/2023\/11\/2003-Ateneu9Barris-Cartell-Foliada.jpg","contentUrl":"https:\/\/arxiusoberts.gir.cat\/wp-content\/uploads\/2023\/11\/2003-Ateneu9Barris-Cartell-Foliada.jpg","width":900,"height":477,"caption":"2"},{"@type":"BreadcrumbList","@id":"https:\/\/arxiusoberts.gir.cat\/ca\/expo-virtual\/40-anys-de-cartelleria-a-lateneu-9-barris\/#breadcrumb","itemListElement":[{"@type":"ListItem","position":1,"name":"Inici","item":"https:\/\/arxiusoberts.gir.cat\/ca\/"},{"@type":"ListItem","position":2,"name":"40 anys de cartelleria a l&#8217;Ateneu 9 Barris"}]},{"@type":"WebSite","@id":"https:\/\/arxiusoberts.gir.cat\/ca\/#website","url":"https:\/\/arxiusoberts.gir.cat\/ca\/","name":"Arxius Oberts","description":"Narratives comunit\u00e0ries de Barcelona","potentialAction":[{"@type":"SearchAction","target":{"@type":"EntryPoint","urlTemplate":"https:\/\/arxiusoberts.gir.cat\/ca\/?s={search_term_string}"},"query-input":{"@type":"PropertyValueSpecification","valueRequired":true,"valueName":"search_term_string"}}],"inLanguage":"ca"}]}},"_links":{"self":[{"href":"https:\/\/arxiusoberts.gir.cat\/ca\/wp-json\/wp\/v2\/expo-virtual\/4460","targetHints":{"allow":["GET"]}}],"collection":[{"href":"https:\/\/arxiusoberts.gir.cat\/ca\/wp-json\/wp\/v2\/expo-virtual"}],"about":[{"href":"https:\/\/arxiusoberts.gir.cat\/ca\/wp-json\/wp\/v2\/types\/expo-virtual"}],"wp:featuredmedia":[{"embeddable":true,"href":"https:\/\/arxiusoberts.gir.cat\/ca\/wp-json\/wp\/v2\/media\/4556"}],"wp:attachment":[{"href":"https:\/\/arxiusoberts.gir.cat\/ca\/wp-json\/wp\/v2\/media?parent=4460"}],"curies":[{"name":"wp","href":"https:\/\/api.w.org\/{rel}","templated":true}]}}

<p>Retrospectiva dels 40 anys de circ a l&#8217;Ateneu 9 Barris.</p>
<p>La producció gràfica de l’Ateneu durant la seva història ha estat impressionat i de molta qualitat.</p>
<p>Nombroses artistes han contribuït al llarg dels anys a omplir les parets del barri i la ciutat amb la programació de l’Ateneu.</p>
<p>Durant aquest exercici de memòria històrica i col·lectiva estem desenvolupant una tasca de digitalització de tots els cartells que hem anant trobant al nostre arxiu i que ens permet reconstruir les línies de programació del projecte.</p>
<p>Aquí us oferim una mostra de la cartelleria digitalitzada organitzada cronològicament.</p>

<!-- This site is optimized with the Yoast SEO plugin v28.2 - https://yoast.com/product/yoast-seo-wordpress/ -->
<title>40 anys de cartelleria a l&#039;Ateneu 9 Barris - Arxius Oberts</title>
<meta name="robots" content="index, follow, max-snippet:-1, max-image-preview:large, max-video-preview:-1" />
<link rel="canonical" href="https://arxiusoberts.gir.cat/ca/expo-virtual/40-anys-de-cartelleria-a-lateneu-9-barris/" />
<meta property="og:locale" content="ca_ES" />
<meta property="og:type" content="article" />
<meta property="og:title" content="40 anys de cartelleria a l&#039;Ateneu 9 Barris - Arxius Oberts" />
<meta property="og:description" content="Retrospectiva dels 40 anys de circ a l&#8217;Ateneu 9 Barris. La producció gràfica de l’Ateneu durant la seva història ha estat impressionat i de molta qualitat. Nombroses artistes han contribuït al llarg dels anys a omplir les parets del barri i la ciutat amb la programació de l’Ateneu. Durant aquest exercici de memòria històrica i [&hellip;]" />
<meta property="og:url" content="https://arxiusoberts.gir.cat/ca/expo-virtual/40-anys-de-cartelleria-a-lateneu-9-barris/" />
<meta property="og:site_name" content="Arxius Oberts" />
<meta property="article:modified_time" content="2023-12-18T14:25:28+00:00" />
<meta property="og:image" content="https://arxiusoberts.gir.cat/wp-content/uploads/2023/11/2003-Ateneu9Barris-Cartell-Foliada.jpg" />
	<meta property="og:image:width" content="900" />
	<meta property="og:image:height" content="477" />
	<meta property="og:image:type" content="image/jpeg" />
<meta name="twitter:card" content="summary_large_image" />
<meta name="twitter:label1" content="Temps estimat de lectura" />
	<meta name="twitter:data1" content="1 minut" />
<script type="application/ld+json" class="yoast-schema-graph">{"@context":"https:\/\/schema.org","@graph":[{"@type":"WebPage","@id":"https:\/\/arxiusoberts.gir.cat\/ca\/expo-virtual\/40-anys-de-cartelleria-a-lateneu-9-barris\/","url":"https:\/\/arxiusoberts.gir.cat\/ca\/expo-virtual\/40-anys-de-cartelleria-a-lateneu-9-barris\/","name":"40 anys de cartelleria a l'Ateneu 9 Barris - Arxius Oberts","isPartOf":{"@id":"https:\/\/arxiusoberts.gir.cat\/ca\/#website"},"primaryImageOfPage":{"@id":"https:\/\/arxiusoberts.gir.cat\/ca\/expo-virtual\/40-anys-de-cartelleria-a-lateneu-9-barris\/#primaryimage"},"image":{"@id":"https:\/\/arxiusoberts.gir.cat\/ca\/expo-virtual\/40-anys-de-cartelleria-a-lateneu-9-barris\/#primaryimage"},"thumbnailUrl":"https:\/\/arxiusoberts.gir.cat\/wp-content\/uploads\/2023\/11\/2003-Ateneu9Barris-Cartell-Foliada.jpg","datePublished":"2023-10-24T14:28:01+00:00","dateModified":"2023-12-18T14:25:28+00:00","breadcrumb":{"@id":"https:\/\/arxiusoberts.gir.cat\/ca\/expo-virtual\/40-anys-de-cartelleria-a-lateneu-9-barris\/#breadcrumb"},"inLanguage":"ca","potentialAction":[{"@type":"ReadAction","target":["https:\/\/arxiusoberts.gir.cat\/ca\/expo-virtual\/40-anys-de-cartelleria-a-lateneu-9-barris\/"]}]},{"@type":"ImageObject","inLanguage":"ca","@id":"https:\/\/arxiusoberts.gir.cat\/ca\/expo-virtual\/40-anys-de-cartelleria-a-lateneu-9-barris\/#primaryimage","url":"https:\/\/arxiusoberts.gir.cat\/wp-content\/uploads\/2023\/11\/2003-Ateneu9Barris-Cartell-Foliada.jpg","contentUrl":"https:\/\/arxiusoberts.gir.cat\/wp-content\/uploads\/2023\/11\/2003-Ateneu9Barris-Cartell-Foliada.jpg","width":900,"height":477,"caption":"2"},{"@type":"BreadcrumbList","@id":"https:\/\/arxiusoberts.gir.cat\/ca\/expo-virtual\/40-anys-de-cartelleria-a-lateneu-9-barris\/#breadcrumb","itemListElement":[{"@type":"ListItem","position":1,"name":"Inici","item":"https:\/\/arxiusoberts.gir.cat\/ca\/"},{"@type":"ListItem","position":2,"name":"40 anys de cartelleria a l&#8217;Ateneu 9 Barris"}]},{"@type":"WebSite","@id":"https:\/\/arxiusoberts.gir.cat\/ca\/#website","url":"https:\/\/arxiusoberts.gir.cat\/ca\/","name":"Arxius Oberts","description":"Narratives comunitàries de Barcelona","potentialAction":[{"@type":"SearchAction","target":{"@type":"EntryPoint","urlTemplate":"https:\/\/arxiusoberts.gir.cat\/ca\/?s={search_term_string}"},"query-input":{"@type":"PropertyValueSpecification","valueRequired":true,"valueName":"search_term_string"}}],"inLanguage":"ca"}]}</script>
<!-- / Yoast SEO plugin. -->

Retrospectiva dels 40 anys de circ a l&#8217;Ateneu 9 Barris. La producció gràfica de l’Ateneu durant la seva història ha estat impressionat i de molta qualitat. Nombroses artistes han contribuït al llarg dels anys a omplir les parets del barri i la ciutat amb la programació de l’Ateneu. Durant aquest exercici de memòria històrica i [&hellip;]

Narratives comunitàries de Barcelona
