 {"id":2955,"date":"2021-12-21T13:43:37","date_gmt":"2021-12-21T11:43:37","guid":{"rendered":"http:\/\/localhost\/arxiusoberts.cat\/ca\/?post_type=narrativa&#038;p=2955"},"modified":"2023-10-31T10:12:24","modified_gmt":"2023-10-31T08:12:24","slug":"panoramiques-de-barcelona","status":"publish","type":"narrativa","link":"https:\/\/arxiusoberts.gir.cat\/ca\/narrativa\/panoramiques-de-barcelona\/","title":{"rendered":"Panor\u00e0miques de Barcelona"},"content":{"rendered":"<p>Veure-hi m\u00e9s i veure-hi m\u00e9s coses. Aquesta \u00e9s la ra\u00f3 de ser de la fotografia panor\u00e0mica, una t\u00e8cnica que ens permet rec\u00f3rrer i con\u00e9ixer en detall paratges emblem\u00e0tics de Barcelona. Una mirada al nostre passat i present que ens ajuda a copsar la constant metamorfosi del territori.<\/p>\n","protected":false},"featured_media":2959,"template":"","yoast_head":"<!-- This site is optimized with the Yoast SEO plugin v21.7 - https:\/\/yoast.com\/wordpress\/plugins\/seo\/ -->\n<title>Panor\u00e0miques de Barcelona - Arxius Oberts<\/title>\n<meta name=\"robots\" content=\"index, follow, max-snippet:-1, max-image-preview:large, max-video-preview:-1\" \/>\n<link rel=\"canonical\" href=\"https:\/\/arxiusoberts.gir.cat\/ca\/narrativa\/panoramiques-de-barcelona\/\" \/>\n<meta property=\"og:locale\" content=\"ca_ES\" \/>\n<meta property=\"og:type\" content=\"article\" \/>\n<meta property=\"og:title\" content=\"Panor\u00e0miques de Barcelona - Arxius Oberts\" \/>\n<meta property=\"og:description\" content=\"Veure-hi m\u00e9s i veure-hi m\u00e9s coses. Aquesta \u00e9s la ra\u00f3 de ser de la fotografia panor\u00e0mica, una t\u00e8cnica que ens permet rec\u00f3rrer i con\u00e9ixer en detall paratges emblem\u00e0tics de Barcelona. Una mirada al nostre passat i present que ens ajuda a copsar la constant metamorfosi del territori.\" \/>\n<meta property=\"og:url\" content=\"https:\/\/arxiusoberts.gir.cat\/ca\/narrativa\/panoramiques-de-barcelona\/\" \/>\n<meta property=\"og:site_name\" content=\"Arxius Oberts\" \/>\n<meta property=\"article:modified_time\" content=\"2023-10-31T08:12:24+00:00\" \/>\n<meta property=\"og:image\" content=\"https:\/\/arxiusoberts.gir.cat\/wp-content\/uploads\/2021\/12\/featured_imatges_panoramiques_barcelona.png\" \/>\n\t<meta property=\"og:image:width\" content=\"966\" \/>\n\t<meta property=\"og:image:height\" content=\"640\" \/>\n\t<meta property=\"og:image:type\" content=\"image\/png\" \/>\n<meta name=\"twitter:card\" content=\"summary_large_image\" \/>\n<meta name=\"twitter:label1\" content=\"Temps estimat de lectura\" \/>\n\t<meta name=\"twitter:data1\" content=\"1 minut\" \/>\n<script type=\"application\/ld+json\" class=\"yoast-schema-graph\">{\"@context\":\"https:\/\/schema.org\",\"@graph\":[{\"@type\":\"WebPage\",\"@id\":\"https:\/\/arxiusoberts.gir.cat\/ca\/narrativa\/panoramiques-de-barcelona\/\",\"url\":\"https:\/\/arxiusoberts.gir.cat\/ca\/narrativa\/panoramiques-de-barcelona\/\",\"name\":\"Panor\u00e0miques de Barcelona - Arxius Oberts\",\"isPartOf\":{\"@id\":\"https:\/\/arxiusoberts.gir.cat\/ca\/#website\"},\"datePublished\":\"2021-12-21T11:43:37+00:00\",\"dateModified\":\"2023-10-31T08:12:24+00:00\",\"breadcrumb\":{\"@id\":\"https:\/\/arxiusoberts.gir.cat\/ca\/narrativa\/panoramiques-de-barcelona\/#breadcrumb\"},\"inLanguage\":\"ca\",\"potentialAction\":[{\"@type\":\"ReadAction\",\"target\":[\"https:\/\/arxiusoberts.gir.cat\/ca\/narrativa\/panoramiques-de-barcelona\/\"]}]},{\"@type\":\"BreadcrumbList\",\"@id\":\"https:\/\/arxiusoberts.gir.cat\/ca\/narrativa\/panoramiques-de-barcelona\/#breadcrumb\",\"itemListElement\":[{\"@type\":\"ListItem\",\"position\":1,\"name\":\"Inici\",\"item\":\"https:\/\/arxiusoberts.gir.cat\/ca\/\"},{\"@type\":\"ListItem\",\"position\":2,\"name\":\"Panor\u00e0miques de Barcelona\"}]},{\"@type\":\"WebSite\",\"@id\":\"https:\/\/arxiusoberts.gir.cat\/ca\/#website\",\"url\":\"https:\/\/arxiusoberts.gir.cat\/ca\/\",\"name\":\"Arxius Oberts\",\"description\":\"Narratives comunit\u00e0ries de Barcelona\",\"potentialAction\":[{\"@type\":\"SearchAction\",\"target\":{\"@type\":\"EntryPoint\",\"urlTemplate\":\"https:\/\/arxiusoberts.gir.cat\/ca\/?s={search_term_string}\"},\"query-input\":\"required name=search_term_string\"}],\"inLanguage\":\"ca\"}]}<\/script>\n<!-- \/ Yoast SEO plugin. -->","yoast_head_json":{"title":"Panor\u00e0miques de Barcelona - Arxius Oberts","robots":{"index":"index","follow":"follow","max-snippet":"max-snippet:-1","max-image-preview":"max-image-preview:large","max-video-preview":"max-video-preview:-1"},"canonical":"https:\/\/arxiusoberts.gir.cat\/ca\/narrativa\/panoramiques-de-barcelona\/","og_locale":"ca_ES","og_type":"article","og_title":"Panor\u00e0miques de Barcelona - Arxius Oberts","og_description":"Veure-hi m\u00e9s i veure-hi m\u00e9s coses. Aquesta \u00e9s la ra\u00f3 de ser de la fotografia panor\u00e0mica, una t\u00e8cnica que ens permet rec\u00f3rrer i con\u00e9ixer en detall paratges emblem\u00e0tics de Barcelona. Una mirada al nostre passat i present que ens ajuda a copsar la constant metamorfosi del territori.","og_url":"https:\/\/arxiusoberts.gir.cat\/ca\/narrativa\/panoramiques-de-barcelona\/","og_site_name":"Arxius Oberts","article_modified_time":"2023-10-31T08:12:24+00:00","og_image":[{"width":966,"height":640,"url":"https:\/\/arxiusoberts.gir.cat\/wp-content\/uploads\/2021\/12\/featured_imatges_panoramiques_barcelona.png","type":"image\/png"}],"twitter_card":"summary_large_image","twitter_misc":{"Temps estimat de lectura":"1 minut"},"schema":{"@context":"https:\/\/schema.org","@graph":[{"@type":"WebPage","@id":"https:\/\/arxiusoberts.gir.cat\/ca\/narrativa\/panoramiques-de-barcelona\/","url":"https:\/\/arxiusoberts.gir.cat\/ca\/narrativa\/panoramiques-de-barcelona\/","name":"Panor\u00e0miques de Barcelona - Arxius Oberts","isPartOf":{"@id":"https:\/\/arxiusoberts.gir.cat\/ca\/#website"},"datePublished":"2021-12-21T11:43:37+00:00","dateModified":"2023-10-31T08:12:24+00:00","breadcrumb":{"@id":"https:\/\/arxiusoberts.gir.cat\/ca\/narrativa\/panoramiques-de-barcelona\/#breadcrumb"},"inLanguage":"ca","potentialAction":[{"@type":"ReadAction","target":["https:\/\/arxiusoberts.gir.cat\/ca\/narrativa\/panoramiques-de-barcelona\/"]}]},{"@type":"BreadcrumbList","@id":"https:\/\/arxiusoberts.gir.cat\/ca\/narrativa\/panoramiques-de-barcelona\/#breadcrumb","itemListElement":[{"@type":"ListItem","position":1,"name":"Inici","item":"https:\/\/arxiusoberts.gir.cat\/ca\/"},{"@type":"ListItem","position":2,"name":"Panor\u00e0miques de Barcelona"}]},{"@type":"WebSite","@id":"https:\/\/arxiusoberts.gir.cat\/ca\/#website","url":"https:\/\/arxiusoberts.gir.cat\/ca\/","name":"Arxius Oberts","description":"Narratives comunit\u00e0ries de Barcelona","potentialAction":[{"@type":"SearchAction","target":{"@type":"EntryPoint","urlTemplate":"https:\/\/arxiusoberts.gir.cat\/ca\/?s={search_term_string}"},"query-input":"required name=search_term_string"}],"inLanguage":"ca"}]}},"_links":{"self":[{"href":"https:\/\/arxiusoberts.gir.cat\/ca\/wp-json\/wp\/v2\/narrativa\/2955"}],"collection":[{"href":"https:\/\/arxiusoberts.gir.cat\/ca\/wp-json\/wp\/v2\/narrativa"}],"about":[{"href":"https:\/\/arxiusoberts.gir.cat\/ca\/wp-json\/wp\/v2\/types\/narrativa"}],"wp:featuredmedia":[{"embeddable":true,"href":"https:\/\/arxiusoberts.gir.cat\/ca\/wp-json\/wp\/v2\/media\/2959"}],"wp:attachment":[{"href":"https:\/\/arxiusoberts.gir.cat\/ca\/wp-json\/wp\/v2\/media?parent=2955"}],"curies":[{"name":"wp","href":"https:\/\/api.w.org\/{rel}","templated":true}]}}

Panoràmiques de Barcelona

<p>Veure-hi més i veure-hi més coses. Aquesta és la raó de ser de la fotografia panoràmica, una tècnica que ens permet recórrer i conéixer en detall paratges emblemàtics de Barcelona. Una mirada al nostre passat i present que ens ajuda a copsar la constant metamorfosi del territori.</p>

<!-- This site is optimized with the Yoast SEO plugin v21.7 - https://yoast.com/wordpress/plugins/seo/ -->
<title>Panoràmiques de Barcelona - Arxius Oberts</title>
<meta name="robots" content="index, follow, max-snippet:-1, max-image-preview:large, max-video-preview:-1" />
<link rel="canonical" href="https://arxiusoberts.gir.cat/ca/narrativa/panoramiques-de-barcelona/" />
<meta property="og:locale" content="ca_ES" />
<meta property="og:type" content="article" />
<meta property="og:title" content="Panoràmiques de Barcelona - Arxius Oberts" />
<meta property="og:description" content="Veure-hi més i veure-hi més coses. Aquesta és la raó de ser de la fotografia panoràmica, una tècnica que ens permet recórrer i conéixer en detall paratges emblemàtics de Barcelona. Una mirada al nostre passat i present que ens ajuda a copsar la constant metamorfosi del territori." />
<meta property="og:url" content="https://arxiusoberts.gir.cat/ca/narrativa/panoramiques-de-barcelona/" />
<meta property="og:site_name" content="Arxius Oberts" />
<meta property="article:modified_time" content="2023-10-31T08:12:24+00:00" />
<meta property="og:image" content="https://arxiusoberts.gir.cat/wp-content/uploads/2021/12/featured_imatges_panoramiques_barcelona.png" />
	<meta property="og:image:width" content="966" />
	<meta property="og:image:height" content="640" />
	<meta property="og:image:type" content="image/png" />
<meta name="twitter:card" content="summary_large_image" />
<meta name="twitter:label1" content="Temps estimat de lectura" />
	<meta name="twitter:data1" content="1 minut" />
<script type="application/ld+json" class="yoast-schema-graph">{"@context":"https://schema.org","@graph":[{"@type":"WebPage","@id":"https://arxiusoberts.gir.cat/ca/narrativa/panoramiques-de-barcelona/","url":"https://arxiusoberts.gir.cat/ca/narrativa/panoramiques-de-barcelona/","name":"Panoràmiques de Barcelona - Arxius Oberts","isPartOf":{"@id":"https://arxiusoberts.gir.cat/ca/#website"},"datePublished":"2021-12-21T11:43:37+00:00","dateModified":"2023-10-31T08:12:24+00:00","breadcrumb":{"@id":"https://arxiusoberts.gir.cat/ca/narrativa/panoramiques-de-barcelona/#breadcrumb"},"inLanguage":"ca","potentialAction":[{"@type":"ReadAction","target":["https://arxiusoberts.gir.cat/ca/narrativa/panoramiques-de-barcelona/"]}]},{"@type":"BreadcrumbList","@id":"https://arxiusoberts.gir.cat/ca/narrativa/panoramiques-de-barcelona/#breadcrumb","itemListElement":[{"@type":"ListItem","position":1,"name":"Inici","item":"https://arxiusoberts.gir.cat/ca/"},{"@type":"ListItem","position":2,"name":"Panoràmiques de Barcelona"}]},{"@type":"WebSite","@id":"https://arxiusoberts.gir.cat/ca/#website","url":"https://arxiusoberts.gir.cat/ca/","name":"Arxius Oberts","description":"Narratives comunitàries de Barcelona","potentialAction":[{"@type":"SearchAction","target":{"@type":"EntryPoint","urlTemplate":"https://arxiusoberts.gir.cat/ca/?s={search_term_string}"},"query-input":"required name=search_term_string"}],"inLanguage":"ca"}]}</script>
<!-- / Yoast SEO plugin. -->

Panoràmiques de Barcelona - Arxius Oberts

Veure-hi més i veure-hi més coses. Aquesta és la raó de ser de la fotografia panoràmica, una tècnica que ens permet recórrer i conéixer en detall paratges emblemàtics de Barcelona. Una mirada al nostre passat i present que ens ajuda a copsar la constant metamorfosi del territori.

Narratives comunitàries de Barcelona
