 {"id":2990,"date":"2021-12-22T12:48:41","date_gmt":"2021-12-22T10:48:41","guid":{"rendered":"http:\/\/localhost\/arxiusoberts.cat\/ca\/?post_type=narrativa&#038;p=2990"},"modified":"2023-03-29T15:35:57","modified_gmt":"2023-03-29T13:35:57","slug":"els-carrers-desaperaguts-de-via-laietana","status":"publish","type":"narrativa","link":"https:\/\/arxiusoberts.gir.cat\/ca\/narrativa\/els-carrers-desaperaguts-de-via-laietana\/","title":{"rendered":"Els carrers desapareguts de Via Laietana"},"content":{"rendered":"<p>La Via Laietana \u00e9s un dels principals carrers de connexi\u00f3 entre l\u2019Eixample de Barcelona i el port. La seva obertura, fa un segle, va suposar la reforma urban\u00edstica m\u00e9s gran feta mai a Barcelona. La via, de 900 metres de llarg, va esbudellar la Ciutat Vella, i va implicar l\u2019enderroc de centenars d\u2019edificis, la desaparici\u00f3 total o parcial de carrers i places, i el desallotjament d\u2019unes 10.000 ve\u00efns i ve\u00efnes.<\/p>\n<p>L\u2019any 1908, l\u2019Ajuntament va convocar un concurs de dibuixos i fotografies per documentar la part de la ciutat que havia de desapar\u00e8ixer. En aquesta narrativa, recuperem en format digital, interactiu i multim\u00e8di, algunes de les m\u00e9s de 1.000 fotografies de les s\u00e8ries finalistes d\u2019aquest concurs que \u00e9s conserven a l\u2019Arxiu Fotogr\u00e0fic de Barcelona. L\u2019objectiu \u00e9s recuperar la mem\u00f2ria d\u2019aquests carrers desapareguts.<\/p>\n","protected":false},"featured_media":2994,"template":"","class_list":["post-2990","narrativa","type-narrativa","status-publish","has-post-thumbnail","hentry","districte-ciutat-vella","tematica-fotografia","tematica-historia-de-la-ciutat","tematica-urbanisme"],"yoast_head":"<!-- This site is optimized with the Yoast SEO plugin v28.2 - https:\/\/yoast.com\/product\/yoast-seo-wordpress\/ -->\n<title>Els carrers desapareguts de Via Laietana - Arxius Oberts<\/title>\n<meta name=\"robots\" content=\"index, follow, max-snippet:-1, max-image-preview:large, max-video-preview:-1\" \/>\n<link rel=\"canonical\" href=\"https:\/\/arxiusoberts.gir.cat\/ca\/narrativa\/els-carrers-desaperaguts-de-via-laietana\/\" \/>\n<meta property=\"og:locale\" content=\"ca_ES\" \/>\n<meta property=\"og:type\" content=\"article\" \/>\n<meta property=\"og:title\" content=\"Els carrers desapareguts de Via Laietana - Arxius Oberts\" \/>\n<meta property=\"og:description\" content=\"La Via Laietana \u00e9s un dels principals carrers de connexi\u00f3 entre l\u2019Eixample de Barcelona i el port. La seva obertura, fa un segle, va suposar la reforma urban\u00edstica m\u00e9s gran feta mai a Barcelona. La via, de 900 metres de llarg, va esbudellar la Ciutat Vella, i va implicar l\u2019enderroc de centenars d\u2019edificis, la desaparici\u00f3 [&hellip;]\" \/>\n<meta property=\"og:url\" content=\"https:\/\/arxiusoberts.gir.cat\/ca\/narrativa\/els-carrers-desaperaguts-de-via-laietana\/\" \/>\n<meta property=\"og:site_name\" content=\"Arxius Oberts\" \/>\n<meta property=\"article:modified_time\" content=\"2023-03-29T13:35:57+00:00\" \/>\n<meta property=\"og:image\" content=\"https:\/\/arxiusoberts.gir.cat\/wp-content\/uploads\/2021\/12\/Obres-a-la-Placa-de-Jonqueres-per-la-construccio-de-la-Via-Laietana.jpg\" \/>\n\t<meta property=\"og:image:width\" content=\"1190\" \/>\n\t<meta property=\"og:image:height\" content=\"772\" \/>\n\t<meta property=\"og:image:type\" content=\"image\/jpeg\" \/>\n<meta name=\"twitter:card\" content=\"summary_large_image\" \/>\n<meta name=\"twitter:label1\" content=\"Temps estimat de lectura\" \/>\n\t<meta name=\"twitter:data1\" content=\"1 minut\" \/>\n<script type=\"application\/ld+json\" class=\"yoast-schema-graph\">{\"@context\":\"https:\\\/\\\/schema.org\",\"@graph\":[{\"@type\":\"WebPage\",\"@id\":\"https:\\\/\\\/arxiusoberts.gir.cat\\\/ca\\\/narrativa\\\/els-carrers-desaperaguts-de-via-laietana\\\/\",\"url\":\"https:\\\/\\\/arxiusoberts.gir.cat\\\/ca\\\/narrativa\\\/els-carrers-desaperaguts-de-via-laietana\\\/\",\"name\":\"Els carrers desapareguts de Via Laietana - Arxius Oberts\",\"isPartOf\":{\"@id\":\"https:\\\/\\\/arxiusoberts.gir.cat\\\/ca\\\/#website\"},\"primaryImageOfPage\":{\"@id\":\"https:\\\/\\\/arxiusoberts.gir.cat\\\/ca\\\/narrativa\\\/els-carrers-desaperaguts-de-via-laietana\\\/#primaryimage\"},\"image\":{\"@id\":\"https:\\\/\\\/arxiusoberts.gir.cat\\\/ca\\\/narrativa\\\/els-carrers-desaperaguts-de-via-laietana\\\/#primaryimage\"},\"thumbnailUrl\":\"https:\\\/\\\/arxiusoberts.gir.cat\\\/wp-content\\\/uploads\\\/2021\\\/12\\\/Obres-a-la-Placa-de-Jonqueres-per-la-construccio-de-la-Via-Laietana.jpg\",\"datePublished\":\"2021-12-22T10:48:41+00:00\",\"dateModified\":\"2023-03-29T13:35:57+00:00\",\"breadcrumb\":{\"@id\":\"https:\\\/\\\/arxiusoberts.gir.cat\\\/ca\\\/narrativa\\\/els-carrers-desaperaguts-de-via-laietana\\\/#breadcrumb\"},\"inLanguage\":\"ca\",\"potentialAction\":[{\"@type\":\"ReadAction\",\"target\":[\"https:\\\/\\\/arxiusoberts.gir.cat\\\/ca\\\/narrativa\\\/els-carrers-desaperaguts-de-via-laietana\\\/\"]}]},{\"@type\":\"ImageObject\",\"inLanguage\":\"ca\",\"@id\":\"https:\\\/\\\/arxiusoberts.gir.cat\\\/ca\\\/narrativa\\\/els-carrers-desaperaguts-de-via-laietana\\\/#primaryimage\",\"url\":\"https:\\\/\\\/arxiusoberts.gir.cat\\\/wp-content\\\/uploads\\\/2021\\\/12\\\/Obres-a-la-Placa-de-Jonqueres-per-la-construccio-de-la-Via-Laietana.jpg\",\"contentUrl\":\"https:\\\/\\\/arxiusoberts.gir.cat\\\/wp-content\\\/uploads\\\/2021\\\/12\\\/Obres-a-la-Placa-de-Jonqueres-per-la-construccio-de-la-Via-Laietana.jpg\",\"width\":1190,\"height\":772},{\"@type\":\"BreadcrumbList\",\"@id\":\"https:\\\/\\\/arxiusoberts.gir.cat\\\/ca\\\/narrativa\\\/els-carrers-desaperaguts-de-via-laietana\\\/#breadcrumb\",\"itemListElement\":[{\"@type\":\"ListItem\",\"position\":1,\"name\":\"Inici\",\"item\":\"https:\\\/\\\/arxiusoberts.gir.cat\\\/ca\\\/\"},{\"@type\":\"ListItem\",\"position\":2,\"name\":\"Els carrers desapareguts de Via Laietana\"}]},{\"@type\":\"WebSite\",\"@id\":\"https:\\\/\\\/arxiusoberts.gir.cat\\\/ca\\\/#website\",\"url\":\"https:\\\/\\\/arxiusoberts.gir.cat\\\/ca\\\/\",\"name\":\"Arxius Oberts\",\"description\":\"Narratives comunit\u00e0ries de Barcelona\",\"potentialAction\":[{\"@type\":\"SearchAction\",\"target\":{\"@type\":\"EntryPoint\",\"urlTemplate\":\"https:\\\/\\\/arxiusoberts.gir.cat\\\/ca\\\/?s={search_term_string}\"},\"query-input\":{\"@type\":\"PropertyValueSpecification\",\"valueRequired\":true,\"valueName\":\"search_term_string\"}}],\"inLanguage\":\"ca\"}]}<\/script>\n<!-- \/ Yoast SEO plugin. -->","yoast_head_json":{"title":"Els carrers desapareguts de Via Laietana - Arxius Oberts","robots":{"index":"index","follow":"follow","max-snippet":"max-snippet:-1","max-image-preview":"max-image-preview:large","max-video-preview":"max-video-preview:-1"},"canonical":"https:\/\/arxiusoberts.gir.cat\/ca\/narrativa\/els-carrers-desaperaguts-de-via-laietana\/","og_locale":"ca_ES","og_type":"article","og_title":"Els carrers desapareguts de Via Laietana - Arxius Oberts","og_description":"La Via Laietana \u00e9s un dels principals carrers de connexi\u00f3 entre l\u2019Eixample de Barcelona i el port. La seva obertura, fa un segle, va suposar la reforma urban\u00edstica m\u00e9s gran feta mai a Barcelona. La via, de 900 metres de llarg, va esbudellar la Ciutat Vella, i va implicar l\u2019enderroc de centenars d\u2019edificis, la desaparici\u00f3 [&hellip;]","og_url":"https:\/\/arxiusoberts.gir.cat\/ca\/narrativa\/els-carrers-desaperaguts-de-via-laietana\/","og_site_name":"Arxius Oberts","article_modified_time":"2023-03-29T13:35:57+00:00","og_image":[{"width":1190,"height":772,"url":"https:\/\/arxiusoberts.gir.cat\/wp-content\/uploads\/2021\/12\/Obres-a-la-Placa-de-Jonqueres-per-la-construccio-de-la-Via-Laietana.jpg","type":"image\/jpeg"}],"twitter_card":"summary_large_image","twitter_misc":{"Temps estimat de lectura":"1 minut"},"schema":{"@context":"https:\/\/schema.org","@graph":[{"@type":"WebPage","@id":"https:\/\/arxiusoberts.gir.cat\/ca\/narrativa\/els-carrers-desaperaguts-de-via-laietana\/","url":"https:\/\/arxiusoberts.gir.cat\/ca\/narrativa\/els-carrers-desaperaguts-de-via-laietana\/","name":"Els carrers desapareguts de Via Laietana - Arxius Oberts","isPartOf":{"@id":"https:\/\/arxiusoberts.gir.cat\/ca\/#website"},"primaryImageOfPage":{"@id":"https:\/\/arxiusoberts.gir.cat\/ca\/narrativa\/els-carrers-desaperaguts-de-via-laietana\/#primaryimage"},"image":{"@id":"https:\/\/arxiusoberts.gir.cat\/ca\/narrativa\/els-carrers-desaperaguts-de-via-laietana\/#primaryimage"},"thumbnailUrl":"https:\/\/arxiusoberts.gir.cat\/wp-content\/uploads\/2021\/12\/Obres-a-la-Placa-de-Jonqueres-per-la-construccio-de-la-Via-Laietana.jpg","datePublished":"2021-12-22T10:48:41+00:00","dateModified":"2023-03-29T13:35:57+00:00","breadcrumb":{"@id":"https:\/\/arxiusoberts.gir.cat\/ca\/narrativa\/els-carrers-desaperaguts-de-via-laietana\/#breadcrumb"},"inLanguage":"ca","potentialAction":[{"@type":"ReadAction","target":["https:\/\/arxiusoberts.gir.cat\/ca\/narrativa\/els-carrers-desaperaguts-de-via-laietana\/"]}]},{"@type":"ImageObject","inLanguage":"ca","@id":"https:\/\/arxiusoberts.gir.cat\/ca\/narrativa\/els-carrers-desaperaguts-de-via-laietana\/#primaryimage","url":"https:\/\/arxiusoberts.gir.cat\/wp-content\/uploads\/2021\/12\/Obres-a-la-Placa-de-Jonqueres-per-la-construccio-de-la-Via-Laietana.jpg","contentUrl":"https:\/\/arxiusoberts.gir.cat\/wp-content\/uploads\/2021\/12\/Obres-a-la-Placa-de-Jonqueres-per-la-construccio-de-la-Via-Laietana.jpg","width":1190,"height":772},{"@type":"BreadcrumbList","@id":"https:\/\/arxiusoberts.gir.cat\/ca\/narrativa\/els-carrers-desaperaguts-de-via-laietana\/#breadcrumb","itemListElement":[{"@type":"ListItem","position":1,"name":"Inici","item":"https:\/\/arxiusoberts.gir.cat\/ca\/"},{"@type":"ListItem","position":2,"name":"Els carrers desapareguts de Via Laietana"}]},{"@type":"WebSite","@id":"https:\/\/arxiusoberts.gir.cat\/ca\/#website","url":"https:\/\/arxiusoberts.gir.cat\/ca\/","name":"Arxius Oberts","description":"Narratives comunit\u00e0ries de Barcelona","potentialAction":[{"@type":"SearchAction","target":{"@type":"EntryPoint","urlTemplate":"https:\/\/arxiusoberts.gir.cat\/ca\/?s={search_term_string}"},"query-input":{"@type":"PropertyValueSpecification","valueRequired":true,"valueName":"search_term_string"}}],"inLanguage":"ca"}]}},"_links":{"self":[{"href":"https:\/\/arxiusoberts.gir.cat\/ca\/wp-json\/wp\/v2\/narrativa\/2990","targetHints":{"allow":["GET"]}}],"collection":[{"href":"https:\/\/arxiusoberts.gir.cat\/ca\/wp-json\/wp\/v2\/narrativa"}],"about":[{"href":"https:\/\/arxiusoberts.gir.cat\/ca\/wp-json\/wp\/v2\/types\/narrativa"}],"wp:featuredmedia":[{"embeddable":true,"href":"https:\/\/arxiusoberts.gir.cat\/ca\/wp-json\/wp\/v2\/media\/2994"}],"wp:attachment":[{"href":"https:\/\/arxiusoberts.gir.cat\/ca\/wp-json\/wp\/v2\/media?parent=2990"}],"curies":[{"name":"wp","href":"https:\/\/api.w.org\/{rel}","templated":true}]}}

<p>La Via Laietana és un dels principals carrers de connexió entre l’Eixample de Barcelona i el port. La seva obertura, fa un segle, va suposar la reforma urbanística més gran feta mai a Barcelona. La via, de 900 metres de llarg, va esbudellar la Ciutat Vella, i va implicar l’enderroc de centenars d’edificis, la desaparició total o parcial de carrers i places, i el desallotjament d’unes 10.000 veïns i veïnes.</p>
<p>L’any 1908, l’Ajuntament va convocar un concurs de dibuixos i fotografies per documentar la part de la ciutat que havia de desaparèixer. En aquesta narrativa, recuperem en format digital, interactiu i multimèdi, algunes de les més de 1.000 fotografies de les sèries finalistes d’aquest concurs que és conserven a l’Arxiu Fotogràfic de Barcelona. L’objectiu és recuperar la memòria d’aquests carrers desapareguts.</p>

<!-- This site is optimized with the Yoast SEO plugin v28.2 - https://yoast.com/product/yoast-seo-wordpress/ -->
<title>Els carrers desapareguts de Via Laietana - Arxius Oberts</title>
<meta name="robots" content="index, follow, max-snippet:-1, max-image-preview:large, max-video-preview:-1" />
<link rel="canonical" href="https://arxiusoberts.gir.cat/ca/narrativa/els-carrers-desaperaguts-de-via-laietana/" />
<meta property="og:locale" content="ca_ES" />
<meta property="og:type" content="article" />
<meta property="og:title" content="Els carrers desapareguts de Via Laietana - Arxius Oberts" />
<meta property="og:description" content="La Via Laietana és un dels principals carrers de connexió entre l’Eixample de Barcelona i el port. La seva obertura, fa un segle, va suposar la reforma urbanística més gran feta mai a Barcelona. La via, de 900 metres de llarg, va esbudellar la Ciutat Vella, i va implicar l’enderroc de centenars d’edificis, la desaparició [&hellip;]" />
<meta property="og:url" content="https://arxiusoberts.gir.cat/ca/narrativa/els-carrers-desaperaguts-de-via-laietana/" />
<meta property="og:site_name" content="Arxius Oberts" />
<meta property="article:modified_time" content="2023-03-29T13:35:57+00:00" />
<meta property="og:image" content="https://arxiusoberts.gir.cat/wp-content/uploads/2021/12/Obres-a-la-Placa-de-Jonqueres-per-la-construccio-de-la-Via-Laietana.jpg" />
	<meta property="og:image:width" content="1190" />
	<meta property="og:image:height" content="772" />
	<meta property="og:image:type" content="image/jpeg" />
<meta name="twitter:card" content="summary_large_image" />
<meta name="twitter:label1" content="Temps estimat de lectura" />
	<meta name="twitter:data1" content="1 minut" />
<script type="application/ld+json" class="yoast-schema-graph">{"@context":"https:\/\/schema.org","@graph":[{"@type":"WebPage","@id":"https:\/\/arxiusoberts.gir.cat\/ca\/narrativa\/els-carrers-desaperaguts-de-via-laietana\/","url":"https:\/\/arxiusoberts.gir.cat\/ca\/narrativa\/els-carrers-desaperaguts-de-via-laietana\/","name":"Els carrers desapareguts de Via Laietana - Arxius Oberts","isPartOf":{"@id":"https:\/\/arxiusoberts.gir.cat\/ca\/#website"},"primaryImageOfPage":{"@id":"https:\/\/arxiusoberts.gir.cat\/ca\/narrativa\/els-carrers-desaperaguts-de-via-laietana\/#primaryimage"},"image":{"@id":"https:\/\/arxiusoberts.gir.cat\/ca\/narrativa\/els-carrers-desaperaguts-de-via-laietana\/#primaryimage"},"thumbnailUrl":"https:\/\/arxiusoberts.gir.cat\/wp-content\/uploads\/2021\/12\/Obres-a-la-Placa-de-Jonqueres-per-la-construccio-de-la-Via-Laietana.jpg","datePublished":"2021-12-22T10:48:41+00:00","dateModified":"2023-03-29T13:35:57+00:00","breadcrumb":{"@id":"https:\/\/arxiusoberts.gir.cat\/ca\/narrativa\/els-carrers-desaperaguts-de-via-laietana\/#breadcrumb"},"inLanguage":"ca","potentialAction":[{"@type":"ReadAction","target":["https:\/\/arxiusoberts.gir.cat\/ca\/narrativa\/els-carrers-desaperaguts-de-via-laietana\/"]}]},{"@type":"ImageObject","inLanguage":"ca","@id":"https:\/\/arxiusoberts.gir.cat\/ca\/narrativa\/els-carrers-desaperaguts-de-via-laietana\/#primaryimage","url":"https:\/\/arxiusoberts.gir.cat\/wp-content\/uploads\/2021\/12\/Obres-a-la-Placa-de-Jonqueres-per-la-construccio-de-la-Via-Laietana.jpg","contentUrl":"https:\/\/arxiusoberts.gir.cat\/wp-content\/uploads\/2021\/12\/Obres-a-la-Placa-de-Jonqueres-per-la-construccio-de-la-Via-Laietana.jpg","width":1190,"height":772},{"@type":"BreadcrumbList","@id":"https:\/\/arxiusoberts.gir.cat\/ca\/narrativa\/els-carrers-desaperaguts-de-via-laietana\/#breadcrumb","itemListElement":[{"@type":"ListItem","position":1,"name":"Inici","item":"https:\/\/arxiusoberts.gir.cat\/ca\/"},{"@type":"ListItem","position":2,"name":"Els carrers desapareguts de Via Laietana"}]},{"@type":"WebSite","@id":"https:\/\/arxiusoberts.gir.cat\/ca\/#website","url":"https:\/\/arxiusoberts.gir.cat\/ca\/","name":"Arxius Oberts","description":"Narratives comunitàries de Barcelona","potentialAction":[{"@type":"SearchAction","target":{"@type":"EntryPoint","urlTemplate":"https:\/\/arxiusoberts.gir.cat\/ca\/?s={search_term_string}"},"query-input":{"@type":"PropertyValueSpecification","valueRequired":true,"valueName":"search_term_string"}}],"inLanguage":"ca"}]}</script>
<!-- / Yoast SEO plugin. -->

La Via Laietana és un dels principals carrers de connexió entre l’Eixample de Barcelona i el port. La seva obertura, fa un segle, va suposar la reforma urbanística més gran feta mai a Barcelona. La via, de 900 metres de llarg, va esbudellar la Ciutat Vella, i va implicar l’enderroc de centenars d’edificis, la desaparició [&hellip;]

Narratives comunitàries de Barcelona
