 {"id":4453,"date":"2023-10-01T15:30:38","date_gmt":"2023-10-01T13:30:38","guid":{"rendered":"http:\/\/localhost\/arxiusoberts.cat\/ca\/?post_type=narrativa&#038;p=4453"},"modified":"2023-12-06T16:21:30","modified_gmt":"2023-12-06T14:21:30","slug":"trinitat-vella-abans-i-ara","status":"publish","type":"narrativa","link":"https:\/\/arxiusoberts.gir.cat\/ca\/narrativa\/trinitat-vella-abans-i-ara\/","title":{"rendered":"Trinitat Vella. Abans i ara"},"content":{"rendered":"<p><span data-sheets-value=\"{&quot;1&quot;:2,&quot;2&quot;:&quot;Entre el 1952 i el 1954 va canviar radicalment l\u2019aspecte des\u00e8rtic i camperol de la Trinitat. Part de les vinyes van desapar\u00e8ixer i van donar lloc a blocs d\u2019habitatges, i la part m\u00e9s alta es va convertir en pres\u00f3. Pocs anys despr\u00e9s, una pol\u00edtica d\u2019expansi\u00f3 de noves vies de circulaci\u00f3 va separar la Trinitat en dos barris, la Trinitat Nova i la Trinitat Vella. El tren del nord va desapar\u00e8ixer el 1960, i un any m\u00e9s tard s\u2019hi va inaugurar la prolongaci\u00f3 de l'avinguda Meridiana. El darrer canvi urban\u00edstic que ha sofert aquest barri ha estat la construcci\u00f3 del Nus de la Trinitat, l\u2019any 1992, eix i conflu\u00e8ncia de les rondes que envolten la ciutat de Barcelona.&quot;}\" data-sheets-userformat=\"{&quot;2&quot;:817,&quot;3&quot;:{&quot;1&quot;:0},&quot;7&quot;:{&quot;1&quot;:[{&quot;1&quot;:2,&quot;2&quot;:0,&quot;5&quot;:{&quot;1&quot;:2,&quot;2&quot;:0}},{&quot;1&quot;:0,&quot;2&quot;:0,&quot;3&quot;:3},{&quot;1&quot;:1,&quot;2&quot;:0,&quot;4&quot;:1}]},&quot;8&quot;:{&quot;1&quot;:[{&quot;1&quot;:2,&quot;2&quot;:0,&quot;5&quot;:{&quot;1&quot;:2,&quot;2&quot;:0}},{&quot;1&quot;:0,&quot;2&quot;:0,&quot;3&quot;:3},{&quot;1&quot;:1,&quot;2&quot;:0,&quot;4&quot;:1}]},&quot;11&quot;:4,&quot;12&quot;:0}\">Entre el 1952 i el 1954 va canviar radicalment l\u2019aspecte des\u00e8rtic i camperol de la Trinitat. Part de les vinyes van desapar\u00e8ixer i van donar lloc a blocs d\u2019habitatges, i la part m\u00e9s alta es va convertir en pres\u00f3. <\/span><\/p>\n<p><span data-sheets-value=\"{&quot;1&quot;:2,&quot;2&quot;:&quot;Entre el 1952 i el 1954 va canviar radicalment l\u2019aspecte des\u00e8rtic i camperol de la Trinitat. Part de les vinyes van desapar\u00e8ixer i van donar lloc a blocs d\u2019habitatges, i la part m\u00e9s alta es va convertir en pres\u00f3. Pocs anys despr\u00e9s, una pol\u00edtica d\u2019expansi\u00f3 de noves vies de circulaci\u00f3 va separar la Trinitat en dos barris, la Trinitat Nova i la Trinitat Vella. El tren del nord va desapar\u00e8ixer el 1960, i un any m\u00e9s tard s\u2019hi va inaugurar la prolongaci\u00f3 de l'avinguda Meridiana. El darrer canvi urban\u00edstic que ha sofert aquest barri ha estat la construcci\u00f3 del Nus de la Trinitat, l\u2019any 1992, eix i conflu\u00e8ncia de les rondes que envolten la ciutat de Barcelona.&quot;}\" data-sheets-userformat=\"{&quot;2&quot;:817,&quot;3&quot;:{&quot;1&quot;:0},&quot;7&quot;:{&quot;1&quot;:[{&quot;1&quot;:2,&quot;2&quot;:0,&quot;5&quot;:{&quot;1&quot;:2,&quot;2&quot;:0}},{&quot;1&quot;:0,&quot;2&quot;:0,&quot;3&quot;:3},{&quot;1&quot;:1,&quot;2&quot;:0,&quot;4&quot;:1}]},&quot;8&quot;:{&quot;1&quot;:[{&quot;1&quot;:2,&quot;2&quot;:0,&quot;5&quot;:{&quot;1&quot;:2,&quot;2&quot;:0}},{&quot;1&quot;:0,&quot;2&quot;:0,&quot;3&quot;:3},{&quot;1&quot;:1,&quot;2&quot;:0,&quot;4&quot;:1}]},&quot;11&quot;:4,&quot;12&quot;:0}\">Pocs anys despr\u00e9s, una pol\u00edtica d\u2019expansi\u00f3 de noves vies de circulaci\u00f3 va separar la Trinitat en dos barris, la Trinitat Nova i la Trinitat Vella. El tren del nord va desapar\u00e8ixer el 1960, i un any m\u00e9s tard s\u2019hi va inaugurar la prolongaci\u00f3 de l&#8217;avinguda Meridiana. <\/span><\/p>\n<p><span data-sheets-value=\"{&quot;1&quot;:2,&quot;2&quot;:&quot;Entre el 1952 i el 1954 va canviar radicalment l\u2019aspecte des\u00e8rtic i camperol de la Trinitat. Part de les vinyes van desapar\u00e8ixer i van donar lloc a blocs d\u2019habitatges, i la part m\u00e9s alta es va convertir en pres\u00f3. Pocs anys despr\u00e9s, una pol\u00edtica d\u2019expansi\u00f3 de noves vies de circulaci\u00f3 va separar la Trinitat en dos barris, la Trinitat Nova i la Trinitat Vella. El tren del nord va desapar\u00e8ixer el 1960, i un any m\u00e9s tard s\u2019hi va inaugurar la prolongaci\u00f3 de l'avinguda Meridiana. El darrer canvi urban\u00edstic que ha sofert aquest barri ha estat la construcci\u00f3 del Nus de la Trinitat, l\u2019any 1992, eix i conflu\u00e8ncia de les rondes que envolten la ciutat de Barcelona.&quot;}\" data-sheets-userformat=\"{&quot;2&quot;:817,&quot;3&quot;:{&quot;1&quot;:0},&quot;7&quot;:{&quot;1&quot;:[{&quot;1&quot;:2,&quot;2&quot;:0,&quot;5&quot;:{&quot;1&quot;:2,&quot;2&quot;:0}},{&quot;1&quot;:0,&quot;2&quot;:0,&quot;3&quot;:3},{&quot;1&quot;:1,&quot;2&quot;:0,&quot;4&quot;:1}]},&quot;8&quot;:{&quot;1&quot;:[{&quot;1&quot;:2,&quot;2&quot;:0,&quot;5&quot;:{&quot;1&quot;:2,&quot;2&quot;:0}},{&quot;1&quot;:0,&quot;2&quot;:0,&quot;3&quot;:3},{&quot;1&quot;:1,&quot;2&quot;:0,&quot;4&quot;:1}]},&quot;11&quot;:4,&quot;12&quot;:0}\">El darrer canvi urban\u00edstic que ha sofert aquest barri ha estat la construcci\u00f3 del Nus de la Trinitat, l\u2019any 1992, eix i conflu\u00e8ncia de les rondes que envolten la ciutat de Barcelona.<\/span><\/p>\n","protected":false},"featured_media":4474,"template":"","yoast_head":"<!-- This site is optimized with the Yoast SEO plugin v21.7 - https:\/\/yoast.com\/wordpress\/plugins\/seo\/ -->\n<title>Trinitat Vella. Abans i ara - Arxius Oberts<\/title>\n<meta name=\"robots\" content=\"index, follow, max-snippet:-1, max-image-preview:large, max-video-preview:-1\" \/>\n<link rel=\"canonical\" href=\"https:\/\/arxiusoberts.gir.cat\/ca\/narrativa\/trinitat-vella-abans-i-ara\/\" \/>\n<meta property=\"og:locale\" content=\"ca_ES\" \/>\n<meta property=\"og:type\" content=\"article\" \/>\n<meta property=\"og:title\" content=\"Trinitat Vella. Abans i ara - Arxius Oberts\" \/>\n<meta property=\"og:description\" content=\"Entre el 1952 i el 1954 va canviar radicalment l\u2019aspecte des\u00e8rtic i camperol de la Trinitat. Part de les vinyes van desapar\u00e8ixer i van donar lloc a blocs d\u2019habitatges, i la part m\u00e9s alta es va convertir en pres\u00f3. Pocs anys despr\u00e9s, una pol\u00edtica d\u2019expansi\u00f3 de noves vies de circulaci\u00f3 va separar la Trinitat en [&hellip;]\" \/>\n<meta property=\"og:url\" content=\"https:\/\/arxiusoberts.gir.cat\/ca\/narrativa\/trinitat-vella-abans-i-ara\/\" \/>\n<meta property=\"og:site_name\" content=\"Arxius Oberts\" \/>\n<meta property=\"article:modified_time\" content=\"2023-12-06T14:21:30+00:00\" \/>\n<meta property=\"og:image\" content=\"https:\/\/arxiusoberts.gir.cat\/wp-content\/uploads\/2023\/09\/corpus.jpg\" \/>\n\t<meta property=\"og:image:width\" content=\"2480\" \/>\n\t<meta property=\"og:image:height\" content=\"1752\" \/>\n\t<meta property=\"og:image:type\" content=\"image\/jpeg\" \/>\n<meta name=\"twitter:card\" content=\"summary_large_image\" \/>\n<meta name=\"twitter:label1\" content=\"Temps estimat de lectura\" \/>\n\t<meta name=\"twitter:data1\" content=\"1 minut\" \/>\n<script type=\"application\/ld+json\" class=\"yoast-schema-graph\">{\"@context\":\"https:\/\/schema.org\",\"@graph\":[{\"@type\":\"WebPage\",\"@id\":\"https:\/\/arxiusoberts.gir.cat\/ca\/narrativa\/trinitat-vella-abans-i-ara\/\",\"url\":\"https:\/\/arxiusoberts.gir.cat\/ca\/narrativa\/trinitat-vella-abans-i-ara\/\",\"name\":\"Trinitat Vella. Abans i ara - Arxius Oberts\",\"isPartOf\":{\"@id\":\"https:\/\/arxiusoberts.gir.cat\/ca\/#website\"},\"datePublished\":\"2023-10-01T13:30:38+00:00\",\"dateModified\":\"2023-12-06T14:21:30+00:00\",\"breadcrumb\":{\"@id\":\"https:\/\/arxiusoberts.gir.cat\/ca\/narrativa\/trinitat-vella-abans-i-ara\/#breadcrumb\"},\"inLanguage\":\"ca\",\"potentialAction\":[{\"@type\":\"ReadAction\",\"target\":[\"https:\/\/arxiusoberts.gir.cat\/ca\/narrativa\/trinitat-vella-abans-i-ara\/\"]}]},{\"@type\":\"BreadcrumbList\",\"@id\":\"https:\/\/arxiusoberts.gir.cat\/ca\/narrativa\/trinitat-vella-abans-i-ara\/#breadcrumb\",\"itemListElement\":[{\"@type\":\"ListItem\",\"position\":1,\"name\":\"Inici\",\"item\":\"https:\/\/arxiusoberts.gir.cat\/ca\/\"},{\"@type\":\"ListItem\",\"position\":2,\"name\":\"Trinitat Vella. Abans i ara\"}]},{\"@type\":\"WebSite\",\"@id\":\"https:\/\/arxiusoberts.gir.cat\/ca\/#website\",\"url\":\"https:\/\/arxiusoberts.gir.cat\/ca\/\",\"name\":\"Arxius Oberts\",\"description\":\"Narratives comunit\u00e0ries de Barcelona\",\"potentialAction\":[{\"@type\":\"SearchAction\",\"target\":{\"@type\":\"EntryPoint\",\"urlTemplate\":\"https:\/\/arxiusoberts.gir.cat\/ca\/?s={search_term_string}\"},\"query-input\":\"required name=search_term_string\"}],\"inLanguage\":\"ca\"}]}<\/script>\n<!-- \/ Yoast SEO plugin. -->","yoast_head_json":{"title":"Trinitat Vella. Abans i ara - Arxius Oberts","robots":{"index":"index","follow":"follow","max-snippet":"max-snippet:-1","max-image-preview":"max-image-preview:large","max-video-preview":"max-video-preview:-1"},"canonical":"https:\/\/arxiusoberts.gir.cat\/ca\/narrativa\/trinitat-vella-abans-i-ara\/","og_locale":"ca_ES","og_type":"article","og_title":"Trinitat Vella. Abans i ara - Arxius Oberts","og_description":"Entre el 1952 i el 1954 va canviar radicalment l\u2019aspecte des\u00e8rtic i camperol de la Trinitat. Part de les vinyes van desapar\u00e8ixer i van donar lloc a blocs d\u2019habitatges, i la part m\u00e9s alta es va convertir en pres\u00f3. Pocs anys despr\u00e9s, una pol\u00edtica d\u2019expansi\u00f3 de noves vies de circulaci\u00f3 va separar la Trinitat en [&hellip;]","og_url":"https:\/\/arxiusoberts.gir.cat\/ca\/narrativa\/trinitat-vella-abans-i-ara\/","og_site_name":"Arxius Oberts","article_modified_time":"2023-12-06T14:21:30+00:00","og_image":[{"width":2480,"height":1752,"url":"https:\/\/arxiusoberts.gir.cat\/wp-content\/uploads\/2023\/09\/corpus.jpg","type":"image\/jpeg"}],"twitter_card":"summary_large_image","twitter_misc":{"Temps estimat de lectura":"1 minut"},"schema":{"@context":"https:\/\/schema.org","@graph":[{"@type":"WebPage","@id":"https:\/\/arxiusoberts.gir.cat\/ca\/narrativa\/trinitat-vella-abans-i-ara\/","url":"https:\/\/arxiusoberts.gir.cat\/ca\/narrativa\/trinitat-vella-abans-i-ara\/","name":"Trinitat Vella. Abans i ara - Arxius Oberts","isPartOf":{"@id":"https:\/\/arxiusoberts.gir.cat\/ca\/#website"},"datePublished":"2023-10-01T13:30:38+00:00","dateModified":"2023-12-06T14:21:30+00:00","breadcrumb":{"@id":"https:\/\/arxiusoberts.gir.cat\/ca\/narrativa\/trinitat-vella-abans-i-ara\/#breadcrumb"},"inLanguage":"ca","potentialAction":[{"@type":"ReadAction","target":["https:\/\/arxiusoberts.gir.cat\/ca\/narrativa\/trinitat-vella-abans-i-ara\/"]}]},{"@type":"BreadcrumbList","@id":"https:\/\/arxiusoberts.gir.cat\/ca\/narrativa\/trinitat-vella-abans-i-ara\/#breadcrumb","itemListElement":[{"@type":"ListItem","position":1,"name":"Inici","item":"https:\/\/arxiusoberts.gir.cat\/ca\/"},{"@type":"ListItem","position":2,"name":"Trinitat Vella. Abans i ara"}]},{"@type":"WebSite","@id":"https:\/\/arxiusoberts.gir.cat\/ca\/#website","url":"https:\/\/arxiusoberts.gir.cat\/ca\/","name":"Arxius Oberts","description":"Narratives comunit\u00e0ries de Barcelona","potentialAction":[{"@type":"SearchAction","target":{"@type":"EntryPoint","urlTemplate":"https:\/\/arxiusoberts.gir.cat\/ca\/?s={search_term_string}"},"query-input":"required name=search_term_string"}],"inLanguage":"ca"}]}},"_links":{"self":[{"href":"https:\/\/arxiusoberts.gir.cat\/ca\/wp-json\/wp\/v2\/narrativa\/4453"}],"collection":[{"href":"https:\/\/arxiusoberts.gir.cat\/ca\/wp-json\/wp\/v2\/narrativa"}],"about":[{"href":"https:\/\/arxiusoberts.gir.cat\/ca\/wp-json\/wp\/v2\/types\/narrativa"}],"wp:featuredmedia":[{"embeddable":true,"href":"https:\/\/arxiusoberts.gir.cat\/ca\/wp-json\/wp\/v2\/media\/4474"}],"wp:attachment":[{"href":"https:\/\/arxiusoberts.gir.cat\/ca\/wp-json\/wp\/v2\/media?parent=4453"}],"curies":[{"name":"wp","href":"https:\/\/api.w.org\/{rel}","templated":true}]}}

<p><span data-sheets-value="{&quot;1&quot;:2,&quot;2&quot;:&quot;Entre el 1952 i el 1954 va canviar radicalment l’aspecte desèrtic i camperol de la Trinitat. Part de les vinyes van desaparèixer i van donar lloc a blocs d’habitatges, i la part més alta es va convertir en presó. Pocs anys després, una política d’expansió de noves vies de circulació va separar la Trinitat en dos barris, la Trinitat Nova i la Trinitat Vella. El tren del nord va desaparèixer el 1960, i un any més tard s’hi va inaugurar la prolongació de l'avinguda Meridiana. El darrer canvi urbanístic que ha sofert aquest barri ha estat la construcció del Nus de la Trinitat, l’any 1992, eix i confluència de les rondes que envolten la ciutat de Barcelona.&quot;}" data-sheets-userformat="{&quot;2&quot;:817,&quot;3&quot;:{&quot;1&quot;:0},&quot;7&quot;:{&quot;1&quot;:[{&quot;1&quot;:2,&quot;2&quot;:0,&quot;5&quot;:{&quot;1&quot;:2,&quot;2&quot;:0}},{&quot;1&quot;:0,&quot;2&quot;:0,&quot;3&quot;:3},{&quot;1&quot;:1,&quot;2&quot;:0,&quot;4&quot;:1}]},&quot;8&quot;:{&quot;1&quot;:[{&quot;1&quot;:2,&quot;2&quot;:0,&quot;5&quot;:{&quot;1&quot;:2,&quot;2&quot;:0}},{&quot;1&quot;:0,&quot;2&quot;:0,&quot;3&quot;:3},{&quot;1&quot;:1,&quot;2&quot;:0,&quot;4&quot;:1}]},&quot;11&quot;:4,&quot;12&quot;:0}">Entre el 1952 i el 1954 va canviar radicalment l’aspecte desèrtic i camperol de la Trinitat. Part de les vinyes van desaparèixer i van donar lloc a blocs d’habitatges, i la part més alta es va convertir en presó. </span></p>
<p><span data-sheets-value="{&quot;1&quot;:2,&quot;2&quot;:&quot;Entre el 1952 i el 1954 va canviar radicalment l’aspecte desèrtic i camperol de la Trinitat. Part de les vinyes van desaparèixer i van donar lloc a blocs d’habitatges, i la part més alta es va convertir en presó. Pocs anys després, una política d’expansió de noves vies de circulació va separar la Trinitat en dos barris, la Trinitat Nova i la Trinitat Vella. El tren del nord va desaparèixer el 1960, i un any més tard s’hi va inaugurar la prolongació de l'avinguda Meridiana. El darrer canvi urbanístic que ha sofert aquest barri ha estat la construcció del Nus de la Trinitat, l’any 1992, eix i confluència de les rondes que envolten la ciutat de Barcelona.&quot;}" data-sheets-userformat="{&quot;2&quot;:817,&quot;3&quot;:{&quot;1&quot;:0},&quot;7&quot;:{&quot;1&quot;:[{&quot;1&quot;:2,&quot;2&quot;:0,&quot;5&quot;:{&quot;1&quot;:2,&quot;2&quot;:0}},{&quot;1&quot;:0,&quot;2&quot;:0,&quot;3&quot;:3},{&quot;1&quot;:1,&quot;2&quot;:0,&quot;4&quot;:1}]},&quot;8&quot;:{&quot;1&quot;:[{&quot;1&quot;:2,&quot;2&quot;:0,&quot;5&quot;:{&quot;1&quot;:2,&quot;2&quot;:0}},{&quot;1&quot;:0,&quot;2&quot;:0,&quot;3&quot;:3},{&quot;1&quot;:1,&quot;2&quot;:0,&quot;4&quot;:1}]},&quot;11&quot;:4,&quot;12&quot;:0}">Pocs anys després, una política d’expansió de noves vies de circulació va separar la Trinitat en dos barris, la Trinitat Nova i la Trinitat Vella. El tren del nord va desaparèixer el 1960, i un any més tard s’hi va inaugurar la prolongació de l&#8217;avinguda Meridiana. </span></p>
<p><span data-sheets-value="{&quot;1&quot;:2,&quot;2&quot;:&quot;Entre el 1952 i el 1954 va canviar radicalment l’aspecte desèrtic i camperol de la Trinitat. Part de les vinyes van desaparèixer i van donar lloc a blocs d’habitatges, i la part més alta es va convertir en presó. Pocs anys després, una política d’expansió de noves vies de circulació va separar la Trinitat en dos barris, la Trinitat Nova i la Trinitat Vella. El tren del nord va desaparèixer el 1960, i un any més tard s’hi va inaugurar la prolongació de l'avinguda Meridiana. El darrer canvi urbanístic que ha sofert aquest barri ha estat la construcció del Nus de la Trinitat, l’any 1992, eix i confluència de les rondes que envolten la ciutat de Barcelona.&quot;}" data-sheets-userformat="{&quot;2&quot;:817,&quot;3&quot;:{&quot;1&quot;:0},&quot;7&quot;:{&quot;1&quot;:[{&quot;1&quot;:2,&quot;2&quot;:0,&quot;5&quot;:{&quot;1&quot;:2,&quot;2&quot;:0}},{&quot;1&quot;:0,&quot;2&quot;:0,&quot;3&quot;:3},{&quot;1&quot;:1,&quot;2&quot;:0,&quot;4&quot;:1}]},&quot;8&quot;:{&quot;1&quot;:[{&quot;1&quot;:2,&quot;2&quot;:0,&quot;5&quot;:{&quot;1&quot;:2,&quot;2&quot;:0}},{&quot;1&quot;:0,&quot;2&quot;:0,&quot;3&quot;:3},{&quot;1&quot;:1,&quot;2&quot;:0,&quot;4&quot;:1}]},&quot;11&quot;:4,&quot;12&quot;:0}">El darrer canvi urbanístic que ha sofert aquest barri ha estat la construcció del Nus de la Trinitat, l’any 1992, eix i confluència de les rondes que envolten la ciutat de Barcelona.</span></p>

<!-- This site is optimized with the Yoast SEO plugin v21.7 - https://yoast.com/wordpress/plugins/seo/ -->
<title>Trinitat Vella. Abans i ara - Arxius Oberts</title>
<meta name="robots" content="index, follow, max-snippet:-1, max-image-preview:large, max-video-preview:-1" />
<link rel="canonical" href="https://arxiusoberts.gir.cat/ca/narrativa/trinitat-vella-abans-i-ara/" />
<meta property="og:locale" content="ca_ES" />
<meta property="og:type" content="article" />
<meta property="og:title" content="Trinitat Vella. Abans i ara - Arxius Oberts" />
<meta property="og:description" content="Entre el 1952 i el 1954 va canviar radicalment l’aspecte desèrtic i camperol de la Trinitat. Part de les vinyes van desaparèixer i van donar lloc a blocs d’habitatges, i la part més alta es va convertir en presó. Pocs anys després, una política d’expansió de noves vies de circulació va separar la Trinitat en [&hellip;]" />
<meta property="og:url" content="https://arxiusoberts.gir.cat/ca/narrativa/trinitat-vella-abans-i-ara/" />
<meta property="og:site_name" content="Arxius Oberts" />
<meta property="article:modified_time" content="2023-12-06T14:21:30+00:00" />
<meta property="og:image" content="https://arxiusoberts.gir.cat/wp-content/uploads/2023/09/corpus.jpg" />
	<meta property="og:image:width" content="2480" />
	<meta property="og:image:height" content="1752" />
	<meta property="og:image:type" content="image/jpeg" />
<meta name="twitter:card" content="summary_large_image" />
<meta name="twitter:label1" content="Temps estimat de lectura" />
	<meta name="twitter:data1" content="1 minut" />
<script type="application/ld+json" class="yoast-schema-graph">{"@context":"https://schema.org","@graph":[{"@type":"WebPage","@id":"https://arxiusoberts.gir.cat/ca/narrativa/trinitat-vella-abans-i-ara/","url":"https://arxiusoberts.gir.cat/ca/narrativa/trinitat-vella-abans-i-ara/","name":"Trinitat Vella. Abans i ara - Arxius Oberts","isPartOf":{"@id":"https://arxiusoberts.gir.cat/ca/#website"},"datePublished":"2023-10-01T13:30:38+00:00","dateModified":"2023-12-06T14:21:30+00:00","breadcrumb":{"@id":"https://arxiusoberts.gir.cat/ca/narrativa/trinitat-vella-abans-i-ara/#breadcrumb"},"inLanguage":"ca","potentialAction":[{"@type":"ReadAction","target":["https://arxiusoberts.gir.cat/ca/narrativa/trinitat-vella-abans-i-ara/"]}]},{"@type":"BreadcrumbList","@id":"https://arxiusoberts.gir.cat/ca/narrativa/trinitat-vella-abans-i-ara/#breadcrumb","itemListElement":[{"@type":"ListItem","position":1,"name":"Inici","item":"https://arxiusoberts.gir.cat/ca/"},{"@type":"ListItem","position":2,"name":"Trinitat Vella. Abans i ara"}]},{"@type":"WebSite","@id":"https://arxiusoberts.gir.cat/ca/#website","url":"https://arxiusoberts.gir.cat/ca/","name":"Arxius Oberts","description":"Narratives comunitàries de Barcelona","potentialAction":[{"@type":"SearchAction","target":{"@type":"EntryPoint","urlTemplate":"https://arxiusoberts.gir.cat/ca/?s={search_term_string}"},"query-input":"required name=search_term_string"}],"inLanguage":"ca"}]}</script>
<!-- / Yoast SEO plugin. -->

Entre el 1952 i el 1954 va canviar radicalment l’aspecte desèrtic i camperol de la Trinitat. Part de les vinyes van desaparèixer i van donar lloc a blocs d’habitatges, i la part més alta es va convertir en presó. Pocs anys després, una política d’expansió de noves vies de circulació va separar la Trinitat en [&hellip;]

Narratives comunitàries de Barcelona
