 {"id":131,"date":"2020-11-03T17:14:28","date_gmt":"2020-11-03T15:14:28","guid":{"rendered":"http:\/\/localhost\/arxiusoberts.cat\/?page_id=131"},"modified":"2023-05-04T15:43:54","modified_gmt":"2023-05-04T13:43:54","slug":"qui-som","status":"publish","type":"page","link":"https:\/\/arxiusoberts.gir.cat\/ca\/qui-som\/","title":{"rendered":"Qui som"},"content":{"rendered":"<p>El projecte Arxius Oberts t\u00e9 com a objectiu identificar i visibilitzar el conjunt d\u2019arxius digitals culturals de valor p\u00fablic existents a Barcelona, tant aquells gestionats des de les institucions i arxius municipals, com aquells gestionats pel teixit associatiu i ciutad\u00e0, difonent la idea dels arxius com a b\u00e9 cultural com\u00fa. El projecte vol habilitar un laboratori d\u2019innovaci\u00f3 participativa, ent\u00e8s com un entorn experimental on es democratitzi l\u2019acc\u00e9s a arxius digitals culturals; i capacitar tecnol\u00f2gicament a les comunitats, realitzant projectes culturals amb retorn social i participaci\u00f3 ciutadana. S\u2019exploren noves maneres de donar a con\u00e8ixer els arxius a trav\u00e9s de narratives culturals digitals; generar-ne de nous des d\u2019una \u00f2ptica de digitalitzaci\u00f3 de patrimoni cultural \u2013 tant material com immaterial-, i de recuperaci\u00f3 de la mem\u00f2ria hist\u00f2rica; i caracteritzar la identitat dels barris i de les seves comunitats a trav\u00e9s dels seus arxius digitals.<\/p>\n<p>El projecte parteix d\u2019una recerca a l\u2019entorn de l\u2019estat de l\u2019art; un mapeig dels actius digitals culturals de la ciutat; una etnografia situada per identificar les comunitats vinculades i els seus projectes; aix\u00ed com un d\u2019identificaci\u00f3 de reptes col\u00b7lectius i codisseny d\u2019escenaris. Aquestes discussions i sessions de treball participatives han sigut el punt de partida per consensuar, de forma col\u00b7lectiva, qu\u00e8 entenem com un \u201carxiu obert digital\u201d, tant des del punt de vista de l\u2019acc\u00e9s i la propietat intel\u00b7lectual, com la descripci\u00f3 i de la publicaci\u00f3, aix\u00ed com tamb\u00e9 altres aspectes com quins s\u00f3n els seus possibles usos i el seu grau de circularitat.<\/p>\n<p>Amb la voluntat i la necessitat de donar a con\u00e8ixer els arxius digitalitzats de valor social existents a Barcelona, Arxius Oberts vol seguir articulant processos de recerca-acci\u00f3 per definir, de forma comunit\u00e0ria, qu\u00e8 entenem com a arxiu digital cultural obert i accessible; i per, a partir d\u2019aqu\u00ed, poder fomentar i facilitar a les comunitats l\u2019\u00fas efectiu dels actius digitals culturals de la ciutat, tant els de car\u00e0cter p\u00fablic com privat.<\/p>\n","protected":false},"excerpt":{"rendered":"<p>El projecte Arxius Oberts t\u00e9 com a objectiu identificar i visibilitzar el conjunt d\u2019arxius digitals culturals de valor p\u00fablic existents a Barcelona, tant aquells gestionats des de les institucions i arxius municipals, com aquells gestionats pel teixit associatiu i ciutad\u00e0, difonent la idea dels arxius com a b\u00e9 cultural com\u00fa. El projecte vol habilitar un [&hellip;]<\/p>\n","protected":false},"author":3,"featured_media":4395,"parent":0,"menu_order":0,"comment_status":"closed","ping_status":"closed","template":"","meta":{"footnotes":""},"yoast_head":"<!-- This site is optimized with the Yoast SEO plugin v21.7 - https:\/\/yoast.com\/wordpress\/plugins\/seo\/ -->\n<title>Qui som - Arxius Oberts<\/title>\n<meta name=\"robots\" content=\"index, follow, max-snippet:-1, max-image-preview:large, max-video-preview:-1\" \/>\n<link rel=\"canonical\" href=\"https:\/\/arxiusoberts.gir.cat\/ca\/qui-som\/\" \/>\n<meta property=\"og:locale\" content=\"ca_ES\" \/>\n<meta property=\"og:type\" content=\"article\" \/>\n<meta property=\"og:title\" content=\"Qui som - Arxius Oberts\" \/>\n<meta property=\"og:description\" content=\"El projecte Arxius Oberts t\u00e9 com a objectiu identificar i visibilitzar el conjunt d\u2019arxius digitals culturals de valor p\u00fablic existents a Barcelona, tant aquells gestionats des de les institucions i arxius municipals, com aquells gestionats pel teixit associatiu i ciutad\u00e0, difonent la idea dels arxius com a b\u00e9 cultural com\u00fa. El projecte vol habilitar un [&hellip;]\" \/>\n<meta property=\"og:url\" content=\"https:\/\/arxiusoberts.gir.cat\/ca\/qui-som\/\" \/>\n<meta property=\"og:site_name\" content=\"Arxius Oberts\" \/>\n<meta property=\"article:modified_time\" content=\"2023-05-04T13:43:54+00:00\" \/>\n<meta property=\"og:image\" content=\"https:\/\/arxiusoberts.gir.cat\/wp-content\/uploads\/2023\/03\/la_rambla_parada_de_fruita.jpeg\" \/>\n\t<meta property=\"og:image:width\" content=\"1085\" \/>\n\t<meta property=\"og:image:height\" content=\"788\" \/>\n\t<meta property=\"og:image:type\" content=\"image\/jpeg\" \/>\n<meta name=\"twitter:card\" content=\"summary_large_image\" \/>\n<meta name=\"twitter:label1\" content=\"Temps estimat de lectura\" \/>\n\t<meta name=\"twitter:data1\" content=\"2 minuts\" \/>\n<script type=\"application\/ld+json\" class=\"yoast-schema-graph\">{\"@context\":\"https:\/\/schema.org\",\"@graph\":[{\"@type\":[\"WebPage\",\"AboutPage\"],\"@id\":\"https:\/\/arxiusoberts.gir.cat\/ca\/qui-som\/\",\"url\":\"https:\/\/arxiusoberts.gir.cat\/ca\/qui-som\/\",\"name\":\"Qui som - Arxius Oberts\",\"isPartOf\":{\"@id\":\"https:\/\/arxiusoberts.gir.cat\/ca\/#website\"},\"datePublished\":\"2020-11-03T15:14:28+00:00\",\"dateModified\":\"2023-05-04T13:43:54+00:00\",\"breadcrumb\":{\"@id\":\"https:\/\/arxiusoberts.gir.cat\/ca\/qui-som\/#breadcrumb\"},\"inLanguage\":\"ca\",\"potentialAction\":[{\"@type\":\"ReadAction\",\"target\":[\"https:\/\/arxiusoberts.gir.cat\/ca\/qui-som\/\"]}]},{\"@type\":\"BreadcrumbList\",\"@id\":\"https:\/\/arxiusoberts.gir.cat\/ca\/qui-som\/#breadcrumb\",\"itemListElement\":[{\"@type\":\"ListItem\",\"position\":1,\"name\":\"Inici\",\"item\":\"https:\/\/arxiusoberts.gir.cat\/ca\/\"},{\"@type\":\"ListItem\",\"position\":2,\"name\":\"Qui som\"}]},{\"@type\":\"WebSite\",\"@id\":\"https:\/\/arxiusoberts.gir.cat\/ca\/#website\",\"url\":\"https:\/\/arxiusoberts.gir.cat\/ca\/\",\"name\":\"Arxius Oberts\",\"description\":\"Narratives comunit\u00e0ries de Barcelona\",\"potentialAction\":[{\"@type\":\"SearchAction\",\"target\":{\"@type\":\"EntryPoint\",\"urlTemplate\":\"https:\/\/arxiusoberts.gir.cat\/ca\/?s={search_term_string}\"},\"query-input\":\"required name=search_term_string\"}],\"inLanguage\":\"ca\"}]}<\/script>\n<!-- \/ Yoast SEO plugin. -->","yoast_head_json":{"title":"Qui som - Arxius Oberts","robots":{"index":"index","follow":"follow","max-snippet":"max-snippet:-1","max-image-preview":"max-image-preview:large","max-video-preview":"max-video-preview:-1"},"canonical":"https:\/\/arxiusoberts.gir.cat\/ca\/qui-som\/","og_locale":"ca_ES","og_type":"article","og_title":"Qui som - Arxius Oberts","og_description":"El projecte Arxius Oberts t\u00e9 com a objectiu identificar i visibilitzar el conjunt d\u2019arxius digitals culturals de valor p\u00fablic existents a Barcelona, tant aquells gestionats des de les institucions i arxius municipals, com aquells gestionats pel teixit associatiu i ciutad\u00e0, difonent la idea dels arxius com a b\u00e9 cultural com\u00fa. El projecte vol habilitar un [&hellip;]","og_url":"https:\/\/arxiusoberts.gir.cat\/ca\/qui-som\/","og_site_name":"Arxius Oberts","article_modified_time":"2023-05-04T13:43:54+00:00","og_image":[{"width":1085,"height":788,"url":"https:\/\/arxiusoberts.gir.cat\/wp-content\/uploads\/2023\/03\/la_rambla_parada_de_fruita.jpeg","type":"image\/jpeg"}],"twitter_card":"summary_large_image","twitter_misc":{"Temps estimat de lectura":"2 minuts"},"schema":{"@context":"https:\/\/schema.org","@graph":[{"@type":["WebPage","AboutPage"],"@id":"https:\/\/arxiusoberts.gir.cat\/ca\/qui-som\/","url":"https:\/\/arxiusoberts.gir.cat\/ca\/qui-som\/","name":"Qui som - Arxius Oberts","isPartOf":{"@id":"https:\/\/arxiusoberts.gir.cat\/ca\/#website"},"datePublished":"2020-11-03T15:14:28+00:00","dateModified":"2023-05-04T13:43:54+00:00","breadcrumb":{"@id":"https:\/\/arxiusoberts.gir.cat\/ca\/qui-som\/#breadcrumb"},"inLanguage":"ca","potentialAction":[{"@type":"ReadAction","target":["https:\/\/arxiusoberts.gir.cat\/ca\/qui-som\/"]}]},{"@type":"BreadcrumbList","@id":"https:\/\/arxiusoberts.gir.cat\/ca\/qui-som\/#breadcrumb","itemListElement":[{"@type":"ListItem","position":1,"name":"Inici","item":"https:\/\/arxiusoberts.gir.cat\/ca\/"},{"@type":"ListItem","position":2,"name":"Qui som"}]},{"@type":"WebSite","@id":"https:\/\/arxiusoberts.gir.cat\/ca\/#website","url":"https:\/\/arxiusoberts.gir.cat\/ca\/","name":"Arxius Oberts","description":"Narratives comunit\u00e0ries de Barcelona","potentialAction":[{"@type":"SearchAction","target":{"@type":"EntryPoint","urlTemplate":"https:\/\/arxiusoberts.gir.cat\/ca\/?s={search_term_string}"},"query-input":"required name=search_term_string"}],"inLanguage":"ca"}]}},"_links":{"self":[{"href":"https:\/\/arxiusoberts.gir.cat\/ca\/wp-json\/wp\/v2\/pages\/131"}],"collection":[{"href":"https:\/\/arxiusoberts.gir.cat\/ca\/wp-json\/wp\/v2\/pages"}],"about":[{"href":"https:\/\/arxiusoberts.gir.cat\/ca\/wp-json\/wp\/v2\/types\/page"}],"author":[{"embeddable":true,"href":"https:\/\/arxiusoberts.gir.cat\/ca\/wp-json\/wp\/v2\/users\/3"}],"replies":[{"embeddable":true,"href":"https:\/\/arxiusoberts.gir.cat\/ca\/wp-json\/wp\/v2\/comments?post=131"}],"version-history":[{"count":5,"href":"https:\/\/arxiusoberts.gir.cat\/ca\/wp-json\/wp\/v2\/pages\/131\/revisions"}],"predecessor-version":[{"id":4408,"href":"https:\/\/arxiusoberts.gir.cat\/ca\/wp-json\/wp\/v2\/pages\/131\/revisions\/4408"}],"wp:featuredmedia":[{"embeddable":true,"href":"https:\/\/arxiusoberts.gir.cat\/ca\/wp-json\/wp\/v2\/media\/4395"}],"wp:attachment":[{"href":"https:\/\/arxiusoberts.gir.cat\/ca\/wp-json\/wp\/v2\/media?parent=131"}],"curies":[{"name":"wp","href":"https:\/\/api.w.org\/{rel}","templated":true}]}}

<p>El projecte Arxius Oberts té com a objectiu identificar i visibilitzar el conjunt d’arxius digitals culturals de valor públic existents a Barcelona, tant aquells gestionats des de les institucions i arxius municipals, com aquells gestionats pel teixit associatiu i ciutadà, difonent la idea dels arxius com a bé cultural comú. El projecte vol habilitar un laboratori d’innovació participativa, entès com un entorn experimental on es democratitzi l’accés a arxius digitals culturals; i capacitar tecnològicament a les comunitats, realitzant projectes culturals amb retorn social i participació ciutadana. S’exploren noves maneres de donar a conèixer els arxius a través de narratives culturals digitals; generar-ne de nous des d’una òptica de digitalització de patrimoni cultural – tant material com immaterial-, i de recuperació de la memòria històrica; i caracteritzar la identitat dels barris i de les seves comunitats a través dels seus arxius digitals.</p>
<p>El projecte parteix d’una recerca a l’entorn de l’estat de l’art; un mapeig dels actius digitals culturals de la ciutat; una etnografia situada per identificar les comunitats vinculades i els seus projectes; així com un d’identificació de reptes col·lectius i codisseny d’escenaris. Aquestes discussions i sessions de treball participatives han sigut el punt de partida per consensuar, de forma col·lectiva, què entenem com un “arxiu obert digital”, tant des del punt de vista de l’accés i la propietat intel·lectual, com la descripció i de la publicació, així com també altres aspectes com quins són els seus possibles usos i el seu grau de circularitat.</p>
<p>Amb la voluntat i la necessitat de donar a conèixer els arxius digitalitzats de valor social existents a Barcelona, Arxius Oberts vol seguir articulant processos de recerca-acció per definir, de forma comunitària, què entenem com a arxiu digital cultural obert i accessible; i per, a partir d’aquí, poder fomentar i facilitar a les comunitats l’ús efectiu dels actius digitals culturals de la ciutat, tant els de caràcter públic com privat.</p>

<p>El projecte Arxius Oberts té com a objectiu identificar i visibilitzar el conjunt d’arxius digitals culturals de valor públic existents a Barcelona, tant aquells gestionats des de les institucions i arxius municipals, com aquells gestionats pel teixit associatiu i ciutadà, difonent la idea dels arxius com a bé cultural comú. El projecte vol habilitar un [&hellip;]</p>

<!-- This site is optimized with the Yoast SEO plugin v21.7 - https://yoast.com/wordpress/plugins/seo/ -->
<title>Qui som - Arxius Oberts</title>
<meta name="robots" content="index, follow, max-snippet:-1, max-image-preview:large, max-video-preview:-1" />
<link rel="canonical" href="https://arxiusoberts.gir.cat/ca/qui-som/" />
<meta property="og:locale" content="ca_ES" />
<meta property="og:type" content="article" />
<meta property="og:title" content="Qui som - Arxius Oberts" />
<meta property="og:description" content="El projecte Arxius Oberts té com a objectiu identificar i visibilitzar el conjunt d’arxius digitals culturals de valor públic existents a Barcelona, tant aquells gestionats des de les institucions i arxius municipals, com aquells gestionats pel teixit associatiu i ciutadà, difonent la idea dels arxius com a bé cultural comú. El projecte vol habilitar un [&hellip;]" />
<meta property="og:url" content="https://arxiusoberts.gir.cat/ca/qui-som/" />
<meta property="og:site_name" content="Arxius Oberts" />
<meta property="article:modified_time" content="2023-05-04T13:43:54+00:00" />
<meta property="og:image" content="https://arxiusoberts.gir.cat/wp-content/uploads/2023/03/la_rambla_parada_de_fruita.jpeg" />
	<meta property="og:image:width" content="1085" />
	<meta property="og:image:height" content="788" />
	<meta property="og:image:type" content="image/jpeg" />
<meta name="twitter:card" content="summary_large_image" />
<meta name="twitter:label1" content="Temps estimat de lectura" />
	<meta name="twitter:data1" content="2 minuts" />
<script type="application/ld+json" class="yoast-schema-graph">{"@context":"https://schema.org","@graph":[{"@type":["WebPage","AboutPage"],"@id":"https://arxiusoberts.gir.cat/ca/qui-som/","url":"https://arxiusoberts.gir.cat/ca/qui-som/","name":"Qui som - Arxius Oberts","isPartOf":{"@id":"https://arxiusoberts.gir.cat/ca/#website"},"datePublished":"2020-11-03T15:14:28+00:00","dateModified":"2023-05-04T13:43:54+00:00","breadcrumb":{"@id":"https://arxiusoberts.gir.cat/ca/qui-som/#breadcrumb"},"inLanguage":"ca","potentialAction":[{"@type":"ReadAction","target":["https://arxiusoberts.gir.cat/ca/qui-som/"]}]},{"@type":"BreadcrumbList","@id":"https://arxiusoberts.gir.cat/ca/qui-som/#breadcrumb","itemListElement":[{"@type":"ListItem","position":1,"name":"Inici","item":"https://arxiusoberts.gir.cat/ca/"},{"@type":"ListItem","position":2,"name":"Qui som"}]},{"@type":"WebSite","@id":"https://arxiusoberts.gir.cat/ca/#website","url":"https://arxiusoberts.gir.cat/ca/","name":"Arxius Oberts","description":"Narratives comunitàries de Barcelona","potentialAction":[{"@type":"SearchAction","target":{"@type":"EntryPoint","urlTemplate":"https://arxiusoberts.gir.cat/ca/?s={search_term_string}"},"query-input":"required name=search_term_string"}],"inLanguage":"ca"}]}</script>
<!-- / Yoast SEO plugin. -->

El projecte Arxius Oberts té com a objectiu identificar i visibilitzar el conjunt d’arxius digitals culturals de valor públic existents a Barcelona, tant aquells gestionats des de les institucions i arxius municipals, com aquells gestionats pel teixit associatiu i ciutadà, difonent la idea dels arxius com a bé cultural comú. El projecte vol habilitar un [&hellip;]

Narratives comunitàries de Barcelona
